{"id":833,"date":"2016-10-13T19:04:31","date_gmt":"2016-10-13T19:04:31","guid":{"rendered":"http:\/\/www.vigilanterodoviario.com.br\/retro\/?page_id=833"},"modified":"2022-02-12T19:00:25","modified_gmt":"2022-02-12T19:00:25","slug":"imprensa","status":"publish","type":"page","link":"https:\/\/www.vigilanterodoviario.com.br\/retro\/imprensa\/","title":{"rendered":"Imprensa"},"content":{"rendered":"<p><iframe loading=\"lazy\" src=\"https:\/\/www.youtube.com\/embed\/ow5mpJ86P0I?rel=0\" width=\"590\" height=\"330\" frameborder=\"0\" allowfullscreen=\"allowfullscreen\"><\/iframe><\/p>\n\t<video id=\"wp_mep_1\" src=\"https:\/\/www.vigilanterodoviario.com.br\/retro\/wp-content\/uploads\/2022\/02\/1644692230-programa.mp4\"  width=\"590\" height=\"330\" poster=\"https:\/\/www.vigilanterodoviario.com.br\/retro\/wp-content\/uploads\/2022\/02\/1644692262-1644692230-programa_1.jpg\" controls=\"controls\" preload=\"none\"  >\r\n\t\t\r\n\t\t\r\n\t\t\r\n\t\t\r\n\t\t\r\n\t\t\r\n\t\t\r\n\t<\/video>\r\n<script type=\"text\/javascript\">\r\njQuery(document).ready(function($) {\r\n\t$('#wp_mep_1').mediaelementplayer({\r\n\t\tm:1\r\n\t\t\r\n\t\t,features: ['playpause','current','progress','duration','volume','tracks','fullscreen']\r\n\t\t\r\n\t});\r\n});\r\n<\/script>\r\n\n<p>Programa do J\u00f4 2006 &#8211; Juca Chaves fala de sua participa\u00e7\u00e3o no epis\u00f3dio &#8216;O Rapto do Juca&#8217;.<\/p>\n\t<video id=\"wp_mep_2\" src=\"http:\/\/www.vigilanterodoviario.com.br\/faustao.wmv\"  width=\"590\" height=\"330\"  controls=\"controls\" preload=\"true\"  >\r\n\t\t\r\n\t\t\r\n\t\t\r\n\t\t\r\n\t\t\r\n\t\t\r\n\t\t\r\n\t<\/video>\r\n<script type=\"text\/javascript\">\r\njQuery(document).ready(function($) {\r\n\t$('#wp_mep_2').mediaelementplayer({\r\n\t\tm:1\r\n\t\t\r\n\t\t,features: ['playpause','current','progress','duration','volume','tracks','fullscreen']\r\n\t\t\r\n\t});\r\n});\r\n<\/script>\r\n\n<p>Programa Doming\u00e3o do Faust\u00e3o 1993 &#8211; Chamada para o Fant\u00e1stico.<\/p>\n\t<video id=\"wp_mep_3\" src=\"http:\/\/www.vigilanterodoviario.com.br\/fantastico93.wmv\"  width=\"590\" height=\"330\"  controls=\"controls\" preload=\"true\"  >\r\n\t\t\r\n\t\t\r\n\t\t\r\n\t\t\r\n\t\t\r\n\t\t\r\n\t\t\r\n\t<\/video>\r\n<script type=\"text\/javascript\">\r\njQuery(document).ready(function($) {\r\n\t$('#wp_mep_3').mediaelementplayer({\r\n\t\tm:1\r\n\t\t\r\n\t\t,features: ['playpause','current','progress','duration','volume','tracks','fullscreen']\r\n\t\t\r\n\t});\r\n});\r\n<\/script>\r\n\n<p>Programa Fant\u00e1stico 1993 &#8211; &#8216;O sumi\u00e7o da s\u00e9rie&#8217;.<\/p>\n\t<video id=\"wp_mep_4\" src=\"http:\/\/www.vigilanterodoviario.com.br\/videoshow.wmv\"  width=\"590\" height=\"330\"  controls=\"controls\" preload=\"true\"  >\r\n\t\t\r\n\t\t\r\n\t\t\r\n\t\t\r\n\t\t\r\n\t\t\r\n\t\t\r\n\t<\/video>\r\n<script type=\"text\/javascript\">\r\njQuery(document).ready(function($) {\r\n\t$('#wp_mep_4').mediaelementplayer({\r\n\t\tm:1\r\n\t\t\r\n\t\t,features: ['playpause','current','progress','duration','volume','tracks','fullscreen']\r\n\t\t\r\n\t});\r\n});\r\n<\/script>\r\n\n<p>Programa V\u00eddeo Show 1996 &#8211; Apresenta\u00e7\u00e3o: Miguel Falabella<\/p>\n\t<video id=\"wp_mep_5\" src=\"http:\/\/www.vigilanterodoviario.com.br\/sesc.wmv\"  width=\"590\" height=\"330\"  controls=\"controls\" preload=\"true\"  >\r\n\t\t\r\n\t\t\r\n\t\t\r\n\t\t\r\n\t\t\r\n\t\t\r\n\t\t\r\n\t<\/video>\r\n<script type=\"text\/javascript\">\r\njQuery(document).ready(function($) {\r\n\t$('#wp_mep_5').mediaelementplayer({\r\n\t\tm:1\r\n\t\t\r\n\t\t,features: ['playpause','current','progress','duration','volume','tracks','fullscreen']\r\n\t\t\r\n\t});\r\n});\r\n<\/script>\r\n\n<p>Palestra no Sesc 2004 &#8211; Palestrantes: Ary Fernandes e Carlos Miranda<a href=\"https:\/\/www.vigilanterodoviario.com.br\/retro\/wp-content\/uploads\/2022\/02\/programa.wmv\">programa<\/a><\/p>\n\t<video id=\"wp_mep_6\" src=\"https:\/\/www.vigilanterodoviario.com.br\/retro\/wp-content\/uploads\/2022\/02\/1644692230-programa.mp4\"  width=\"590\" height=\"330\" poster=\"https:\/\/www.vigilanterodoviario.com.br\/retro\/wp-content\/uploads\/2022\/02\/1644692262-1644692230-programa_1.jpg\" controls=\"controls\" preload=\"none\"  >\r\n\t\t\r\n\t\t\r\n\t\t\r\n\t\t\r\n\t\t\r\n\t\t\r\n\t\t\r\n\t<\/video>\r\n<script type=\"text\/javascript\">\r\njQuery(document).ready(function($) {\r\n\t$('#wp_mep_6').mediaelementplayer({\r\n\t\tm:1\r\n\t\t\r\n\t\t,features: ['playpause','current','progress','duration','volume','tracks','fullscreen']\r\n\t\t\r\n\t});\r\n});\r\n<\/script>\r\n\n","protected":false},"excerpt":{"rendered":"<p>Programa do J\u00f4 2006 &#8211; Juca Chaves fala de sua participa\u00e7\u00e3o no epis\u00f3dio &#8216;O Rapto do Juca&#8217;. Programa Doming\u00e3o do Faust\u00e3o 1993 &#8211; Chamada para o Fant\u00e1stico. Programa Fant\u00e1stico 1993 &#8211; &#8216;O sumi\u00e7o da s\u00e9rie&#8217;. Programa V\u00eddeo Show 1996 &#8211; Apresenta\u00e7\u00e3o: Miguel Falabella Palestra no Sesc 2004 &#8211; Palestrantes: Ary Fernandes e Carlos Mirandaprograma<\/p>\n","protected":false},"author":2,"featured_media":0,"parent":0,"menu_order":0,"comment_status":"closed","ping_status":"closed","template":"","meta":{"footnotes":""},"class_list":["post-833","page","type-page","status-publish"],"_links":{"self":[{"href":"https:\/\/www.vigilanterodoviario.com.br\/retro\/wp-json\/wp\/v2\/pages\/833","targetHints":{"allow":["GET"]}}],"collection":[{"href":"https:\/\/www.vigilanterodoviario.com.br\/retro\/wp-json\/wp\/v2\/pages"}],"about":[{"href":"https:\/\/www.vigilanterodoviario.com.br\/retro\/wp-json\/wp\/v2\/types\/page"}],"author":[{"embeddable":true,"href":"https:\/\/www.vigilanterodoviario.com.br\/retro\/wp-json\/wp\/v2\/users\/2"}],"replies":[{"embeddable":true,"href":"https:\/\/www.vigilanterodoviario.com.br\/retro\/wp-json\/wp\/v2\/comments?post=833"}],"version-history":[{"count":1,"href":"https:\/\/www.vigilanterodoviario.com.br\/retro\/wp-json\/wp\/v2\/pages\/833\/revisions"}],"predecessor-version":[{"id":1403,"href":"https:\/\/www.vigilanterodoviario.com.br\/retro\/wp-json\/wp\/v2\/pages\/833\/revisions\/1403"}],"wp:attachment":[{"href":"https:\/\/www.vigilanterodoviario.com.br\/retro\/wp-json\/wp\/v2\/media?parent=833"}],"curies":[{"name":"wp","href":"https:\/\/api.w.org\/{rel}","templated":true}]}}

<p><iframe loading="lazy" src="https://www.youtube.com/embed/ow5mpJ86P0I?rel=0" width="590" height="330" frameborder="0" allowfullscreen="allowfullscreen"></iframe></p>
	<video id="wp_mep_1" src="https://www.vigilanterodoviario.com.br/retro/wp-content/uploads/2022/02/1644692230-programa.mp4"  width="590" height="330" poster="https://www.vigilanterodoviario.com.br/retro/wp-content/uploads/2022/02/1644692262-1644692230-programa_1.jpg" controls="controls" preload="none"  >
		
		
		
		
		
		
		
	</video>
<script type="text/javascript">
jQuery(document).ready(function($) {
	$('#wp_mep_1').mediaelementplayer({
		m:1
		
		,features: ['playpause','current','progress','duration','volume','tracks','fullscreen']
		
	});
});
</script>

<p>Programa do Jô 2006 &#8211; Juca Chaves fala de sua participação no episódio &#8216;O Rapto do Juca&#8217;.</p>
	<video id="wp_mep_2" src="http://www.vigilanterodoviario.com.br/faustao.wmv"  width="590" height="330"  controls="controls" preload="true"  >
		
		
		
		
		
		
		
	</video>
<script type="text/javascript">
jQuery(document).ready(function($) {
	$('#wp_mep_2').mediaelementplayer({
		m:1
		
		,features: ['playpause','current','progress','duration','volume','tracks','fullscreen']
		
	});
});
</script>

<p>Programa Domingão do Faustão 1993 &#8211; Chamada para o Fantástico.</p>
	<video id="wp_mep_3" src="http://www.vigilanterodoviario.com.br/fantastico93.wmv"  width="590" height="330"  controls="controls" preload="true"  >
		
		
		
		
		
		
		
	</video>
<script type="text/javascript">
jQuery(document).ready(function($) {
	$('#wp_mep_3').mediaelementplayer({
		m:1
		
		,features: ['playpause','current','progress','duration','volume','tracks','fullscreen']
		
	});
});
</script>

<p>Programa Fantástico 1993 &#8211; &#8216;O sumiço da série&#8217;.</p>
	<video id="wp_mep_4" src="http://www.vigilanterodoviario.com.br/videoshow.wmv"  width="590" height="330"  controls="controls" preload="true"  >
		
		
		
		
		
		
		
	</video>
<script type="text/javascript">
jQuery(document).ready(function($) {
	$('#wp_mep_4').mediaelementplayer({
		m:1
		
		,features: ['playpause','current','progress','duration','volume','tracks','fullscreen']
		
	});
});
</script>

<p>Programa Vídeo Show 1996 &#8211; Apresentação: Miguel Falabella</p>
	<video id="wp_mep_5" src="http://www.vigilanterodoviario.com.br/sesc.wmv"  width="590" height="330"  controls="controls" preload="true"  >
		
		
		
		
		
		
		
	</video>
<script type="text/javascript">
jQuery(document).ready(function($) {
	$('#wp_mep_5').mediaelementplayer({
		m:1
		
		,features: ['playpause','current','progress','duration','volume','tracks','fullscreen']
		
	});
});
</script>

<p>Palestra no Sesc 2004 &#8211; Palestrantes: Ary Fernandes e Carlos Miranda<a href="https://www.vigilanterodoviario.com.br/retro/wp-content/uploads/2022/02/programa.wmv">programa</a></p>
	<video id="wp_mep_6" src="https://www.vigilanterodoviario.com.br/retro/wp-content/uploads/2022/02/1644692230-programa.mp4"  width="590" height="330" poster="https://www.vigilanterodoviario.com.br/retro/wp-content/uploads/2022/02/1644692262-1644692230-programa_1.jpg" controls="controls" preload="none"  >
		
		
		
		
		
		
		
	</video>
<script type="text/javascript">
jQuery(document).ready(function($) {
	$('#wp_mep_6').mediaelementplayer({
		m:1
		
		,features: ['playpause','current','progress','duration','volume','tracks','fullscreen']
		
	});
});
</script>

<p>Programa do Jô 2006 &#8211; Juca Chaves fala de sua participação no episódio &#8216;O Rapto do Juca&#8217;. Programa Domingão do Faustão 1993 &#8211; Chamada para o Fantástico. Programa Fantástico 1993 &#8211; &#8216;O sumiço da série&#8217;. Programa Vídeo Show 1996 &#8211; Apresentação: Miguel Falabella Palestra no Sesc 2004 &#8211; Palestrantes: Ary Fernandes e Carlos Mirandaprograma</p>
