{"id":794,"date":"2016-10-11T13:14:50","date_gmt":"2016-10-11T13:14:50","guid":{"rendered":"http:\/\/www.vigilanterodoviario.com.br\/retro\/?page_id=794"},"modified":"2016-10-11T14:18:53","modified_gmt":"2016-10-11T14:18:53","slug":"som","status":"publish","type":"page","link":"https:\/\/www.vigilanterodoviario.com.br\/retro\/som\/","title":{"rendered":"Som"},"content":{"rendered":"<p>\t<audio id=\"wp_mep_1\" src=\"http:\/\/www.vigilanterodoviario.com.br\/vigilante.wma\"     controls=\"controls\" preload=\"none\"  >\r\n\t\t\r\n\t\t\r\n\t\t\r\n\t\t\r\n\t\t\r\n\t\t\r\n\t\t\r\n\t<\/audio>\r\n<script type=\"text\/javascript\">\r\njQuery(document).ready(function($) {\r\n\t$('#wp_mep_1').mediaelementplayer({\r\n\t\tm:1\r\n\t\t\r\n\t\t,features: ['playpause','current','progress','duration','volume','tracks','fullscreen']\r\n\t\t,audioWidth:590,audioHeight:150\r\n\t});\r\n});\r\n<\/script>\r\nCan\u00e7\u00e3o Tema da s\u00e9rie: &#8220;O Vigilante Rodovi\u00e1rio\u00ae&#8221; &#8211; Autor : Ary Fernandes<\/p>\n<p>\t<audio id=\"wp_mep_2\" src=\"http:\/\/www.vigilanterodoviario.com.br\/hinodopatrulheiro.wma\"     controls=\"controls\" preload=\"none\"  >\r\n\t\t\r\n\t\t\r\n\t\t\r\n\t\t\r\n\t\t\r\n\t\t\r\n\t\t\r\n\t<\/audio>\r\n<script type=\"text\/javascript\">\r\njQuery(document).ready(function($) {\r\n\t$('#wp_mep_2').mediaelementplayer({\r\n\t\tm:1\r\n\t\t\r\n\t\t,features: ['playpause','current','progress','duration','volume','tracks','fullscreen']\r\n\t\t,audioWidth:590,audioHeight:150\r\n\t});\r\n});\r\n<\/script>\r\n Hino do Patrulheiro &#8211; Autor : Ary Fernandes<\/p>\n<p>\t<audio id=\"wp_mep_3\" src=\"http:\/\/www.vigilanterodoviario.com.br\/vigilanterodoviario-branco.mp3\"     controls=\"controls\" preload=\"none\"  >\r\n\t\t\r\n\t\t\r\n\t\t\r\n\t\t\r\n\t\t\r\n\t\t\r\n\t\t\r\n\t<\/audio>\r\n<script type=\"text\/javascript\">\r\njQuery(document).ready(function($) {\r\n\t$('#wp_mep_3').mediaelementplayer({\r\n\t\tm:1\r\n\t\t\r\n\t\t,features: ['playpause','current','progress','duration','volume','tracks','fullscreen']\r\n\t\t,audioWidth:590,audioHeight:150\r\n\t});\r\n});\r\n<\/script>\r\nCan\u00e7\u00e3o do Vigilante Rodovi\u00e1rio\u00ae, interpretada pelo vocalista dos TIT\u00c3S, Branco Mello &#8211; Autor : Ary Fernandes<\/p>\n<p>\t<audio id=\"wp_mep_4\" src=\"http:\/\/www.vigilanterodoviario.com.br\/Vigilante_Rodoviario_Joelho_de_Porco.wmv\"     controls=\"controls\" preload=\"none\"  >\r\n\t\t\r\n\t\t\r\n\t\t\r\n\t\t\r\n\t\t\r\n\t\t\r\n\t\t\r\n\t<\/audio>\r\n<script type=\"text\/javascript\">\r\njQuery(document).ready(function($) {\r\n\t$('#wp_mep_4').mediaelementplayer({\r\n\t\tm:1\r\n\t\t\r\n\t\t,features: ['playpause','current','progress','duration','volume','tracks','fullscreen']\r\n\t\t,audioWidth:590,audioHeight:150\r\n\t});\r\n});\r\n<\/script>\r\nCan\u00e7\u00e3o do Vigilante Rodovi\u00e1rio\u00ae, interpretada pela banda Joelho de Porco &#8211; Autor: Ary Fernandes<\/p>\n","protected":false},"excerpt":{"rendered":"<p>Can\u00e7\u00e3o Tema da s\u00e9rie: &#8220;O Vigilante Rodovi\u00e1rio\u00ae&#8221; &#8211; Autor : Ary Fernandes Hino do Patrulheiro &#8211; Autor : Ary Fernandes Can\u00e7\u00e3o do Vigilante Rodovi\u00e1rio\u00ae, interpretada pelo vocalista dos TIT\u00c3S, Branco Mello &#8211; Autor : Ary Fernandes Can\u00e7\u00e3o do Vigilante Rodovi\u00e1rio\u00ae, interpretada pela banda Joelho de Porco &#8211; Autor: Ary Fernandes<\/p>\n","protected":false},"author":2,"featured_media":0,"parent":0,"menu_order":0,"comment_status":"closed","ping_status":"closed","template":"","meta":{"footnotes":""},"class_list":["post-794","page","type-page","status-publish"],"_links":{"self":[{"href":"https:\/\/www.vigilanterodoviario.com.br\/retro\/wp-json\/wp\/v2\/pages\/794","targetHints":{"allow":["GET"]}}],"collection":[{"href":"https:\/\/www.vigilanterodoviario.com.br\/retro\/wp-json\/wp\/v2\/pages"}],"about":[{"href":"https:\/\/www.vigilanterodoviario.com.br\/retro\/wp-json\/wp\/v2\/types\/page"}],"author":[{"embeddable":true,"href":"https:\/\/www.vigilanterodoviario.com.br\/retro\/wp-json\/wp\/v2\/users\/2"}],"replies":[{"embeddable":true,"href":"https:\/\/www.vigilanterodoviario.com.br\/retro\/wp-json\/wp\/v2\/comments?post=794"}],"version-history":[{"count":0,"href":"https:\/\/www.vigilanterodoviario.com.br\/retro\/wp-json\/wp\/v2\/pages\/794\/revisions"}],"wp:attachment":[{"href":"https:\/\/www.vigilanterodoviario.com.br\/retro\/wp-json\/wp\/v2\/media?parent=794"}],"curies":[{"name":"wp","href":"https:\/\/api.w.org\/{rel}","templated":true}]}}

<p>	<audio id="wp_mep_1" src="http://www.vigilanterodoviario.com.br/vigilante.wma"     controls="controls" preload="none"  >
		
		
		
		
		
		
		
	</audio>
<script type="text/javascript">
jQuery(document).ready(function($) {
	$('#wp_mep_1').mediaelementplayer({
		m:1
		
		,features: ['playpause','current','progress','duration','volume','tracks','fullscreen']
		,audioWidth:590,audioHeight:150
	});
});
</script>
Canção Tema da série: &#8220;O Vigilante Rodoviário®&#8221; &#8211; Autor : Ary Fernandes</p>
<p>	<audio id="wp_mep_2" src="http://www.vigilanterodoviario.com.br/hinodopatrulheiro.wma"     controls="controls" preload="none"  >
		
		
		
		
		
		
		
	</audio>
<script type="text/javascript">
jQuery(document).ready(function($) {
	$('#wp_mep_2').mediaelementplayer({
		m:1
		
		,features: ['playpause','current','progress','duration','volume','tracks','fullscreen']
		,audioWidth:590,audioHeight:150
	});
});
</script>
 Hino do Patrulheiro &#8211; Autor : Ary Fernandes</p>
<p>	<audio id="wp_mep_3" src="http://www.vigilanterodoviario.com.br/vigilanterodoviario-branco.mp3"     controls="controls" preload="none"  >
		
		
		
		
		
		
		
	</audio>
<script type="text/javascript">
jQuery(document).ready(function($) {
	$('#wp_mep_3').mediaelementplayer({
		m:1
		
		,features: ['playpause','current','progress','duration','volume','tracks','fullscreen']
		,audioWidth:590,audioHeight:150
	});
});
</script>
Canção do Vigilante Rodoviário®, interpretada pelo vocalista dos TITÃS, Branco Mello &#8211; Autor : Ary Fernandes</p>
<p>	<audio id="wp_mep_4" src="http://www.vigilanterodoviario.com.br/Vigilante_Rodoviario_Joelho_de_Porco.wmv"     controls="controls" preload="none"  >
		
		
		
		
		
		
		
	</audio>
<script type="text/javascript">
jQuery(document).ready(function($) {
	$('#wp_mep_4').mediaelementplayer({
		m:1
		
		,features: ['playpause','current','progress','duration','volume','tracks','fullscreen']
		,audioWidth:590,audioHeight:150
	});
});
</script>
Canção do Vigilante Rodoviário®, interpretada pela banda Joelho de Porco &#8211; Autor: Ary Fernandes</p>

<p>Canção Tema da série: &#8220;O Vigilante Rodoviário®&#8221; &#8211; Autor : Ary Fernandes Hino do Patrulheiro &#8211; Autor : Ary Fernandes Canção do Vigilante Rodoviário®, interpretada pelo vocalista dos TITÃS, Branco Mello &#8211; Autor : Ary Fernandes Canção do Vigilante Rodoviário®, interpretada pela banda Joelho de Porco &#8211; Autor: Ary Fernandes</p>
