{"id":779,"date":"2016-10-11T01:22:58","date_gmt":"2016-10-11T01:22:58","guid":{"rendered":"http:\/\/www.vigilanterodoviario.com.br\/retro\/?page_id=779"},"modified":"2016-10-11T01:37:21","modified_gmt":"2016-10-11T01:37:21","slug":"videos-3a-parte","status":"publish","type":"page","link":"https:\/\/www.vigilanterodoviario.com.br\/retro\/videos-3a-parte\/","title":{"rendered":"V\u00eddeos 3\u00aa Parte"},"content":{"rendered":"<p>\t<video id=\"wp_mep_1\" src=\"http:\/\/www.vigilanterodoviario.com.br\/aryfernandes\/videoshow10.wmv\" type=\"video\/wmv\" width=\"590\" height=\"330\" poster=\"http:\/\/www.vigilanterodoviario.com.br\/retro\/wp-content\/uploads\/2016\/09\/122969c.jpg\" controls=\"controls\" preload=\"true\" autoplay=\"false\" >\r\n\t\t\r\n\t\t\r\n\t\t\r\n\t\t\r\n\t\t\r\n\t\t\r\n\t\t\r\n\t<\/video>\r\n<script type=\"text\/javascript\">\r\njQuery(document).ready(function($) {\r\n\t$('#wp_mep_1').mediaelementplayer({\r\n\t\tm:1\r\n\t\t\r\n\t\t,features: ['playpause','current','progress','duration','volume','tracks','fullscreen']\r\n\t\t\r\n\t});\r\n});\r\n<\/script>\r\n Programa: V\u00eddeo Show 10 Anos &#8211; REDE GLOBO de TELEVIS\u00c3O &#8211; Apresentado por Miguel Falabella<br \/>\nHomenagem:  Ary Fernandes e a s\u00e9rie Vigilante Rodovi\u00e1rio\u00ae 24\/04\/1993<\/p>\n<p>\t<video id=\"wp_mep_2\" src=\"http:\/\/www.vigilanterodoviario.com.br\/aryfernandes\/fantastico-25-10-1993.wmv\" type=\"video\/wmv\" width=\"590\" height=\"330\" poster=\"http:\/\/www.vigilanterodoviario.com.br\/retro\/wp-content\/uploads\/2016\/09\/122968.jpg\" controls=\"controls\" preload=\"true\" autoplay=\"false\" >\r\n\t\t\r\n\t\t\r\n\t\t\r\n\t\t\r\n\t\t\r\n\t\t\r\n\t\t\r\n\t<\/video>\r\n<script type=\"text\/javascript\">\r\njQuery(document).ready(function($) {\r\n\t$('#wp_mep_2').mediaelementplayer({\r\n\t\tm:1\r\n\t\t\r\n\t\t,features: ['playpause','current','progress','duration','volume','tracks','fullscreen']\r\n\t\t\r\n\t});\r\n});\r\n<\/script>\r\n<br \/>\nFant\u00e1stico REDE GLOBO DE TELEVIS\u00c3O<br \/>\nOdilon Coutinho entrevista Ary Fernandes 25\/10\/1993<\/p>\n<p>\t<video id=\"wp_mep_3\" src=\"http:\/\/www.vigilanterodoviario.com.br\/aryfernandes\/50_anos_TV%20.wmv\" type=\"video\/wmv\" width=\"590\" height=\"330\" poster=\"http:\/\/www.vigilanterodoviario.com.br\/retro\/wp-content\/uploads\/2016\/09\/122968c.jpg\" controls=\"controls\" preload=\"true\" autoplay=\"false\" >\r\n\t\t\r\n\t\t\r\n\t\t\r\n\t\t\r\n\t\t\r\n\t\t\r\n\t\t\r\n\t<\/video>\r\n<script type=\"text\/javascript\">\r\njQuery(document).ready(function($) {\r\n\t$('#wp_mep_3').mediaelementplayer({\r\n\t\tm:1\r\n\t\t\r\n\t\t,features: ['playpause','current','progress','duration','volume','tracks','fullscreen']\r\n\t\t\r\n\t});\r\n});\r\n<\/script>\r\n<br \/>\nHomenagem Comemora\u00e7\u00e3o &#8220;50 Anos da TV Brasileira&#8221; &#8211; REDE GLOBO DE TELEVIS\u00c3O<br \/>\nApresentado por Elias Gleiser, com Susana Vieira, T\u00f4nico Pereira e grande elenco.<\/p>\n<p>\t<video id=\"wp_mep_4\" src=\"http:\/\/www.vigilanterodoviario.com.br\/aryfernandes\/tv50anos-1.wmv\" type=\"video\/wmv\" width=\"590\" height=\"330\" poster=\"http:\/\/www.vigilanterodoviario.com.br\/retro\/wp-content\/uploads\/2016\/09\/122968d.jpg\" controls=\"controls\" preload=\"true\" autoplay=\"false\" >\r\n\t\t\r\n\t\t\r\n\t\t\r\n\t\t\r\n\t\t\r\n\t\t\r\n\t\t\r\n\t<\/video>\r\n<script type=\"text\/javascript\">\r\njQuery(document).ready(function($) {\r\n\t$('#wp_mep_4').mediaelementplayer({\r\n\t\tm:1\r\n\t\t\r\n\t\t,features: ['playpause','current','progress','duration','volume','tracks','fullscreen']\r\n\t\t\r\n\t});\r\n});\r\n<\/script>\r\n<br \/>\nVinheta TV 50 Anos\/TV Globo 35 Anos &#8211; Rede Globo de Televis\u00e3o<br \/>\nNarra\u00e7\u00e3o: Luciano Szafir &#8211; setembro\/2000<\/p>\n<p>\t<video id=\"wp_mep_5\" src=\"http:\/\/www.vigilanterodoviario.com.br\/aryfernandes\/videoshow21-11-96.wmv\" type=\"video\/wmv\" width=\"590\" height=\"330\" poster=\"http:\/\/www.vigilanterodoviario.com.br\/retro\/wp-content\/uploads\/2016\/09\/122968e.jpg\" controls=\"controls\" preload=\"true\" autoplay=\"false\" >\r\n\t\t\r\n\t\t\r\n\t\t\r\n\t\t\r\n\t\t\r\n\t\t\r\n\t\t\r\n\t<\/video>\r\n<script type=\"text\/javascript\">\r\njQuery(document).ready(function($) {\r\n\t$('#wp_mep_5').mediaelementplayer({\r\n\t\tm:1\r\n\t\t\r\n\t\t,features: ['playpause','current','progress','duration','volume','tracks','fullscreen']\r\n\t\t\r\n\t});\r\n});\r\n<\/script>\r\n<br \/>\nV\u00eddeo Show &#8211; Rede Globo de Televis\u00e3o<br \/>\nHomenagem e apresenta\u00e7\u00e3o: Miguel Falabella 21\/11\/1996<\/p>\n<p>\t<video id=\"wp_mep_6\" src=\"http:\/\/www.vigilanterodoviario.com.br\/aryfernandes\/vigilanteferroviario1.wmv\" type=\"video\/wmv\" width=\"590\" height=\"330\" poster=\"http:\/\/www.vigilanterodoviario.com.br\/retro\/wp-content\/uploads\/2016\/09\/122967a.jpg\" controls=\"controls\" preload=\"true\" autoplay=\"false\" >\r\n\t\t\r\n\t\t\r\n\t\t\r\n\t\t\r\n\t\t\r\n\t\t\r\n\t\t\r\n\t<\/video>\r\n<script type=\"text\/javascript\">\r\njQuery(document).ready(function($) {\r\n\t$('#wp_mep_6').mediaelementplayer({\r\n\t\tm:1\r\n\t\t\r\n\t\t,features: ['playpause','current','progress','duration','volume','tracks','fullscreen']\r\n\t\t\r\n\t});\r\n});\r\n<\/script>\r\n<br \/>\nTV PIRATA &#8211; REDE GLOBO DE TELEVIS\u00c3O<br \/>\n &#8220;O Vigilante Ferrovi\u00e1rio&#8221; com Diogo Vilela, Pedro Paulo Rangel e Guilherme Karan<br \/>\nS\u00e1tira da s\u00e9rie Vigilante Rodovi\u00e1rio\u00ae criada por Ary Fernandes<\/p>\n<p>\t<video id=\"wp_mep_7\" src=\"http:\/\/www.vigilanterodoviario.com.br\/aryfernandes\/vigilanteferroviario2.wmv\" type=\"video\/wmv\" width=\"590\" height=\"330\" poster=\"http:\/\/www.vigilanterodoviario.com.br\/retro\/wp-content\/uploads\/2016\/09\/122967b.jpg\" controls=\"controls\" preload=\"true\" autoplay=\"false\" >\r\n\t\t\r\n\t\t\r\n\t\t\r\n\t\t\r\n\t\t\r\n\t\t\r\n\t\t\r\n\t<\/video>\r\n<script type=\"text\/javascript\">\r\njQuery(document).ready(function($) {\r\n\t$('#wp_mep_7').mediaelementplayer({\r\n\t\tm:1\r\n\t\t\r\n\t\t,features: ['playpause','current','progress','duration','volume','tracks','fullscreen']\r\n\t\t\r\n\t});\r\n});\r\n<\/script>\r\n<br \/>\nTV PIRATA &#8211; REDE GLOBO DE TELEVIS\u00c3O<br \/>\n&#8220;O Vigilante Ferrovi\u00e1rio&#8221; com Diogo Vilela, Lu\u00eds Fernando Guimar\u00e3es e D\u00e9borah Bloch<br \/>\nS\u00e1tira da s\u00e9rie Vigilante Rodovi\u00e1rio\u00ae criada por Ary Fernandes<\/p>\n<p>\t<video id=\"wp_mep_8\" src=\"http:\/\/www.vigilanterodoviario.com.br\/aryfernandes\/vigilantedopeso.wmv\" type=\"video\/wmv\" width=\"590\" height=\"330\" poster=\"http:\/\/www.vigilanterodoviario.com.br\/retro\/wp-content\/uploads\/2016\/09\/122967c.jpg\" controls=\"controls\" preload=\"true\" autoplay=\"false\" >\r\n\t\t\r\n\t\t\r\n\t\t\r\n\t\t\r\n\t\t\r\n\t\t\r\n\t\t\r\n\t<\/video>\r\n<script type=\"text\/javascript\">\r\njQuery(document).ready(function($) {\r\n\t$('#wp_mep_8').mediaelementplayer({\r\n\t\tm:1\r\n\t\t\r\n\t\t,features: ['playpause','current','progress','duration','volume','tracks','fullscreen']\r\n\t\t\r\n\t});\r\n});\r\n<\/script>\r\n<br \/>\nTV PIRATA &#8211; REDE GLOBO DE TELEVIS\u00c3O<br \/>\n &#8220;O Vigilante do Peso&#8221; com Guilherme Karan, Cl\u00e1udia Raia e Cristina Pereira<br \/>\nS\u00e1tira da s\u00e9rie Vigilante Rodovi\u00e1rio\u00ae criada por Ary Fernandes<\/p>\n<p>\t<video id=\"wp_mep_9\" src=\"http:\/\/www.vigilanterodoviario.com.br\/aryfernandes\/muvuca-13-06-2000.wmv\" type=\"video\/wmv\" width=\"590\" height=\"330\" poster=\"http:\/\/www.vigilanterodoviario.com.br\/retro\/wp-content\/uploads\/2016\/09\/122967d.jpg\" controls=\"controls\" preload=\"true\" autoplay=\"false\" >\r\n\t\t\r\n\t\t\r\n\t\t\r\n\t\t\r\n\t\t\r\n\t\t\r\n\t\t\r\n\t<\/video>\r\n<script type=\"text\/javascript\">\r\njQuery(document).ready(function($) {\r\n\t$('#wp_mep_9').mediaelementplayer({\r\n\t\tm:1\r\n\t\t\r\n\t\t,features: ['playpause','current','progress','duration','volume','tracks','fullscreen']\r\n\t\t\r\n\t});\r\n});\r\n<\/script>\r\n<br \/>\nPrograma: MUVUCA Rede Globo de Televis\u00e3o<br \/>\nApresentado por Regina Cas\u00e9 13\/06\/2000<br \/>\nHomenagem \u00e0 s\u00e9rie idealizada e criada por Ary Fernandes<\/p>\n","protected":false},"excerpt":{"rendered":"<p>Programa: V\u00eddeo Show 10 Anos &#8211; REDE GLOBO de TELEVIS\u00c3O &#8211; Apresentado por Miguel Falabella Homenagem: Ary Fernandes e a s\u00e9rie Vigilante Rodovi\u00e1rio\u00ae 24\/04\/1993 Fant\u00e1stico REDE GLOBO DE TELEVIS\u00c3O Odilon Coutinho entrevista Ary Fernandes 25\/10\/1993 Homenagem Comemora\u00e7\u00e3o &#8220;50 Anos da TV Brasileira&#8221; &#8211; REDE GLOBO DE TELEVIS\u00c3O Apresentado por Elias Gleiser, com Susana Vieira, T\u00f4nico &#8230; <a title=\"V\u00eddeos 3\u00aa Parte\" class=\"read-more\" href=\"https:\/\/www.vigilanterodoviario.com.br\/retro\/videos-3a-parte\/\">Acesse aqui<span class=\"screen-reader-text\">V\u00eddeos 3\u00aa Parte<\/span><\/a><\/p>\n","protected":false},"author":2,"featured_media":0,"parent":0,"menu_order":0,"comment_status":"closed","ping_status":"closed","template":"","meta":{"footnotes":""},"class_list":["post-779","page","type-page","status-publish"],"_links":{"self":[{"href":"https:\/\/www.vigilanterodoviario.com.br\/retro\/wp-json\/wp\/v2\/pages\/779","targetHints":{"allow":["GET"]}}],"collection":[{"href":"https:\/\/www.vigilanterodoviario.com.br\/retro\/wp-json\/wp\/v2\/pages"}],"about":[{"href":"https:\/\/www.vigilanterodoviario.com.br\/retro\/wp-json\/wp\/v2\/types\/page"}],"author":[{"embeddable":true,"href":"https:\/\/www.vigilanterodoviario.com.br\/retro\/wp-json\/wp\/v2\/users\/2"}],"replies":[{"embeddable":true,"href":"https:\/\/www.vigilanterodoviario.com.br\/retro\/wp-json\/wp\/v2\/comments?post=779"}],"version-history":[{"count":0,"href":"https:\/\/www.vigilanterodoviario.com.br\/retro\/wp-json\/wp\/v2\/pages\/779\/revisions"}],"wp:attachment":[{"href":"https:\/\/www.vigilanterodoviario.com.br\/retro\/wp-json\/wp\/v2\/media?parent=779"}],"curies":[{"name":"wp","href":"https:\/\/api.w.org\/{rel}","templated":true}]}}