{"id":745,"date":"2016-10-04T19:56:20","date_gmt":"2016-10-04T19:56:20","guid":{"rendered":"http:\/\/www.vigilanterodoviario.com.br\/retro\/?page_id=745"},"modified":"2016-10-05T13:26:39","modified_gmt":"2016-10-05T13:26:39","slug":"imagens-2","status":"publish","type":"page","link":"https:\/\/www.vigilanterodoviario.com.br\/retro\/imagens-2\/","title":{"rendered":"Imagens"},"content":{"rendered":"<p><div class='content-column one_third'><a href=\"http:\/\/www.vigilanterodoviario.com.br\/ary.jpg\"><img decoding=\"async\" src=\"http:\/\/www.vigilanterodoviario.com.br\/ary.jpg\" width=\"280\" alt=\"Ary Fernandes dirigindo o Vigilante Rodovi\u00e1rio\u00ae\" class=\"alignleft\" \/><\/a><\/div><div class='content-column one_third'><a href=\"http:\/\/www.vigilanterodoviario.com.br\/ary12.jpg\"><img decoding=\"async\" src=\"http:\/\/www.vigilanterodoviario.com.br\/ary12.jpg\" width=\"280\" alt=\"Ary Fernandes, Rosa Maria Murtinho e equipe\" class=\"alignleft\" \/><\/a><\/div><div class='content-column one_third last_column'><img decoding=\"async\" src=\"http:\/\/www.vigilanterodoviario.com.br\/ary14.jpg\" width=\"280\" alt=\"Governador do Paran\u00e1, Ney Braga com Ary Fernandes e Carlos Miranda\" class=\"alignleft\" \/><\/div><div class='clear_column'><\/div><\/p>\n<p><a href=\"http:\/\/www.vigilanterodoviario.com.br\/ary17.jpg\"><img decoding=\"async\" src=\"http:\/\/www.vigilanterodoviario.com.br\/ary17.jpg\" width=\"280\" alt=\"Ary Fernandes e Tony Campello nas filmagens\" class=\"alignleft\" \/><\/a><div class='content-column one_third'><a href=\"http:\/\/www.vigilanterodoviario.com.br\/ary18.jpg\"><img decoding=\"async\" src=\"http:\/\/www.vigilanterodoviario.com.br\/ary18.jpg\" width=\"280\" alt=\"Lobo em cena\" class=\"alignleft\" \/><\/a><\/div><div class='content-column one_third last_column'><a href=\"http:\/\/www.vigilanterodoviario.com.br\/arynocomando.jpg\"><img decoding=\"async\" src=\"http:\/\/www.vigilanterodoviario.com.br\/arynocomando.jpg\" width=\"280\" alt=\"Ary Fernandes, Carlos e Lobo. Comando da Pol\u00edcia Rodovi\u00e1ria Ga\u00facha\" class=\"alignleft\" \/><\/a><\/div><div class='clear_column'><\/div><\/p>\n<p><div class='content-column one_third'><a href=\"http:\/\/www.vigilanterodoviario.com.br\/aryeequipevg11.jpg\"><img decoding=\"async\" src=\"http:\/\/www.vigilanterodoviario.com.br\/aryeequipevg11.jpg\" width=\"280\" alt=\"Descontra\u00e7\u00e3o em um rio durante as filmagens do Vigilante Rodovi\u00e1rio\u00ae\" class=\"alignleft\" \/><\/a><\/div><div class='content-column one_third'><a href=\"http:\/\/www.vigilanterodoviario.com.br\/cena_vr_cangaceiro.jpg\"><img decoding=\"async\" src=\"http:\/\/www.vigilanterodoviario.com.br\/cena_vr_cangaceiro.jpg\" width=\"280\" alt=\"Milton Ribeiro e M\u00e1rcia Cardeal. Vigilante Rodovi\u00e1rio\u00ae\" class=\"alignleft\" \/><\/a><\/div><div class='content-column one_third last_column'><a href=\"http:\/\/www.vigilanterodoviario.com.br\/ary1.jpg\"><img decoding=\"async\" src=\"http:\/\/www.vigilanterodoviario.com.br\/ary1.jpg\" width=\"280\" alt=\"Carlos Miranda e Lobo. Visita ao Jornal o Dia\" class=\"alignleft\" \/><\/a><\/div><div class='clear_column'><\/div><\/p>\n<p><div class='content-column one_third'><a href=\"http:\/\/www.vigilanterodoviario.com.br\/ary2.jpg\"><img decoding=\"async\" src=\"http:\/\/www.vigilanterodoviario.com.br\/ary2.jpg\" width=\"280\" alt=\"Apresenta\u00e7\u00e3o na Norton para a Nestl\u00ea\" class=\"alignleft\" \/><\/a><\/div><div class='content-column one_third'><a href=\"http:\/\/www.vigilanterodoviario.com.br\/ary9.jpg\"><img decoding=\"async\" src=\"http:\/\/www.vigilanterodoviario.com.br\/ary9.jpg\" width=\"280\" alt=\"Carlos Miranda e Lobo: Apresenta\u00e7\u00e3o na Bahia\" class=\"alignleft\" \/><\/a><\/div><div class='content-column one_third last_column'><a href=\"http:\/\/www.vigilanterodoviario.com.br\/ary20.jpg\"><img decoding=\"async\" src=\"http:\/\/www.vigilanterodoviario.com.br\/ary20.jpg\" width=\"280\" alt=\" Lobo e Gasolina. Epis\u00f3dio: Bola de Meia\" class=\"alignleft\" \/><\/a><\/div><div class='clear_column'><\/div><\/p>\n<p><div class='content-column one_third'><a href=\"http:\/\/www.vigilanterodoviario.com.br\/tuca1.jpg\"><img decoding=\"async\" src=\"http:\/\/www.vigilanterodoviario.com.br\/tuca1.jpg\" width=\"280\" alt=\"Vigilante Rodovi\u00e1rio\u00ae revelou grandes talentos Milton Gon\u00e7alves. Epis\u00f3dio: Aventuras de Tuca\" class=\"alignleft\" \/><\/a><\/div><div class='content-column one_third'><a href=\"http:\/\/www.vigilanterodoviario.com.br\/terras7.jpg\"><img decoding=\"async\" src=\"http:\/\/www.vigilanterodoviario.com.br\/terras7.jpg\" width=\"280\" alt=\"Vigilante Rodovi\u00e1rio\u00ae revelou grandes talentos Stenio Garcia. Epis\u00f3dio: Terras de Ningu\u00e9m\" class=\"alignleft\" \/><\/a><\/div><div class='content-column one_third last_column'><a href=\"http:\/\/www.vigilanterodoviario.com.br\/fulvio3.jpg\"><img decoding=\"async\" src=\"http:\/\/www.vigilanterodoviario.com.br\/fulvio3.jpg\" width=\"280\" alt=\"Vigilante Rodovi\u00e1rio\u00ae revelou grandes talentos F\u00falvio Stefanini.\" class=\"alignleft\" \/><\/a><\/div><div class='clear_column'><\/div><\/p>\n<p><div class='content-column one_third'><a href=\"http:\/\/www.vigilanterodoviario.com.br\/reporter.jpg\"><img decoding=\"async\" src=\"http:\/\/www.vigilanterodoviario.com.br\/reporter.jpg\" width=\"280\" alt=\"Vigilante Rodovi\u00e1rio\u00ae revelou grandes talentos Rosa Maria Murtinho. Epis\u00f3dio: A Rep\u00f3rter\" class=\"alignleft\" \/><\/a><\/div><div class='content-column one_third'><a href=\"http:\/\/www.vigilanterodoviario.com.br\/aryfontoura.jpg\"><img decoding=\"async\" src=\"http:\/\/www.vigilanterodoviario.com.br\/aryfontoura.jpg\" width=\"280\" alt=\"Vigilante Rodovi\u00e1rio\u00ae revelou grandes talentos Ary Fontoura e Maur\u00edcio T\u00e1vora. Epis\u00f3dio: Aventura em Vila Velha\" class=\"alignleft\" \/><\/a><\/div><div class='content-column one_third last_column'><a href=\"http:\/\/www.vigilanterodoviario.com.br\/jucachaves.jpg\"><img decoding=\"async\" src=\"http:\/\/www.vigilanterodoviario.com.br\/jucachaves.jpg\" width=\"280\" alt=\"Vigilante Rodovi\u00e1rio\u00ae revelou grandes talentos Juca Chaves. Epis\u00f3dio: O Rapto do Juca\" class=\"alignleft\" \/><\/a><\/div><div class='clear_column'><\/div><\/p>\n<p><div class='content-column one_third'><a href=\"http:\/\/www.vigilanterodoviario.com.br\/vra4.jpg\"><img decoding=\"async\" src=\"http:\/\/www.vigilanterodoviario.com.br\/vra4.jpg\" width=\"280\" alt=\"Vigilante Rodovi\u00e1rio\u00ae revelou grandes talentos Etty Frazer. Epis\u00f3dio: O Rapto do Juca\" class=\"alignleft\" \/><\/a><\/div><div class='content-column one_third'><a href=\"http:\/\/www.vigilanterodoviario.com.br\/inventor3.jpg\"><img decoding=\"async\" src=\"http:\/\/www.vigilanterodoviario.com.br\/inventor3.jpg\" width=\"280\" alt=\"Vigilante Rodovi\u00e1rio\u00ae revelou grandes talentos Geraldo Del Rey. Epis\u00f3dio: O Inventor\" class=\"alignnone\" \/><\/a><\/div><div class='content-column one_third last_column'><a href=\"http:\/\/www.vigilanterodoviario.com.br\/extorsao2.jpg\"><img decoding=\"async\" src=\"http:\/\/www.vigilanterodoviario.com.br\/extorsao2.jpg\" width=\"280\" alt=\"Vigilante Rodovi\u00e1rio\u00ae revelou grandes talentos Tony Campello. Epis\u00f3dio: A Extors\u00e3o\" class=\"alignleft\" \/><\/a><\/div><div class='clear_column'><\/div><\/p>\n<p><div class='content-column one_third'><a href=\"http:\/\/www.vigilanterodoviario.com.br\/marcia_cardeal1.jpg\"><img decoding=\"async\" src=\"http:\/\/www.vigilanterodoviario.com.br\/marcia_cardeal1.jpg\" width=\"280\" alt=\"A atriz e apresentadora mirim Marcia Cardeal, do extinto programa infantil ZAZ-TR\u00c1Z, em uma cena do seriado Vigilante Rodovi\u00e1rio\u00ae\" class=\"alignleft\" \/><\/a><\/div><div class='content-column one_third'><a href=\"http:\/\/www.vigilanterodoviario.com.br\/aryeequipevg9.jpg\"><img decoding=\"async\" src=\"http:\/\/www.vigilanterodoviario.com.br\/aryeequipevg9.jpg\" width=\"280\" alt=\"Carlos Coimbra, Milton Ribeiro Carlos e Lobo na Norton\" class=\"alignleft\" \/><\/a><\/div><div class='content-column one_third last_column'><a href=\"http:\/\/www.vigilanterodoviario.com.br\/vra2.jpg\"><img decoding=\"async\" src=\"http:\/\/www.vigilanterodoviario.com.br\/vra2.jpg\" width=\"280\" alt=\"Ary Fernandes, Carlos Miranda, Lobo Mazzinha - atr\u00e1s. S\u00e9rgio Ricci,Luppi e equipe. Escadaria do Pal\u00e1cio Iguatemi no Paran\u00e1.\" class=\"alignleft\" \/><\/a><\/div><div class='clear_column'><\/div><\/p>\n<p><div class='content-column one_third'><a href=\"http:\/\/www.vigilanterodoviario.com.br\/VIG19.jpg\"><img decoding=\"async\" src=\"http:\/\/www.vigilanterodoviario.com.br\/VIG19.jpg\" width=\"280\" class=\"alignleft\" \/><\/a><\/div><div class='content-column one_third'><a href=\"http:\/\/www.vigilanterodoviario.com.br\/medalhalobo1.jpg\"><img decoding=\"async\" src=\"http:\/\/www.vigilanterodoviario.com.br\/medalhalobo1.jpg\" width=\"280\" alt=\"Lobo foi condecorado por sua participa\u00e7\u00e3o no Vigilante Rodovi\u00e1rio\u00ae\" class=\"alignleft\" \/><\/a><\/div><div class='content-column one_third last_column'><a href=\"http:\/\/www.vigilanterodoviario.com.br\/medalhalobo3.jpg\"><img decoding=\"async\" src=\"http:\/\/www.vigilanterodoviario.com.br\/medalhalobo3.jpg\" width=\"280\" alt=\"Lobo foi condecorado por sua participa\u00e7\u00e3o no Vigilante Rodovi\u00e1rio\u00ae\" class=\"alignleft\" \/><\/a><\/div><div class='clear_column'><\/div><\/p>\n<p><div class='content-column one_third'><a href=\"http:\/\/www.vigilanterodoviario.com.br\/luizinho.jpg\"><img decoding=\"async\" src=\"http:\/\/www.vigilanterodoviario.com.br\/luizinho.jpg\" width=\"280\" alt=\"Luizinho foi o montador da s\u00e9rie Vigilante Rodovi\u00e1rio\u00ae\" class=\"alignleft\" \/><\/a><\/div><div class='content-column one_third'><a href=\"http:\/\/www.vigilanterodoviario.com.br\/abertura4.jpg\"><img decoding=\"async\" src=\"http:\/\/www.vigilanterodoviario.com.br\/abertura4.jpg\" width=\"280\" alt=\"No encerramento de cada epis\u00f3dios havia sempre uma mensagem do Vigilante Rodovi\u00e1rio\u00ae\" class=\"alignleft\" \/><\/a><\/div><div class='content-column one_third last_column'><a href=\"http:\/\/www.vigilanterodoviario.com.br\/abertura1.jpg\"><img decoding=\"async\" src=\"http:\/\/www.vigilanterodoviario.com.br\/abertura1.jpg\" width=\"280\" class=\"alignleft\" \/><\/a><\/div><div class='clear_column'><\/div><\/p>\n","protected":false},"excerpt":{"rendered":"","protected":false},"author":2,"featured_media":0,"parent":0,"menu_order":0,"comment_status":"closed","ping_status":"closed","template":"page-template-full.php","meta":{"footnotes":""},"class_list":["post-745","page","type-page","status-publish"],"_links":{"self":[{"href":"https:\/\/www.vigilanterodoviario.com.br\/retro\/wp-json\/wp\/v2\/pages\/745","targetHints":{"allow":["GET"]}}],"collection":[{"href":"https:\/\/www.vigilanterodoviario.com.br\/retro\/wp-json\/wp\/v2\/pages"}],"about":[{"href":"https:\/\/www.vigilanterodoviario.com.br\/retro\/wp-json\/wp\/v2\/types\/page"}],"author":[{"embeddable":true,"href":"https:\/\/www.vigilanterodoviario.com.br\/retro\/wp-json\/wp\/v2\/users\/2"}],"replies":[{"embeddable":true,"href":"https:\/\/www.vigilanterodoviario.com.br\/retro\/wp-json\/wp\/v2\/comments?post=745"}],"version-history":[{"count":0,"href":"https:\/\/www.vigilanterodoviario.com.br\/retro\/wp-json\/wp\/v2\/pages\/745\/revisions"}],"wp:attachment":[{"href":"https:\/\/www.vigilanterodoviario.com.br\/retro\/wp-json\/wp\/v2\/media?parent=745"}],"curies":[{"name":"wp","href":"https:\/\/api.w.org\/{rel}","templated":true}]}}