{"id":702,"date":"2016-10-01T12:56:23","date_gmt":"2016-10-01T12:56:23","guid":{"rendered":"http:\/\/www.vigilanterodoviario.com.br\/retro\/?page_id=702"},"modified":"2016-10-01T12:59:48","modified_gmt":"2016-10-01T12:59:48","slug":"letra-cancao","status":"publish","type":"page","link":"https:\/\/www.vigilanterodoviario.com.br\/retro\/letra-cancao\/","title":{"rendered":"Letra Can\u00e7\u00e3o"},"content":{"rendered":"<p><a href=\"http:\/\/www.vigilanterodoviario.com.br\/aguiasdefogo\/tema.h1.gif\"><img decoding=\"async\" src=\"http:\/\/www.vigilanterodoviario.com.br\/aguiasdefogo\/tema.h1.gif\" width=\"280\" class=\"aligncenter\" \/><\/a><\/p>\n<p><strong>\u00c1guias de fogo,<br \/>\n\u00c1guias de fogo,<br \/>\nPreparar<\/p>\n<p>\u00c1guias de fogo<br \/>\nO esquadr\u00e3o<br \/>\nQue tem como bandeira<br \/>\nO hero\u00edsmo e a bravura<br \/>\nDa gloriosa For\u00e7a A\u00e9rea Brasileira<\/p>\n<p>\u00c1guias de fogo<br \/>\n\u00c1guias de fogo,<br \/>\nDecolar<\/p>\n<p>\u00c1guias de fogo<br \/>\n\u00c1guias de fogo,<br \/>\nEm forma\u00e7\u00e3o<\/p>\n<p>Cortando os c\u00e9us do Brasil<br \/>\nPara cumprir outra miss\u00e3o<\/p>\n<p>\u00c1guias de fogo<br \/>\n\u00c1guias de fogo,<br \/>\nAterrisar<\/p>\n<p>\u00c1guias de fogo<br \/>\nHomens valentes<br \/>\nEm terra ou no ar<\/p>\n<p>Ter a certeza da nossa p\u00e1tria<br \/>\nEst\u00e3o sempre a lutar.<\/strong><\/p>\n<p><a href=\"http:\/\/www.vigilanterodoviario.com.br\/aguiasdefogo\/tema.h2.gif\"><img decoding=\"async\" src=\"http:\/\/www.vigilanterodoviario.com.br\/aguiasdefogo\/tema.h2.gif\" width=\"280\" class=\"aligncenter\" \/><\/a><\/p>\n","protected":false},"excerpt":{"rendered":"<p>\u00c1guias de fogo, \u00c1guias de fogo, Preparar \u00c1guias de fogo O esquadr\u00e3o Que tem como bandeira O hero\u00edsmo e a bravura Da gloriosa For\u00e7a A\u00e9rea Brasileira \u00c1guias de fogo \u00c1guias de fogo, Decolar \u00c1guias de fogo \u00c1guias de fogo, Em forma\u00e7\u00e3o Cortando os c\u00e9us do Brasil Para cumprir outra miss\u00e3o \u00c1guias de fogo \u00c1guias de &#8230; <a title=\"Letra Can\u00e7\u00e3o\" class=\"read-more\" href=\"https:\/\/www.vigilanterodoviario.com.br\/retro\/letra-cancao\/\">Acesse aqui<span class=\"screen-reader-text\">Letra Can\u00e7\u00e3o<\/span><\/a><\/p>\n","protected":false},"author":2,"featured_media":0,"parent":0,"menu_order":0,"comment_status":"closed","ping_status":"closed","template":"","meta":{"footnotes":""},"class_list":["post-702","page","type-page","status-publish"],"_links":{"self":[{"href":"https:\/\/www.vigilanterodoviario.com.br\/retro\/wp-json\/wp\/v2\/pages\/702","targetHints":{"allow":["GET"]}}],"collection":[{"href":"https:\/\/www.vigilanterodoviario.com.br\/retro\/wp-json\/wp\/v2\/pages"}],"about":[{"href":"https:\/\/www.vigilanterodoviario.com.br\/retro\/wp-json\/wp\/v2\/types\/page"}],"author":[{"embeddable":true,"href":"https:\/\/www.vigilanterodoviario.com.br\/retro\/wp-json\/wp\/v2\/users\/2"}],"replies":[{"embeddable":true,"href":"https:\/\/www.vigilanterodoviario.com.br\/retro\/wp-json\/wp\/v2\/comments?post=702"}],"version-history":[{"count":0,"href":"https:\/\/www.vigilanterodoviario.com.br\/retro\/wp-json\/wp\/v2\/pages\/702\/revisions"}],"wp:attachment":[{"href":"https:\/\/www.vigilanterodoviario.com.br\/retro\/wp-json\/wp\/v2\/media?parent=702"}],"curies":[{"name":"wp","href":"https:\/\/api.w.org\/{rel}","templated":true}]}}