{"id":668,"date":"2016-09-30T21:05:14","date_gmt":"2016-09-30T21:05:14","guid":{"rendered":"http:\/\/www.vigilanterodoviario.com.br\/retro\/?page_id=668"},"modified":"2016-09-30T22:31:55","modified_gmt":"2016-09-30T22:31:55","slug":"videos","status":"publish","type":"page","link":"https:\/\/www.vigilanterodoviario.com.br\/retro\/videos\/","title":{"rendered":"V\u00eddeos"},"content":{"rendered":"<p>\t<video id=\"wp_mep_1\" src=\"http:\/\/www.vigilanterodoviario.com.br\/oimprevisto.wmv\" type=\"video\/wmv\" width=\"590\" height=\"330\" poster=\"http:\/\/www.vigilanterodoviario.com.br\/retro\/wp-content\/uploads\/2016\/09\/122963.jpg\" controls=\"controls\" preload=\"true\" autoplay=\"false\" >\r\n\t\t\r\n\t\t\r\n\t\t\r\n\t\t\r\n\t\t\r\n\t\t\r\n\t\t\r\n\t<\/video>\r\n<script type=\"text\/javascript\">\r\njQuery(document).ready(function($) {\r\n\t$('#wp_mep_1').mediaelementplayer({\r\n\t\tm:1\r\n\t\t\r\n\t\t,features: ['playpause','current','progress','duration','volume','tracks','fullscreen']\r\n\t\t\r\n\t});\r\n});\r\n<\/script>\r\n No epis\u00f3dio &#8220;O Imprevisto&#8221; da 2\u00aa s\u00e9rie realizada para TV brasileira &#8220;\u00c1guias de Fogo&#8221;, criada, produzida e dirigida por Ary Fernandes, que tamb\u00e9m atuou como Capit\u00e3o C\u00e9sar, contou com a participa\u00e7\u00e3o do &#8216;Vigilante Rodovi\u00e1rio&#8217; Inspetor Carlos, vivido pelo ator da s\u00e9rie Carlos Miranda. Capit\u00e3o C\u00e9sar (Ary Fernandes) e Tenente F\u00e1bio (Roberto Bolant) e participa\u00e7\u00e3o Especial: Inspetor Carlos (Carlos Miranda).<\/p>\n<p>\t<video id=\"wp_mep_2\" src=\"http:\/\/www.vigilanterodoviario.com.br\/aguiasdefogo\/aguias_de_fogo3.wmv\" type=\"video\/wmv\" width=\"590\" height=\"330\" poster=\"http:\/\/www.vigilanterodoviario.com.br\/retro\/wp-content\/uploads\/2016\/09\/122963a.jpg\" controls=\"controls\" preload=\"true\" autoplay=\"false\" >\r\n\t\t\r\n\t\t\r\n\t\t\r\n\t\t\r\n\t\t\r\n\t\t\r\n\t\t\r\n\t<\/video>\r\n<script type=\"text\/javascript\">\r\njQuery(document).ready(function($) {\r\n\t$('#wp_mep_2').mediaelementplayer({\r\n\t\tm:1\r\n\t\t\r\n\t\t,features: ['playpause','current','progress','duration','volume','tracks','fullscreen']\r\n\t\t\r\n\t});\r\n});\r\n<\/script>\r\nEpis\u00f3dio de \u00c1guias de Fogo<\/p>\n<p>\t<video id=\"wp_mep_3\" src=\"http:\/\/www.vigilanterodoviario.com.br\/aguiasdefogo\/aguias_de_fogo4.wmv\" type=\"video\/wmv\" width=\"590\" height=\"330\" poster=\"http:\/\/www.vigilanterodoviario.com.br\/retro\/wp-content\/uploads\/2016\/09\/122963b.jpg\" controls=\"controls\" preload=\"true\" autoplay=\"false\" >\r\n\t\t\r\n\t\t\r\n\t\t\r\n\t\t\r\n\t\t\r\n\t\t\r\n\t\t\r\n\t<\/video>\r\n<script type=\"text\/javascript\">\r\njQuery(document).ready(function($) {\r\n\t$('#wp_mep_3').mediaelementplayer({\r\n\t\tm:1\r\n\t\t\r\n\t\t,features: ['playpause','current','progress','duration','volume','tracks','fullscreen']\r\n\t\t\r\n\t});\r\n});\r\n<\/script>\r\n Epis\u00f3dio: R\u00e1dio Compasso<\/p>\n<p>\t<video id=\"wp_mep_4\" src=\"http:\/\/www.vigilanterodoviario.com.br\/aguiasdefogo\/aguias_de_fogo2.wmv\" type=\"video\/wmv\" width=\"590\" height=\"330\" poster=\"http:\/\/www.vigilanterodoviario.com.br\/retro\/wp-content\/uploads\/2016\/09\/122963c.jpg\" controls=\"controls\" preload=\"true\" autoplay=\"false\" >\r\n\t\t\r\n\t\t\r\n\t\t\r\n\t\t\r\n\t\t\r\n\t\t\r\n\t\t\r\n\t<\/video>\r\n<script type=\"text\/javascript\">\r\njQuery(document).ready(function($) {\r\n\t$('#wp_mep_4').mediaelementplayer({\r\n\t\tm:1\r\n\t\t\r\n\t\t,features: ['playpause','current','progress','duration','volume','tracks','fullscreen']\r\n\t\t\r\n\t});\r\n});\r\n<\/script>\r\n Epis\u00f3dio: R\u00e1dio Compasso<\/p>\n<p>\t<video id=\"wp_mep_5\" src=\"http:\/\/www.vigilanterodoviario.com.br\/aguiasdefogo\/aguias_de_fogo1.wmv\" type=\"video\/wmv\" width=\"590\" height=\"330\" poster=\"http:\/\/www.vigilanterodoviario.com.br\/retro\/wp-content\/uploads\/2016\/09\/122963d.jpg\" controls=\"controls\" preload=\"true\" autoplay=\"false\" >\r\n\t\t\r\n\t\t\r\n\t\t\r\n\t\t\r\n\t\t\r\n\t\t\r\n\t\t\r\n\t<\/video>\r\n<script type=\"text\/javascript\">\r\njQuery(document).ready(function($) {\r\n\t$('#wp_mep_5').mediaelementplayer({\r\n\t\tm:1\r\n\t\t\r\n\t\t,features: ['playpause','current','progress','duration','volume','tracks','fullscreen']\r\n\t\t\r\n\t});\r\n});\r\n<\/script>\r\n Epis\u00f3dio: R\u00e1dio Compasso<\/p>\n","protected":false},"excerpt":{"rendered":"<p>No epis\u00f3dio &#8220;O Imprevisto&#8221; da 2\u00aa s\u00e9rie realizada para TV brasileira &#8220;\u00c1guias de Fogo&#8221;, criada, produzida e dirigida por Ary Fernandes, que tamb\u00e9m atuou como Capit\u00e3o C\u00e9sar, contou com a participa\u00e7\u00e3o do &#8216;Vigilante Rodovi\u00e1rio&#8217; Inspetor Carlos, vivido pelo ator da s\u00e9rie Carlos Miranda. Capit\u00e3o C\u00e9sar (Ary Fernandes) e Tenente F\u00e1bio (Roberto Bolant) e participa\u00e7\u00e3o Especial: &#8230; <a title=\"V\u00eddeos\" class=\"read-more\" href=\"https:\/\/www.vigilanterodoviario.com.br\/retro\/videos\/\">Acesse aqui<span class=\"screen-reader-text\">V\u00eddeos<\/span><\/a><\/p>\n","protected":false},"author":2,"featured_media":0,"parent":0,"menu_order":0,"comment_status":"closed","ping_status":"closed","template":"","meta":{"footnotes":""},"class_list":["post-668","page","type-page","status-publish"],"_links":{"self":[{"href":"https:\/\/www.vigilanterodoviario.com.br\/retro\/wp-json\/wp\/v2\/pages\/668","targetHints":{"allow":["GET"]}}],"collection":[{"href":"https:\/\/www.vigilanterodoviario.com.br\/retro\/wp-json\/wp\/v2\/pages"}],"about":[{"href":"https:\/\/www.vigilanterodoviario.com.br\/retro\/wp-json\/wp\/v2\/types\/page"}],"author":[{"embeddable":true,"href":"https:\/\/www.vigilanterodoviario.com.br\/retro\/wp-json\/wp\/v2\/users\/2"}],"replies":[{"embeddable":true,"href":"https:\/\/www.vigilanterodoviario.com.br\/retro\/wp-json\/wp\/v2\/comments?post=668"}],"version-history":[{"count":0,"href":"https:\/\/www.vigilanterodoviario.com.br\/retro\/wp-json\/wp\/v2\/pages\/668\/revisions"}],"wp:attachment":[{"href":"https:\/\/www.vigilanterodoviario.com.br\/retro\/wp-json\/wp\/v2\/media?parent=668"}],"curies":[{"name":"wp","href":"https:\/\/api.w.org\/{rel}","templated":true}]}}