{"id":641,"date":"2016-09-23T19:55:02","date_gmt":"2016-09-23T19:55:02","guid":{"rendered":"http:\/\/www.vigilanterodoviario.com.br\/retro\/?page_id=641"},"modified":"2016-09-23T19:55:02","modified_gmt":"2016-09-23T19:55:02","slug":"creditos","status":"publish","type":"page","link":"https:\/\/www.vigilanterodoviario.com.br\/retro\/creditos\/","title":{"rendered":"Cr\u00e9ditos"},"content":{"rendered":"<p>Equipe e elenco de \u00c1GUIAS DE FOGO:<\/p>\n<p>Idealiza\u00e7\u00e3o e Cria\u00e7\u00e3o :    Ary Fernandes<\/p>\n<p>Dire\u00e7\u00e3o Geral:                Ary Fernandes<\/p>\n<p>Produtor :                      Ary Fernandes<\/p>\n<p>Argumentistas e Roteiro :  Ary Fernandes<\/p>\n<p>                                    F\u00e1bio Novaes<br \/>\n                                    J.C. de Souza<br \/>\n                                    Pena Filho<\/p>\n<p>Diretor de Fotografia:       Juan Carlos Landini<\/p>\n<p>Diretor Assistente :          Pena Filho<\/p>\n<p>Assistente de Produ\u00e7\u00e3o:   Roberto Bolant<br \/>\n                                   Giovanni lozanis<\/p>\n<p>Chefe Eletricista :            Edgar Ferreira<\/p>\n<p>Contra Regra :                 Fernando Garcia<\/p>\n<p>                                    Ant\u00f4nio Pinto<br \/>\n                                    Henrique Borges<\/p>\n<p>Iluiminador :                    Angelo Rossi Neto<\/p>\n<p>Assistente de C\u00e2mera:      Renato Damiani<br \/>\n                                    Oswaldo Leonel<\/p>\n<p>Editor :                           Luiz Elias<\/p>\n<p>T\u00e9cnico de Som :             J\u00falio Calabar<\/p>\n<p>Assistentes de Montagem: Shirley Faria                                  <\/p>\n<p>                                    Gilberto Wagner<\/p>\n<p>Efeitos Sonoros :              Pl\u00ednio Pereira<\/p>\n<p>Som:                              Odil Fono Brasil<\/p>\n<p>Laborat\u00f3rio :                    Bandeirante<\/p>\n<p>S\u00e9rie realizada com o apoio da For\u00e7a A\u00e9rea Brasileira<\/p>\n<p>Assessor Militar:               Major Aviador Gilberto Zani de Melo<\/p>\n<p>Patrocinado por                Produtos Nestl\u00e9 <\/p>\n<p>Produzido por:                        PROCITEL &#8211; Produ\u00e7\u00e3o Cine Televis\u00e3o Ltda.<\/p>\n<p>Elenco Fixo:<\/p>\n<p>Dirceu Conte &#8211;   Major Ricardo<\/p>\n<p>Ary Fernandes &#8211; Capit\u00e3o C\u00e9sar<\/p>\n<p>Roberto Bolant &#8211; Aspirante F\u00e1bio<br \/>\nEdson Pereira &#8211;   Sargento Fritz<\/p>\n","protected":false},"excerpt":{"rendered":"<p>Equipe e elenco de \u00c1GUIAS DE FOGO: Idealiza\u00e7\u00e3o e Cria\u00e7\u00e3o : Ary Fernandes Dire\u00e7\u00e3o Geral: Ary Fernandes Produtor : Ary Fernandes Argumentistas e Roteiro : Ary Fernandes F\u00e1bio Novaes J.C. de Souza Pena Filho Diretor de Fotografia: Juan Carlos Landini Diretor Assistente : Pena Filho Assistente de Produ\u00e7\u00e3o: Roberto Bolant Giovanni lozanis Chefe Eletricista : &#8230; <a title=\"Cr\u00e9ditos\" class=\"read-more\" href=\"https:\/\/www.vigilanterodoviario.com.br\/retro\/creditos\/\">Acesse aqui<span class=\"screen-reader-text\">Cr\u00e9ditos<\/span><\/a><\/p>\n","protected":false},"author":2,"featured_media":0,"parent":0,"menu_order":0,"comment_status":"closed","ping_status":"closed","template":"","meta":{"footnotes":""},"class_list":["post-641","page","type-page","status-publish"],"_links":{"self":[{"href":"https:\/\/www.vigilanterodoviario.com.br\/retro\/wp-json\/wp\/v2\/pages\/641","targetHints":{"allow":["GET"]}}],"collection":[{"href":"https:\/\/www.vigilanterodoviario.com.br\/retro\/wp-json\/wp\/v2\/pages"}],"about":[{"href":"https:\/\/www.vigilanterodoviario.com.br\/retro\/wp-json\/wp\/v2\/types\/page"}],"author":[{"embeddable":true,"href":"https:\/\/www.vigilanterodoviario.com.br\/retro\/wp-json\/wp\/v2\/users\/2"}],"replies":[{"embeddable":true,"href":"https:\/\/www.vigilanterodoviario.com.br\/retro\/wp-json\/wp\/v2\/comments?post=641"}],"version-history":[{"count":0,"href":"https:\/\/www.vigilanterodoviario.com.br\/retro\/wp-json\/wp\/v2\/pages\/641\/revisions"}],"wp:attachment":[{"href":"https:\/\/www.vigilanterodoviario.com.br\/retro\/wp-json\/wp\/v2\/media?parent=641"}],"curies":[{"name":"wp","href":"https:\/\/api.w.org\/{rel}","templated":true}]}}

Créditos

<p>Equipe e elenco de ÁGUIAS DE FOGO:</p>
<p>Idealização e Criação :    Ary Fernandes</p>
<p>Direção Geral:                Ary Fernandes</p>
<p>Produtor :                      Ary Fernandes</p>
<p>Argumentistas e Roteiro :  Ary Fernandes</p>
<p>                                    Fábio Novaes<br />
                                    J.C. de Souza<br />
                                    Pena Filho</p>
<p>Diretor de Fotografia:       Juan Carlos Landini</p>
<p>Diretor Assistente :          Pena Filho</p>
<p>Assistente de Produção:   Roberto Bolant<br />
                                   Giovanni lozanis</p>
<p>Chefe Eletricista :            Edgar Ferreira</p>
<p>Contra Regra :                 Fernando Garcia</p>
<p>                                    Antônio Pinto<br />
                                    Henrique Borges</p>
<p>Iluiminador :                    Angelo Rossi Neto</p>
<p>Assistente de Câmera:      Renato Damiani<br />
                                    Oswaldo Leonel</p>
<p>Editor :                           Luiz Elias</p>
<p>Técnico de Som :             Júlio Calabar</p>
<p>Assistentes de Montagem: Shirley Faria                                  </p>
<p>                                    Gilberto Wagner</p>
<p>Efeitos Sonoros :              Plínio Pereira</p>
<p>Som:                              Odil Fono Brasil</p>
<p>Laboratório :                    Bandeirante</p>
<p>Série realizada com o apoio da Força Aérea Brasileira</p>
<p>Assessor Militar:               Major Aviador Gilberto Zani de Melo</p>
<p>Patrocinado por                Produtos Nestlé </p>
<p>Produzido por:                        PROCITEL &#8211; Produção Cine Televisão Ltda.</p>
<p>Elenco Fixo:</p>
<p>Dirceu Conte &#8211;   Major Ricardo</p>
<p>Ary Fernandes &#8211; Capitão César</p>
<p>Roberto Bolant &#8211; Aspirante Fábio<br />
Edson Pereira &#8211;   Sargento Fritz</p>

<p>Equipe e elenco de ÁGUIAS DE FOGO: Idealização e Criação : Ary Fernandes Direção Geral: Ary Fernandes Produtor : Ary Fernandes Argumentistas e Roteiro : Ary Fernandes Fábio Novaes J.C. de Souza Pena Filho Diretor de Fotografia: Juan Carlos Landini Diretor Assistente : Pena Filho Assistente de Produção: Roberto Bolant Giovanni lozanis Chefe Eletricista : &#8230; <a title="Créditos" class="read-more" href="https://www.vigilanterodoviario.com.br/retro/creditos/">Acesse aqui<span class="screen-reader-text">Créditos</span></a></p>
