{"id":58,"date":"2015-10-07T13:38:54","date_gmt":"2015-10-07T13:38:54","guid":{"rendered":"http:\/\/www.vigilanterodoviario.com.br\/serie\/?page_id=58"},"modified":"2015-10-07T13:38:54","modified_gmt":"2015-10-07T13:38:54","slug":"a-historia-da-minha-vida","status":"publish","type":"page","link":"https:\/\/www.vigilanterodoviario.com.br\/retro\/a-historia-da-minha-vida\/","title":{"rendered":"A Hist\u00f3ria da Minha Vida"},"content":{"rendered":"<p><strong><em>Por Ary Fernandes<\/em><\/strong><\/p>\n<p>A obsess\u00e3o pela id\u00e9ia superou os obst\u00e1culos, sem saber criou o maior fen\u00f4meno da televis\u00e3o brasileira. <\/p>\n<p>Eu, quando crian\u00e7a, via os seriados no cinema, devorava gibis e ficava pensando porque n\u00e3o existia um seriado brasileiro, um personagem genuinamente brasileiro. Os her\u00f3is eram todos norte-americanos, tipo Flash Gordon, Tarzan, Capit\u00e3o Am\u00e9rica, O Sombra, Fantasma, etc.<\/p>\n<p>Aquilo j\u00e1 me incomodava, mas nem imaginava que um dia eu faria um seriado brasileiro. Foi no ano de 1959, quando eu dirigia comerciais j\u00e1 rec\u00e9m sa\u00eddo dos Est\u00fadios da Maristela,que a id\u00e9ia de criar meu personagem come\u00e7ou a tomar forma.<\/p>\n<p>Na hist\u00f3ria em quadrinho existia um her\u00f3i que andava de motocicleta, um tipo de cowboy do asfalto chamado O Vingador. Eu achava rid\u00edculo, um cowboy de motocicleta. <\/p>\n<p>Um dia, andando pela rua, vi um guarda rodovi\u00e1rio passar de motocicleta. Me informei e descobri que n\u00e3o era um guarda e sim um Inspetor Rodovi\u00e1rio (a\u00ed veio a ideia de criar o Inspetor Carlos). Come\u00e7ou a vir na minha mente a ideia de um her\u00f3i brasileiro, um patrulheiro, mas sozinho n\u00e3o ia ficar bom, ent\u00e3o pensei num cachorro, seu companheiro, um cachorro que andaria na moto, uma novidade, coisa in\u00e9dita, que eu nunca tinha visto.<\/p>\n<p>Passados alguns dias, a hist\u00f3ria j\u00e1 come\u00e7ava a fervilhar na minha cabe\u00e7a. Relatei-a ao Pal\u00e1cios (meu amigo e s\u00f3cio), que gostou da minha ideia e conjeturamos sobre o assunto. Lembrei ent\u00e3o do M\u00e1rio Costa, amigo que outrora  havia sido propriet\u00e1rio de uma empresa de transportes, a Estrela do Sul.<\/p>\n<p>Naquela \u00e9poca ele tinha uma loja de autope\u00e7as embaixo de nosso escrit\u00f3rio. Fui falar com M\u00e1rio e, tomando um cafezinho, relatei minha ideia. Ele ficou empolgado e me disse que conhecia pessoas na For\u00e7a P\u00fablica, tinha contatos e que poderia ligar e propor uma reuni\u00e3o.<\/p>\n<p>Eu disse: calma, \u00e9 apenas uma ideia, n\u00e3o temos dinheiro e a coisa acabou ficando assim. Eu fiquei preocupado, com medo que ele falasse com algu\u00e9m l\u00e1 na pol\u00edcia, eu n\u00e3o estava seguro, da ideia precisava ser maturada.<\/p>\n<p>No dia seguinte o M\u00e1rio me procurou e disse que havia falado com seu amigo, Altino Fernandes, que era Capit\u00e3o da For\u00e7a P\u00fablica e este j\u00e1 havia feito contato com seu amigo, Fl\u00e1vio Capeletti, subcomandante da Pol\u00edcia Rodovi\u00e1ria e que havia adorado a ideia. <\/p>\n<p>M\u00e1rio me disse que j\u00e1 estava agendada uma reuni\u00e3o com o Capeletti na Rua Riachuelo, onde ficava a Secretaria de Via\u00e7\u00e3o e Obras P\u00fablicas e tamb\u00e9m o escrit\u00f3rio da Pol\u00edcia Rodovi\u00e1ria.<\/p>\n<p>N\u00e3o me intimidei, mas fui pensando no caminho: \u201cComo vou sair dessa!\u201d Fui at\u00e9 l\u00e1 conversar com ele e come\u00e7amos bem, pois descobri que ele era meu vizinho em Santana. Expliquei a ideia, do patrulheiro com o cachorro, salvando as pessoas de bandidos, o cachorro andando na moto, etc., e relatei tamb\u00e9m o que seria o  piloto da s\u00e9rie, toda na minha cabe\u00e7a, o Diamante Gran Mogol, uma hist\u00f3ria  policial que envolvia o roubo de um grande diamante, o maior do mundo.<\/p>\n<p>Ele se disp\u00f4s a ajudar no que fosse poss\u00edvel, mas os recursos da Pol\u00edcia Rodovi\u00e1ria na \u00e9poca eram  prec\u00e1rios, haja visto que a frota da rodovi\u00e1ria era composta de alguns jeeps e dois Ford, um 1949 e 1950.<\/p>\n<p>Um pequeno par\u00eantese: tanto o Capeletti quanto o Altino acabaram se tornando meus amigos.<\/p>\n<p>Mais tarde, durante o seriado, Capeletti me confessou que quando eu fui falar com ele, existiam duas hip\u00f3teses: uma, a de eu ser louco e outra, a de eu estar anos \u00e0 frente de minha \u00e9poca, que eu seria o respons\u00e1vel por realizar uma obra que ficaria marcada para sempre no Brasil.<\/p>\n<p>Bem, no mesmo dia relatei o que havia acontecido ao Pal\u00e1cios e ele achou que eu estava louco, acabou me dando uma bronca. A impress\u00e3o que dava \u00e9 que o Pal\u00e1cios ainda n\u00e3o havia entrado no clima da id\u00e9ia, n\u00e3o tinha comprado a ideia. Mas no fundo ele n\u00e3o estava errado, eu estava sonhando com uma coisa muito al\u00e9m da nossa realidade, das nossas posses.<\/p>\n<p>Na Rua Pedroso, havia um amigo, um judeu, Jacob Mathor, um homem de posses, que tinha um est\u00fadio que n\u00f3s j\u00e1 us\u00e1vamos para fazer comerciais. Contei a ele a ideia, tudo que havia acontecido com  o pessoal da pol\u00edcia, disse que estava chateado pelo fato de, de certa forma ter discutido com Pal\u00e1cios, mas aquela ideia n\u00e3o sa\u00eda da minha cabe\u00e7a, estava preocupado.<\/p>\n<p>Aquilo estava come\u00e7ando a virar uma obsess\u00e3o. Jacob ouviu tudo e ao final me disse: \u201cEu colaboro com quatro latas de mil p\u00e9s de negativo 35 mm, cedo meu carro e meu est\u00fadio para voc\u00ea usar como precisar\u201d. E ele tinha um Chrysler, um carro de luxo na \u00e9poca. Os est\u00fadios se chamavam Santa M\u00f4nica, em homenagem \u00e0 sua filha. Na verdade, Jacob ficou comovido com minha empolga\u00e7\u00e3o.<\/p>\n<p>Voltei a falar com Pal\u00e1cios. Sugeri ao Pal\u00e1cios que convers\u00e1ssemos com os t\u00e9cnicos da Maristela que ainda estavam desempregados e propus\u00e9ssemos uma parceria, que todos pudessem trabalhar graciosamente para a realiza\u00e7\u00e3o do piloto. <\/p>\n<p>T\u00ednhamos uma c\u00e2mera Arriflex 35 mm que hav\u00edamos comprado quando sa\u00edmos da Maristela. Com essa c\u00e2mera faz\u00edamos os comerciais que davam nosso sustento naquele momento. Considerando que cada lata de negativo tem doze minutos, eu tinha quarenta e oito minutos de filmagem, para um epis\u00f3dio de 20 minutos, ou seja, n\u00e3o podia errar muito. <\/p>\n<p>Sai a campo para procurar os t\u00e9cnicos e at\u00e9 meu pai se disp\u00f4s a ajudar, depois, durante as filmagens, ele comprava p\u00e3o, frios, lingui\u00e7as e fazia lanches para a equipe. O H\u00e9lio Menezes, j\u00e1 falecido, era dono de uma ag\u00eancia de figurantes, tamb\u00e9m veio ajudar.<\/p>\n<p>Os atores eram quase todos amadores, figurantes. H\u00e9lio, que era ga\u00facho, um dia fez um arroz a carreteiro para a equipe, num fog\u00e3o improvisado nas loca\u00e7\u00f5es. Quando est\u00e1vamos no nosso est\u00fadio, ped\u00edamos emprestado pratos e talheres para um bar que  ficava ao lado. Vieram tamb\u00e9m o Eliseu Fernandes, fot\u00f3grafo, Mazinha (Osvaldo Leonel), eletricista, Luizinho, montador e amigos da Maristela que j\u00e1 trabalhavam conosco na montagem dos comerciais.<br \/>\nEu j\u00e1 havia escrito a hist\u00f3ria e depois fiz um roteiro do primeiro epis\u00f3dio, o piloto, que seria, definitivamente, O Diamante gran mogol. Para mim n\u00e3o foi dif\u00edcil fazer isso, pois eu sempre tive facilidade em escrever. <\/p>\n<p>Conversei com o pessoal da pol\u00edcia e pedi quatro guardas permanentes para ficarem direto comigo durante as filmagens. Precis\u00e1vamos da orienta\u00e7\u00e3o deles nas estradas, \u00e0s vezes nos distra\u00edamos e invad\u00edamos a estrada, um perigo, esse pessoal da pol\u00edcia era absolutamente necess\u00e1rio, eles tomavam conta da gente, eles ficavam desviando o tr\u00e2nsito onde est\u00e1vamos filmando.<\/p>\n<p>Eram eles: Benedito Lupi, Mistrenel, Almir Castrioto, \u00c1lvaro Motta (o \u00fanico vivo, encontrei com ele recentemente).  Esses quatro come\u00e7aram comigo, me ajudaram muito e eu gostava de todos, mas confesso que Lupi era o meu preferido, um grande cara, bebia demais, morreu cedo, mas era um grande cara, deixou saudades.<\/p>\n","protected":false},"excerpt":{"rendered":"<p>Por Ary Fernandes A obsess\u00e3o pela id\u00e9ia superou os obst\u00e1culos, sem saber criou o maior fen\u00f4meno da televis\u00e3o brasileira. Eu, quando crian\u00e7a, via os seriados no cinema, devorava gibis e ficava pensando porque n\u00e3o existia um seriado brasileiro, um personagem genuinamente brasileiro. Os her\u00f3is eram todos norte-americanos, tipo Flash Gordon, Tarzan, Capit\u00e3o Am\u00e9rica, O Sombra, &#8230; <a title=\"A Hist\u00f3ria da Minha Vida\" class=\"read-more\" href=\"https:\/\/www.vigilanterodoviario.com.br\/retro\/a-historia-da-minha-vida\/\">Acesse aqui<span class=\"screen-reader-text\">A Hist\u00f3ria da Minha Vida<\/span><\/a><\/p>\n","protected":false},"author":2,"featured_media":0,"parent":0,"menu_order":0,"comment_status":"closed","ping_status":"open","template":"","meta":{"footnotes":""},"class_list":["post-58","page","type-page","status-publish"],"_links":{"self":[{"href":"https:\/\/www.vigilanterodoviario.com.br\/retro\/wp-json\/wp\/v2\/pages\/58","targetHints":{"allow":["GET"]}}],"collection":[{"href":"https:\/\/www.vigilanterodoviario.com.br\/retro\/wp-json\/wp\/v2\/pages"}],"about":[{"href":"https:\/\/www.vigilanterodoviario.com.br\/retro\/wp-json\/wp\/v2\/types\/page"}],"author":[{"embeddable":true,"href":"https:\/\/www.vigilanterodoviario.com.br\/retro\/wp-json\/wp\/v2\/users\/2"}],"replies":[{"embeddable":true,"href":"https:\/\/www.vigilanterodoviario.com.br\/retro\/wp-json\/wp\/v2\/comments?post=58"}],"version-history":[{"count":0,"href":"https:\/\/www.vigilanterodoviario.com.br\/retro\/wp-json\/wp\/v2\/pages\/58\/revisions"}],"wp:attachment":[{"href":"https:\/\/www.vigilanterodoviario.com.br\/retro\/wp-json\/wp\/v2\/media?parent=58"}],"curies":[{"name":"wp","href":"https:\/\/api.w.org\/{rel}","templated":true}]}}

A História da Minha Vida

<p><strong><em>Por Ary Fernandes</em></strong></p>
<p>A obsessão pela idéia superou os obstáculos, sem saber criou o maior fenômeno da televisão brasileira. </p>
<p>Eu, quando criança, via os seriados no cinema, devorava gibis e ficava pensando porque não existia um seriado brasileiro, um personagem genuinamente brasileiro. Os heróis eram todos norte-americanos, tipo Flash Gordon, Tarzan, Capitão América, O Sombra, Fantasma, etc.</p>
<p>Aquilo já me incomodava, mas nem imaginava que um dia eu faria um seriado brasileiro. Foi no ano de 1959, quando eu dirigia comerciais já recém saído dos Estúdios da Maristela,que a idéia de criar meu personagem começou a tomar forma.</p>
<p>Na história em quadrinho existia um herói que andava de motocicleta, um tipo de cowboy do asfalto chamado O Vingador. Eu achava ridículo, um cowboy de motocicleta. </p>
<p>Um dia, andando pela rua, vi um guarda rodoviário passar de motocicleta. Me informei e descobri que não era um guarda e sim um Inspetor Rodoviário (aí veio a ideia de criar o Inspetor Carlos). Começou a vir na minha mente a ideia de um herói brasileiro, um patrulheiro, mas sozinho não ia ficar bom, então pensei num cachorro, seu companheiro, um cachorro que andaria na moto, uma novidade, coisa inédita, que eu nunca tinha visto.</p>
<p>Passados alguns dias, a história já começava a fervilhar na minha cabeça. Relatei-a ao Palácios (meu amigo e sócio), que gostou da minha ideia e conjeturamos sobre o assunto. Lembrei então do Mário Costa, amigo que outrora  havia sido proprietário de uma empresa de transportes, a Estrela do Sul.</p>
<p>Naquela época ele tinha uma loja de autopeças embaixo de nosso escritório. Fui falar com Mário e, tomando um cafezinho, relatei minha ideia. Ele ficou empolgado e me disse que conhecia pessoas na Força Pública, tinha contatos e que poderia ligar e propor uma reunião.</p>
<p>Eu disse: calma, é apenas uma ideia, não temos dinheiro e a coisa acabou ficando assim. Eu fiquei preocupado, com medo que ele falasse com alguém lá na polícia, eu não estava seguro, da ideia precisava ser maturada.</p>
<p>No dia seguinte o Mário me procurou e disse que havia falado com seu amigo, Altino Fernandes, que era Capitão da Força Pública e este já havia feito contato com seu amigo, Flávio Capeletti, subcomandante da Polícia Rodoviária e que havia adorado a ideia. </p>
<p>Mário me disse que já estava agendada uma reunião com o Capeletti na Rua Riachuelo, onde ficava a Secretaria de Viação e Obras Públicas e também o escritório da Polícia Rodoviária.</p>
<p>Não me intimidei, mas fui pensando no caminho: “Como vou sair dessa!” Fui até lá conversar com ele e começamos bem, pois descobri que ele era meu vizinho em Santana. Expliquei a ideia, do patrulheiro com o cachorro, salvando as pessoas de bandidos, o cachorro andando na moto, etc., e relatei também o que seria o  piloto da série, toda na minha cabeça, o Diamante Gran Mogol, uma história  policial que envolvia o roubo de um grande diamante, o maior do mundo.</p>
<p>Ele se dispôs a ajudar no que fosse possível, mas os recursos da Polícia Rodoviária na época eram  precários, haja visto que a frota da rodoviária era composta de alguns jeeps e dois Ford, um 1949 e 1950.</p>
<p>Um pequeno parêntese: tanto o Capeletti quanto o Altino acabaram se tornando meus amigos.</p>
<p>Mais tarde, durante o seriado, Capeletti me confessou que quando eu fui falar com ele, existiam duas hipóteses: uma, a de eu ser louco e outra, a de eu estar anos à frente de minha época, que eu seria o responsável por realizar uma obra que ficaria marcada para sempre no Brasil.</p>
<p>Bem, no mesmo dia relatei o que havia acontecido ao Palácios e ele achou que eu estava louco, acabou me dando uma bronca. A impressão que dava é que o Palácios ainda não havia entrado no clima da idéia, não tinha comprado a ideia. Mas no fundo ele não estava errado, eu estava sonhando com uma coisa muito além da nossa realidade, das nossas posses.</p>
<p>Na Rua Pedroso, havia um amigo, um judeu, Jacob Mathor, um homem de posses, que tinha um estúdio que nós já usávamos para fazer comerciais. Contei a ele a ideia, tudo que havia acontecido com  o pessoal da polícia, disse que estava chateado pelo fato de, de certa forma ter discutido com Palácios, mas aquela ideia não saía da minha cabeça, estava preocupado.</p>
<p>Aquilo estava começando a virar uma obsessão. Jacob ouviu tudo e ao final me disse: “Eu colaboro com quatro latas de mil pés de negativo 35 mm, cedo meu carro e meu estúdio para você usar como precisar”. E ele tinha um Chrysler, um carro de luxo na época. Os estúdios se chamavam Santa Mônica, em homenagem à sua filha. Na verdade, Jacob ficou comovido com minha empolgação.</p>
<p>Voltei a falar com Palácios. Sugeri ao Palácios que conversássemos com os técnicos da Maristela que ainda estavam desempregados e propuséssemos uma parceria, que todos pudessem trabalhar graciosamente para a realização do piloto. </p>
<p>Tínhamos uma câmera Arriflex 35 mm que havíamos comprado quando saímos da Maristela. Com essa câmera fazíamos os comerciais que davam nosso sustento naquele momento. Considerando que cada lata de negativo tem doze minutos, eu tinha quarenta e oito minutos de filmagem, para um episódio de 20 minutos, ou seja, não podia errar muito. </p>
<p>Sai a campo para procurar os técnicos e até meu pai se dispôs a ajudar, depois, durante as filmagens, ele comprava pão, frios, linguiças e fazia lanches para a equipe. O Hélio Menezes, já falecido, era dono de uma agência de figurantes, também veio ajudar.</p>
<p>Os atores eram quase todos amadores, figurantes. Hélio, que era gaúcho, um dia fez um arroz a carreteiro para a equipe, num fogão improvisado nas locações. Quando estávamos no nosso estúdio, pedíamos emprestado pratos e talheres para um bar que  ficava ao lado. Vieram também o Eliseu Fernandes, fotógrafo, Mazinha (Osvaldo Leonel), eletricista, Luizinho, montador e amigos da Maristela que já trabalhavam conosco na montagem dos comerciais.<br />
Eu já havia escrito a história e depois fiz um roteiro do primeiro episódio, o piloto, que seria, definitivamente, O Diamante gran mogol. Para mim não foi difícil fazer isso, pois eu sempre tive facilidade em escrever. </p>
<p>Conversei com o pessoal da polícia e pedi quatro guardas permanentes para ficarem direto comigo durante as filmagens. Precisávamos da orientação deles nas estradas, às vezes nos distraíamos e invadíamos a estrada, um perigo, esse pessoal da polícia era absolutamente necessário, eles tomavam conta da gente, eles ficavam desviando o trânsito onde estávamos filmando.</p>
<p>Eram eles: Benedito Lupi, Mistrenel, Almir Castrioto, Álvaro Motta (o único vivo, encontrei com ele recentemente).  Esses quatro começaram comigo, me ajudaram muito e eu gostava de todos, mas confesso que Lupi era o meu preferido, um grande cara, bebia demais, morreu cedo, mas era um grande cara, deixou saudades.</p>

<p>Por Ary Fernandes A obsessão pela idéia superou os obstáculos, sem saber criou o maior fenômeno da televisão brasileira. Eu, quando criança, via os seriados no cinema, devorava gibis e ficava pensando porque não existia um seriado brasileiro, um personagem genuinamente brasileiro. Os heróis eram todos norte-americanos, tipo Flash Gordon, Tarzan, Capitão América, O Sombra, &#8230; <a title="A História da Minha Vida" class="read-more" href="https://www.vigilanterodoviario.com.br/retro/a-historia-da-minha-vida/">Acesse aqui<span class="screen-reader-text">A História da Minha Vida</span></a></p>
