{"id":569,"date":"2016-09-20T19:14:45","date_gmt":"2016-09-20T19:14:45","guid":{"rendered":"http:\/\/www.vigilanterodoviario.com.br\/retro\/?page_id=569"},"modified":"2022-02-12T14:38:16","modified_gmt":"2022-02-12T14:38:16","slug":"cd","status":"publish","type":"page","link":"https:\/\/www.vigilanterodoviario.com.br\/retro\/cd\/","title":{"rendered":"CD"},"content":{"rendered":"\t<video id=\"wp_mep_1\"   width=\"590\" height=\"330\"  controls=\"controls\" preload=\"none\"  >\r\n\t\t<source src=\"https:\/\/www.vigilanterodoviario.com.br\/retro\/wp-content\/uploads\/2022\/02\/vigilanterodoviario-branco.mp4.mp4\" type=\"video\/mp4\" \/>\r\n\t\t\r\n\t\t\r\n\t\t\r\n\t\t\r\n\t\t\r\n\t\t\r\n\t<\/video>\r\n<script type=\"text\/javascript\">\r\njQuery(document).ready(function($) {\r\n\t$('#wp_mep_1').mediaelementplayer({\r\n\t\tm:1\r\n\t\t\r\n\t\t,features: ['playpause','current','progress','duration','volume','tracks','fullscreen']\r\n\t\t\r\n\t});\r\n});\r\n<\/script>\r\n\n<p>Em 2002, Ary Fernandes foi procurado pelo Cantor e Compositor, &#8220;Bruno Gouveia&#8221; vocalista da Banda &#8220;BIQUINI CAVAD\u00c3O&#8221;, idealizador do CD &#8220;Superfant\u00e1stico, Quando Eu Era Pequeno&#8230;&#8221;, produzido pelo pr\u00f3prio &#8220;Bruno Gouveia&#8221; e Luiz Carlos &#8220;MEU BOM&#8221;.<\/p>\n<p>O Tema da S\u00e9rie &#8220;VIGILANTE RODOVI\u00c1RIO\u00ae&#8221;, cuja a composi\u00e7\u00e3o e direitos autorais tamb\u00e9m pertencem a Ary Fernandes, foi regravada com novo arranjo musical na voz de &#8220;Branco Mello&#8221; da Banda &#8220;OS TIT\u00c3S&#8221;.<\/p>\n<p><a href=\"https:\/\/www.youtube.com\/watch?v=NagWK6ir7zw\" target=\"_blank\" rel=\"noopener\">CD completo&#8230;<\/a><\/p>\n<p><a href=\"http:\/\/www.vigilanterodoviario.com.br\/aryfernandes\/capa1.jpg\"><img decoding=\"async\" class=\"aligncenter\" src=\"http:\/\/www.vigilanterodoviario.com.br\/aryfernandes\/capa1.jpg\" width=\"590\" \/><\/a><\/p>\n<p><a href=\"http:\/\/www.vigilanterodoviario.com.br\/aryfernandes\/brancomello2.JPG\"><img decoding=\"async\" class=\"aligncenter\" src=\"http:\/\/www.vigilanterodoviario.com.br\/aryfernandes\/brancomello2.JPG\" width=\"590\" \/><\/a><\/p>\n<p><a href=\"http:\/\/www.vigilanterodoviario.com.br\/aryfernandes\/convite2.JPG\"><img decoding=\"async\" class=\"aligncenter\" src=\"http:\/\/www.vigilanterodoviario.com.br\/aryfernandes\/convite2.JPG\" width=\"590\" \/><\/a><\/p>\n","protected":false},"excerpt":{"rendered":"<p>Em 2002, Ary Fernandes foi procurado pelo Cantor e Compositor, &#8220;Bruno Gouveia&#8221; vocalista da Banda &#8220;BIQUINI CAVAD\u00c3O&#8221;, idealizador do CD &#8220;Superfant\u00e1stico, Quando Eu Era Pequeno&#8230;&#8221;, produzido pelo pr\u00f3prio &#8220;Bruno Gouveia&#8221; e Luiz Carlos &#8220;MEU BOM&#8221;. O Tema da S\u00e9rie &#8220;VIGILANTE RODOVI\u00c1RIO\u00ae&#8221;, cuja a composi\u00e7\u00e3o e direitos autorais tamb\u00e9m pertencem a Ary Fernandes, foi regravada com &#8230; <a title=\"CD\" class=\"read-more\" href=\"https:\/\/www.vigilanterodoviario.com.br\/retro\/cd\/\">Acesse aqui<span class=\"screen-reader-text\">CD<\/span><\/a><\/p>\n","protected":false},"author":2,"featured_media":0,"parent":0,"menu_order":0,"comment_status":"closed","ping_status":"closed","template":"","meta":{"footnotes":""},"class_list":["post-569","page","type-page","status-publish"],"_links":{"self":[{"href":"https:\/\/www.vigilanterodoviario.com.br\/retro\/wp-json\/wp\/v2\/pages\/569","targetHints":{"allow":["GET"]}}],"collection":[{"href":"https:\/\/www.vigilanterodoviario.com.br\/retro\/wp-json\/wp\/v2\/pages"}],"about":[{"href":"https:\/\/www.vigilanterodoviario.com.br\/retro\/wp-json\/wp\/v2\/types\/page"}],"author":[{"embeddable":true,"href":"https:\/\/www.vigilanterodoviario.com.br\/retro\/wp-json\/wp\/v2\/users\/2"}],"replies":[{"embeddable":true,"href":"https:\/\/www.vigilanterodoviario.com.br\/retro\/wp-json\/wp\/v2\/comments?post=569"}],"version-history":[{"count":1,"href":"https:\/\/www.vigilanterodoviario.com.br\/retro\/wp-json\/wp\/v2\/pages\/569\/revisions"}],"predecessor-version":[{"id":1350,"href":"https:\/\/www.vigilanterodoviario.com.br\/retro\/wp-json\/wp\/v2\/pages\/569\/revisions\/1350"}],"wp:attachment":[{"href":"https:\/\/www.vigilanterodoviario.com.br\/retro\/wp-json\/wp\/v2\/media?parent=569"}],"curies":[{"name":"wp","href":"https:\/\/api.w.org\/{rel}","templated":true}]}}

<video id="wp_mep_1"   width="590" height="330"  controls="controls" preload="none"  >
		<source src="https://www.vigilanterodoviario.com.br/retro/wp-content/uploads/2022/02/vigilanterodoviario-branco.mp4.mp4" type="video/mp4" />
		
		
		
		
		
		
	</video>
<script type="text/javascript">
jQuery(document).ready(function($) {
	$('#wp_mep_1').mediaelementplayer({
		m:1
		
		,features: ['playpause','current','progress','duration','volume','tracks','fullscreen']
		
	});
});
</script>

<p>Em 2002, Ary Fernandes foi procurado pelo Cantor e Compositor, &#8220;Bruno Gouveia&#8221; vocalista da Banda &#8220;BIQUINI CAVADÃO&#8221;, idealizador do CD &#8220;Superfantástico, Quando Eu Era Pequeno&#8230;&#8221;, produzido pelo próprio &#8220;Bruno Gouveia&#8221; e Luiz Carlos &#8220;MEU BOM&#8221;.</p>
<p>O Tema da Série &#8220;VIGILANTE RODOVIÁRIO®&#8221;, cuja a composição e direitos autorais também pertencem a Ary Fernandes, foi regravada com novo arranjo musical na voz de &#8220;Branco Mello&#8221; da Banda &#8220;OS TITÃS&#8221;.</p>
<p><a href="https://www.youtube.com/watch?v=NagWK6ir7zw" target="_blank" rel="noopener">CD completo&#8230;</a></p>
<p><a href="http://www.vigilanterodoviario.com.br/aryfernandes/capa1.jpg"><img decoding="async" class="aligncenter" src="http://www.vigilanterodoviario.com.br/aryfernandes/capa1.jpg" width="590" /></a></p>
<p><a href="http://www.vigilanterodoviario.com.br/aryfernandes/brancomello2.JPG"><img decoding="async" class="aligncenter" src="http://www.vigilanterodoviario.com.br/aryfernandes/brancomello2.JPG" width="590" /></a></p>
<p><a href="http://www.vigilanterodoviario.com.br/aryfernandes/convite2.JPG"><img decoding="async" class="aligncenter" src="http://www.vigilanterodoviario.com.br/aryfernandes/convite2.JPG" width="590" /></a></p>

<p>Em 2002, Ary Fernandes foi procurado pelo Cantor e Compositor, &#8220;Bruno Gouveia&#8221; vocalista da Banda &#8220;BIQUINI CAVADÃO&#8221;, idealizador do CD &#8220;Superfantástico, Quando Eu Era Pequeno&#8230;&#8221;, produzido pelo próprio &#8220;Bruno Gouveia&#8221; e Luiz Carlos &#8220;MEU BOM&#8221;. O Tema da Série &#8220;VIGILANTE RODOVIÁRIO®&#8221;, cuja a composição e direitos autorais também pertencem a Ary Fernandes, foi regravada com &#8230; <a title="CD" class="read-more" href="https://www.vigilanterodoviario.com.br/retro/cd/">Acesse aqui<span class="screen-reader-text">CD</span></a></p>
