{"id":498,"date":"2016-09-19T14:05:46","date_gmt":"2016-09-19T14:05:46","guid":{"rendered":"http:\/\/www.vigilanterodoviario.com.br\/retro\/?page_id=498"},"modified":"2022-02-12T18:33:04","modified_gmt":"2022-02-12T18:33:04","slug":"homenagens","status":"publish","type":"page","link":"https:\/\/www.vigilanterodoviario.com.br\/retro\/homenagens\/","title":{"rendered":"Homenagens"},"content":{"rendered":"\t<video id=\"wp_mep_1\" src=\"https:\/\/www.vigilanterodoviario.com.br\/retro\/wp-content\/uploads\/2022\/02\/1644618220-50-anos-tv.mp4\"  width=\"590\" height=\"330\" poster=\"https:\/\/www.vigilanterodoviario.com.br\/retro\/wp-content\/uploads\/2022\/02\/1644618220-50-anos-tv_2.jpg\" controls=\"controls\" preload=\"none\"  >\r\n\t\t\r\n\t\t\r\n\t\t\r\n\t\t\r\n\t\t\r\n\t\t\r\n\t\t\r\n\t<\/video>\r\n<script type=\"text\/javascript\">\r\njQuery(document).ready(function($) {\r\n\t$('#wp_mep_1').mediaelementplayer({\r\n\t\tm:1\r\n\t\t\r\n\t\t,features: ['playpause','current','progress','duration','volume','tracks','fullscreen']\r\n\t\t\r\n\t});\r\n});\r\n<\/script>\r\n\n<p>Homenagem Comemora\u00e7\u00e3o &#8220;50 Anos da TV Brasileira&#8221; &#8211; REDE GLOBO DE TELEVIS\u00c3O<br \/>\nApresentado por Elias Gleiser, com Susana Vieira, T\u00f4nico Pereira e grande elenco.<\/p>\n\t<video id=\"wp_mep_2\" src=\"https:\/\/www.vigilanterodoviario.com.br\/retro\/wp-content\/uploads\/2022\/02\/1644618377-tv50anos-1.mp4\"  width=\"590\" height=\"330\" poster=\"https:\/\/www.vigilanterodoviario.com.br\/retro\/wp-content\/uploads\/2022\/02\/1644618377-tv50anos-1_4.jpg\" controls=\"controls\" preload=\"none\"  >\r\n\t\t\r\n\t\t\r\n\t\t\r\n\t\t\r\n\t\t\r\n\t\t\r\n\t\t\r\n\t<\/video>\r\n<script type=\"text\/javascript\">\r\njQuery(document).ready(function($) {\r\n\t$('#wp_mep_2').mediaelementplayer({\r\n\t\tm:1\r\n\t\t\r\n\t\t,features: ['playpause','current','progress','duration','volume','tracks','fullscreen']\r\n\t\t\r\n\t});\r\n});\r\n<\/script>\r\n\n<p>Vinheta TV 50 Anos\/TV Globo 35 Anos &#8211; Rede Globo de Televis\u00e3o<br \/>\nNarra\u00e7\u00e3o: Luciano Szafir &#8211; setembro\/2000<\/p>\n\t<video id=\"wp_mep_3\" src=\"https:\/\/www.vigilanterodoviario.com.br\/retro\/wp-content\/uploads\/2022\/02\/1644618386-videoshow21-11-96.mp4\"  width=\"590\" height=\"330\" poster=\"https:\/\/www.vigilanterodoviario.com.br\/retro\/wp-content\/uploads\/2022\/02\/1644618386-videoshow21-11-96_1.jpg\" controls=\"controls\" preload=\"none\"  >\r\n\t\t\r\n\t\t\r\n\t\t\r\n\t\t\r\n\t\t\r\n\t\t\r\n\t\t\r\n\t<\/video>\r\n<script type=\"text\/javascript\">\r\njQuery(document).ready(function($) {\r\n\t$('#wp_mep_3').mediaelementplayer({\r\n\t\tm:1\r\n\t\t\r\n\t\t,features: ['playpause','current','progress','duration','volume','tracks','fullscreen']\r\n\t\t\r\n\t});\r\n});\r\n<\/script>\r\n\n<p>V\u00eddeo Show &#8211; Rede Globo de Televis\u00e3o<br \/>\nHomenagem e apresenta\u00e7\u00e3o: Miguel Falabella 21\/11\/1996<\/p>\n\t<video id=\"wp_mep_4\" src=\"https:\/\/www.vigilanterodoviario.com.br\/retro\/wp-content\/uploads\/2022\/02\/1644618368-sesc.mp4\"  width=\"590\" height=\"330\" poster=\"https:\/\/www.vigilanterodoviario.com.br\/retro\/wp-content\/uploads\/2022\/02\/1644618368-sesc_1.jpg\" controls=\"controls\" preload=\"none\"  >\r\n\t\t\r\n\t\t\r\n\t\t\r\n\t\t\r\n\t\t\r\n\t\t\r\n\t\t\r\n\t<\/video>\r\n<script type=\"text\/javascript\">\r\njQuery(document).ready(function($) {\r\n\t$('#wp_mep_4').mediaelementplayer({\r\n\t\tm:1\r\n\t\t\r\n\t\t,features: ['playpause','current','progress','duration','volume','tracks','fullscreen']\r\n\t\t\r\n\t});\r\n});\r\n<\/script>\r\n\n<p>Palestra SESC IPIRANGA<br \/>\nAry Fernandes e Carlos Miranda &#8211; 13\/07\/2004<\/p>\n\t<video id=\"wp_mep_5\" src=\"https:\/\/www.vigilanterodoviario.com.br\/retro\/wp-content\/uploads\/2022\/02\/1644618252-ary.mp4\"  width=\"590\" height=\"330\" poster=\"https:\/\/www.vigilanterodoviario.com.br\/retro\/wp-content\/uploads\/2022\/02\/1644618252-ary_5.jpg\" controls=\"controls\" preload=\"none\"  >\r\n\t\t\r\n\t\t\r\n\t\t\r\n\t\t\r\n\t\t\r\n\t\t\r\n\t\t\r\n\t<\/video>\r\n<script type=\"text\/javascript\">\r\njQuery(document).ready(function($) {\r\n\t$('#wp_mep_5').mediaelementplayer({\r\n\t\tm:1\r\n\t\t\r\n\t\t,features: ['playpause','current','progress','duration','volume','tracks','fullscreen']\r\n\t\t\r\n\t});\r\n});\r\n<\/script>\r\n\n<p>Cinemateca do Estado de S\u00e3o Paulo &#8211; Homenagem\/2004<\/p>\n\t<video id=\"wp_mep_6\" src=\"https:\/\/www.vigilanterodoviario.com.br\/retro\/wp-content\/uploads\/2022\/02\/1644618395-vigilanteferroviario1.mp4\"  width=\"590\" height=\"330\" poster=\"https:\/\/www.vigilanterodoviario.com.br\/retro\/wp-content\/uploads\/2022\/02\/1644618395-vigilanteferroviario1_1.jpg\" controls=\"controls\" preload=\"none\"  >\r\n\t\t\r\n\t\t\r\n\t\t\r\n\t\t\r\n\t\t\r\n\t\t\r\n\t\t\r\n\t<\/video>\r\n<script type=\"text\/javascript\">\r\njQuery(document).ready(function($) {\r\n\t$('#wp_mep_6').mediaelementplayer({\r\n\t\tm:1\r\n\t\t\r\n\t\t,features: ['playpause','current','progress','duration','volume','tracks','fullscreen']\r\n\t\t\r\n\t});\r\n});\r\n<\/script>\r\n\n<p>TV PIRATA &#8211; REDE GLOBO DE TELEVIS\u00c3O<br \/>\n&#8220;O Vigilante Ferrovi\u00e1rio&#8221; com Diogo Vilela, Pedro Paulo Rangel e Guilherme Karan<br \/>\nS\u00e1tira da s\u00e9rie Vigilante Rodovi\u00e1rio\u00ae criada por Ary Fernandes<\/p>\n\t<video id=\"wp_mep_7\" src=\"https:\/\/www.vigilanterodoviario.com.br\/retro\/wp-content\/uploads\/2022\/02\/1644618398-vigilanteferroviario2.mp4\"  width=\"590\" height=\"330\" poster=\"https:\/\/www.vigilanterodoviario.com.br\/retro\/wp-content\/uploads\/2022\/02\/1644618398-vigilanteferroviario2_1.jpg\" controls=\"controls\" preload=\"none\"  >\r\n\t\t\r\n\t\t\r\n\t\t\r\n\t\t\r\n\t\t\r\n\t\t\r\n\t\t\r\n\t<\/video>\r\n<script type=\"text\/javascript\">\r\njQuery(document).ready(function($) {\r\n\t$('#wp_mep_7').mediaelementplayer({\r\n\t\tm:1\r\n\t\t\r\n\t\t,features: ['playpause','current','progress','duration','volume','tracks','fullscreen']\r\n\t\t\r\n\t});\r\n});\r\n<\/script>\r\n\n<p>TV PIRATA &#8211; REDE GLOBO DE TELEVIS\u00c3O<br \/>\n&#8220;O Vigilante Ferrovi\u00e1rio&#8221; com Diogo Vilela, Lu\u00eds Fernando Guimar\u00e3es e D\u00e9borah Bloch<br \/>\nS\u00e1tira da s\u00e9rie Vigilante Rodovi\u00e1rio\u00ae criada por Ary Fernandes<\/p>\n\t<video id=\"wp_mep_8\" src=\"https:\/\/www.vigilanterodoviario.com.br\/retro\/wp-content\/uploads\/2022\/02\/1644618388-vigilantedopeso.mp4\"  width=\"590\" height=\"330\" poster=\"https:\/\/www.vigilanterodoviario.com.br\/retro\/wp-content\/uploads\/2022\/02\/1644618388-vigilantedopeso_3.jpg\" controls=\"controls\" preload=\"none\"  >\r\n\t\t\r\n\t\t\r\n\t\t\r\n\t\t\r\n\t\t\r\n\t\t\r\n\t\t\r\n\t<\/video>\r\n<script type=\"text\/javascript\">\r\njQuery(document).ready(function($) {\r\n\t$('#wp_mep_8').mediaelementplayer({\r\n\t\tm:1\r\n\t\t\r\n\t\t,features: ['playpause','current','progress','duration','volume','tracks','fullscreen']\r\n\t\t\r\n\t});\r\n});\r\n<\/script>\r\n\n<p>TV PIRATA &#8211; REDE GLOBO DE TELEVIS\u00c3O<br \/>\n&#8220;O Vigilante do Peso&#8221; com Guilherme Karan, Cl\u00e1udia Raia e Cristina Pereira<br \/>\nS\u00e1tira da s\u00e9rie Vigilante Rodovi\u00e1rio\u00ae criada por Ary Fernandes<\/p>\n\t<video id=\"wp_mep_9\" src=\"https:\/\/www.vigilanterodoviario.com.br\/retro\/wp-content\/uploads\/2022\/02\/1644618343-muvuca-13-06-2000.mp4\"  width=\"590\" height=\"330\" poster=\"https:\/\/www.vigilanterodoviario.com.br\/retro\/wp-content\/uploads\/2022\/02\/1644618343-muvuca-13-06-2000_4.jpg\" controls=\"controls\" preload=\"none\"  >\r\n\t\t\r\n\t\t\r\n\t\t\r\n\t\t\r\n\t\t\r\n\t\t\r\n\t\t\r\n\t<\/video>\r\n<script type=\"text\/javascript\">\r\njQuery(document).ready(function($) {\r\n\t$('#wp_mep_9').mediaelementplayer({\r\n\t\tm:1\r\n\t\t\r\n\t\t,features: ['playpause','current','progress','duration','volume','tracks','fullscreen']\r\n\t\t\r\n\t});\r\n});\r\n<\/script>\r\n\n<p>Programa: MUVUCA Rede Globo de Televis\u00e3o<br \/>\nApresentado por Regina Cas\u00e9 13\/06\/2000<br \/>\nHomenagem \u00e0 s\u00e9rie idealizada e criada por Ary Fernandes<\/p>\n","protected":false},"excerpt":{"rendered":"<p>Homenagem Comemora\u00e7\u00e3o &#8220;50 Anos da TV Brasileira&#8221; &#8211; REDE GLOBO DE TELEVIS\u00c3O Apresentado por Elias Gleiser, com Susana Vieira, T\u00f4nico Pereira e grande elenco. Vinheta TV 50 Anos\/TV Globo 35 Anos &#8211; Rede Globo de Televis\u00e3o Narra\u00e7\u00e3o: Luciano Szafir &#8211; setembro\/2000 V\u00eddeo Show &#8211; Rede Globo de Televis\u00e3o Homenagem e apresenta\u00e7\u00e3o: Miguel Falabella 21\/11\/1996 Palestra &#8230; <a title=\"Homenagens\" class=\"read-more\" href=\"https:\/\/www.vigilanterodoviario.com.br\/retro\/homenagens\/\">Acesse aqui<span class=\"screen-reader-text\">Homenagens<\/span><\/a><\/p>\n","protected":false},"author":2,"featured_media":0,"parent":0,"menu_order":0,"comment_status":"closed","ping_status":"closed","template":"","meta":{"footnotes":""},"class_list":["post-498","page","type-page","status-publish"],"_links":{"self":[{"href":"https:\/\/www.vigilanterodoviario.com.br\/retro\/wp-json\/wp\/v2\/pages\/498","targetHints":{"allow":["GET"]}}],"collection":[{"href":"https:\/\/www.vigilanterodoviario.com.br\/retro\/wp-json\/wp\/v2\/pages"}],"about":[{"href":"https:\/\/www.vigilanterodoviario.com.br\/retro\/wp-json\/wp\/v2\/types\/page"}],"author":[{"embeddable":true,"href":"https:\/\/www.vigilanterodoviario.com.br\/retro\/wp-json\/wp\/v2\/users\/2"}],"replies":[{"embeddable":true,"href":"https:\/\/www.vigilanterodoviario.com.br\/retro\/wp-json\/wp\/v2\/comments?post=498"}],"version-history":[{"count":1,"href":"https:\/\/www.vigilanterodoviario.com.br\/retro\/wp-json\/wp\/v2\/pages\/498\/revisions"}],"predecessor-version":[{"id":1398,"href":"https:\/\/www.vigilanterodoviario.com.br\/retro\/wp-json\/wp\/v2\/pages\/498\/revisions\/1398"}],"wp:attachment":[{"href":"https:\/\/www.vigilanterodoviario.com.br\/retro\/wp-json\/wp\/v2\/media?parent=498"}],"curies":[{"name":"wp","href":"https:\/\/api.w.org\/{rel}","templated":true}]}}

<video id="wp_mep_1" src="https://www.vigilanterodoviario.com.br/retro/wp-content/uploads/2022/02/1644618220-50-anos-tv.mp4"  width="590" height="330" poster="https://www.vigilanterodoviario.com.br/retro/wp-content/uploads/2022/02/1644618220-50-anos-tv_2.jpg" controls="controls" preload="none"  >
		
		
		
		
		
		
		
	</video>
<script type="text/javascript">
jQuery(document).ready(function($) {
	$('#wp_mep_1').mediaelementplayer({
		m:1
		
		,features: ['playpause','current','progress','duration','volume','tracks','fullscreen']
		
	});
});
</script>

<p>Homenagem Comemoração &#8220;50 Anos da TV Brasileira&#8221; &#8211; REDE GLOBO DE TELEVISÃO<br />
Apresentado por Elias Gleiser, com Susana Vieira, Tônico Pereira e grande elenco.</p>
	<video id="wp_mep_2" src="https://www.vigilanterodoviario.com.br/retro/wp-content/uploads/2022/02/1644618377-tv50anos-1.mp4"  width="590" height="330" poster="https://www.vigilanterodoviario.com.br/retro/wp-content/uploads/2022/02/1644618377-tv50anos-1_4.jpg" controls="controls" preload="none"  >
		
		
		
		
		
		
		
	</video>
<script type="text/javascript">
jQuery(document).ready(function($) {
	$('#wp_mep_2').mediaelementplayer({
		m:1
		
		,features: ['playpause','current','progress','duration','volume','tracks','fullscreen']
		
	});
});
</script>

<p>Vinheta TV 50 Anos/TV Globo 35 Anos &#8211; Rede Globo de Televisão<br />
Narração: Luciano Szafir &#8211; setembro/2000</p>
	<video id="wp_mep_3" src="https://www.vigilanterodoviario.com.br/retro/wp-content/uploads/2022/02/1644618386-videoshow21-11-96.mp4"  width="590" height="330" poster="https://www.vigilanterodoviario.com.br/retro/wp-content/uploads/2022/02/1644618386-videoshow21-11-96_1.jpg" controls="controls" preload="none"  >
		
		
		
		
		
		
		
	</video>
<script type="text/javascript">
jQuery(document).ready(function($) {
	$('#wp_mep_3').mediaelementplayer({
		m:1
		
		,features: ['playpause','current','progress','duration','volume','tracks','fullscreen']
		
	});
});
</script>

<p>Vídeo Show &#8211; Rede Globo de Televisão<br />
Homenagem e apresentação: Miguel Falabella 21/11/1996</p>
	<video id="wp_mep_4" src="https://www.vigilanterodoviario.com.br/retro/wp-content/uploads/2022/02/1644618368-sesc.mp4"  width="590" height="330" poster="https://www.vigilanterodoviario.com.br/retro/wp-content/uploads/2022/02/1644618368-sesc_1.jpg" controls="controls" preload="none"  >
		
		
		
		
		
		
		
	</video>
<script type="text/javascript">
jQuery(document).ready(function($) {
	$('#wp_mep_4').mediaelementplayer({
		m:1
		
		,features: ['playpause','current','progress','duration','volume','tracks','fullscreen']
		
	});
});
</script>

<p>Palestra SESC IPIRANGA<br />
Ary Fernandes e Carlos Miranda &#8211; 13/07/2004</p>
	<video id="wp_mep_5" src="https://www.vigilanterodoviario.com.br/retro/wp-content/uploads/2022/02/1644618252-ary.mp4"  width="590" height="330" poster="https://www.vigilanterodoviario.com.br/retro/wp-content/uploads/2022/02/1644618252-ary_5.jpg" controls="controls" preload="none"  >
		
		
		
		
		
		
		
	</video>
<script type="text/javascript">
jQuery(document).ready(function($) {
	$('#wp_mep_5').mediaelementplayer({
		m:1
		
		,features: ['playpause','current','progress','duration','volume','tracks','fullscreen']
		
	});
});
</script>

<p>Cinemateca do Estado de São Paulo &#8211; Homenagem/2004</p>
	<video id="wp_mep_6" src="https://www.vigilanterodoviario.com.br/retro/wp-content/uploads/2022/02/1644618395-vigilanteferroviario1.mp4"  width="590" height="330" poster="https://www.vigilanterodoviario.com.br/retro/wp-content/uploads/2022/02/1644618395-vigilanteferroviario1_1.jpg" controls="controls" preload="none"  >
		
		
		
		
		
		
		
	</video>
<script type="text/javascript">
jQuery(document).ready(function($) {
	$('#wp_mep_6').mediaelementplayer({
		m:1
		
		,features: ['playpause','current','progress','duration','volume','tracks','fullscreen']
		
	});
});
</script>

<p>TV PIRATA &#8211; REDE GLOBO DE TELEVISÃO<br />
&#8220;O Vigilante Ferroviário&#8221; com Diogo Vilela, Pedro Paulo Rangel e Guilherme Karan<br />
Sátira da série Vigilante Rodoviário® criada por Ary Fernandes</p>
	<video id="wp_mep_7" src="https://www.vigilanterodoviario.com.br/retro/wp-content/uploads/2022/02/1644618398-vigilanteferroviario2.mp4"  width="590" height="330" poster="https://www.vigilanterodoviario.com.br/retro/wp-content/uploads/2022/02/1644618398-vigilanteferroviario2_1.jpg" controls="controls" preload="none"  >
		
		
		
		
		
		
		
	</video>
<script type="text/javascript">
jQuery(document).ready(function($) {
	$('#wp_mep_7').mediaelementplayer({
		m:1
		
		,features: ['playpause','current','progress','duration','volume','tracks','fullscreen']
		
	});
});
</script>

<p>TV PIRATA &#8211; REDE GLOBO DE TELEVISÃO<br />
&#8220;O Vigilante Ferroviário&#8221; com Diogo Vilela, Luís Fernando Guimarães e Déborah Bloch<br />
Sátira da série Vigilante Rodoviário® criada por Ary Fernandes</p>
	<video id="wp_mep_8" src="https://www.vigilanterodoviario.com.br/retro/wp-content/uploads/2022/02/1644618388-vigilantedopeso.mp4"  width="590" height="330" poster="https://www.vigilanterodoviario.com.br/retro/wp-content/uploads/2022/02/1644618388-vigilantedopeso_3.jpg" controls="controls" preload="none"  >
		
		
		
		
		
		
		
	</video>
<script type="text/javascript">
jQuery(document).ready(function($) {
	$('#wp_mep_8').mediaelementplayer({
		m:1
		
		,features: ['playpause','current','progress','duration','volume','tracks','fullscreen']
		
	});
});
</script>

<p>TV PIRATA &#8211; REDE GLOBO DE TELEVISÃO<br />
&#8220;O Vigilante do Peso&#8221; com Guilherme Karan, Cláudia Raia e Cristina Pereira<br />
Sátira da série Vigilante Rodoviário® criada por Ary Fernandes</p>
	<video id="wp_mep_9" src="https://www.vigilanterodoviario.com.br/retro/wp-content/uploads/2022/02/1644618343-muvuca-13-06-2000.mp4"  width="590" height="330" poster="https://www.vigilanterodoviario.com.br/retro/wp-content/uploads/2022/02/1644618343-muvuca-13-06-2000_4.jpg" controls="controls" preload="none"  >
		
		
		
		
		
		
		
	</video>
<script type="text/javascript">
jQuery(document).ready(function($) {
	$('#wp_mep_9').mediaelementplayer({
		m:1
		
		,features: ['playpause','current','progress','duration','volume','tracks','fullscreen']
		
	});
});
</script>

<p>Programa: MUVUCA Rede Globo de Televisão<br />
Apresentado por Regina Casé 13/06/2000<br />
Homenagem à série idealizada e criada por Ary Fernandes</p>

<p>Homenagem Comemoração &#8220;50 Anos da TV Brasileira&#8221; &#8211; REDE GLOBO DE TELEVISÃO Apresentado por Elias Gleiser, com Susana Vieira, Tônico Pereira e grande elenco. Vinheta TV 50 Anos/TV Globo 35 Anos &#8211; Rede Globo de Televisão Narração: Luciano Szafir &#8211; setembro/2000 Vídeo Show &#8211; Rede Globo de Televisão Homenagem e apresentação: Miguel Falabella 21/11/1996 Palestra &#8230; <a title="Homenagens" class="read-more" href="https://www.vigilanterodoviario.com.br/retro/homenagens/">Acesse aqui<span class="screen-reader-text">Homenagens</span></a></p>
