{"id":384,"date":"2016-09-14T14:05:29","date_gmt":"2016-09-14T14:05:29","guid":{"rendered":"http:\/\/www.vigilanterodoviario.com.br\/retro\/?page_id=384"},"modified":"2022-02-11T23:18:11","modified_gmt":"2022-02-11T23:18:11","slug":"dublagem-2","status":"publish","type":"page","link":"https:\/\/www.vigilanterodoviario.com.br\/retro\/dublagem-2\/","title":{"rendered":"Dublagem"},"content":{"rendered":"\t<video id=\"wp_mep_1\" src=\"https:\/\/www.vigilanterodoviario.com.br\/retro\/wp-content\/uploads\/2022\/02\/1644617743-a-vida-moderna-de-rocko.mp4\"  width=\"590\" height=\"330\" poster=\"https:\/\/www.vigilanterodoviario.com.br\/retro\/wp-content\/uploads\/2022\/02\/1644617743-a-vida-moderna-de-rocko_3.jpg\" controls=\"controls\" preload=\"none\"  >\r\n\t\t\r\n\t\t\r\n\t\t\r\n\t\t\r\n\t\t\r\n\t\t\r\n\t\t\r\n\t<\/video>\r\n<script type=\"text\/javascript\">\r\njQuery(document).ready(function($) {\r\n\t$('#wp_mep_1').mediaelementplayer({\r\n\t\tm:1\r\n\t\t\r\n\t\t,features: ['playpause','current','progress','duration','volume','tracks','fullscreen']\r\n\t\t\r\n\t});\r\n});\r\n<\/script>\r\n\n<p>Epis\u00f3dio de <a href=\"http:\/\/us.imdb.com\/title\/tt0106115\/\" target=\"_blank\" rel=\"noopener\">A vIdA mOdErNa De RoCkO<\/a> &#8211; <em>O v\u00eddeo destina-se \u00fanica e exclusivamente a homenagear a s\u00e9rie de desenhos animados A vIdA mOdErNa De RoCkO, bem como o dublador brasileiro do personagem t\u00edtulo, o cineasta Ary Fernandes.<\/em><\/p>\n\t<video id=\"wp_mep_2\" src=\"https:\/\/www.vigilanterodoviario.com.br\/retro\/wp-content\/uploads\/2022\/02\/1644618230-abertura-rocko.mp4\"  width=\"590\" height=\"330\" poster=\"https:\/\/www.vigilanterodoviario.com.br\/retro\/wp-content\/uploads\/2022\/02\/1644618230-abertura-rocko_4.jpg\" controls=\"controls\" preload=\"none\"  >\r\n\t\t\r\n\t\t\r\n\t\t\r\n\t\t\r\n\t\t\r\n\t\t\r\n\t\t\r\n\t<\/video>\r\n<script type=\"text\/javascript\">\r\njQuery(document).ready(function($) {\r\n\t$('#wp_mep_2').mediaelementplayer({\r\n\t\tm:1\r\n\t\t\r\n\t\t,features: ['playpause','current','progress','duration','volume','tracks','fullscreen']\r\n\t\t\r\n\t});\r\n});\r\n<\/script>\r\n\n<p>Abertura de <a href=\"http:\/\/us.imdb.com\/title\/tt0106115\/\" target=\"_blank\" rel=\"noopener\">A vIdA mOdErNa De RoCkO<\/a> &#8211; <em>O v\u00eddeo destina-se \u00fanica e exclusivamente a homenagear a s\u00e9rie de desenhos animados A vIdA mOdErNa De RoCkO, bem como o dublador brasileiro do personagem t\u00edtulo, o cineasta Ary Fernandes.<\/em><\/p>\n\t<video id=\"wp_mep_3\" src=\"https:\/\/www.vigilanterodoviario.com.br\/retro\/wp-content\/uploads\/2022\/02\/1644618247-albiori2.mp4\"  width=\"590\" height=\"330\" poster=\"https:\/\/www.vigilanterodoviario.com.br\/retro\/wp-content\/uploads\/2022\/02\/1644618247-albiori2_4.jpg\" controls=\"controls\" preload=\"none\"  >\r\n\t\t\r\n\t\t\r\n\t\t\r\n\t\t\r\n\t\t\r\n\t\t\r\n\t\t\r\n\t<\/video>\r\n<script type=\"text\/javascript\">\r\njQuery(document).ready(function($) {\r\n\t$('#wp_mep_3').mediaelementplayer({\r\n\t\tm:1\r\n\t\t\r\n\t\t,features: ['playpause','current','progress','duration','volume','tracks','fullscreen']\r\n\t\t\r\n\t});\r\n});\r\n<\/script>\r\n\n<p>Epis\u00f3dio de &#8220;Durma em paz shun!&#8221; &#8211; <em>Ary Fernandes dublou o personagem &#8220;Mestre Albion de Cef\u00e9u&#8221;, em 1994, no est\u00fadio &#8220;Gota M\u00e1gica&#8221; da s\u00e9rie de animes &#8220;Os Cavaleiros do Zod\u00edaco&#8221;<\/em><\/p>\n\t<video id=\"wp_mep_4\" src=\"https:\/\/www.vigilanterodoviario.com.br\/retro\/wp-content\/uploads\/2022\/02\/1644618241-albiori.mp4\"  width=\"590\" height=\"330\" poster=\"https:\/\/www.vigilanterodoviario.com.br\/retro\/wp-content\/uploads\/2022\/02\/1644618241-albiori_2.jpg\" controls=\"controls\" preload=\"none\"  >\r\n\t\t\r\n\t\t\r\n\t\t\r\n\t\t\r\n\t\t\r\n\t\t\r\n\t\t\r\n\t<\/video>\r\n<script type=\"text\/javascript\">\r\njQuery(document).ready(function($) {\r\n\t$('#wp_mep_4').mediaelementplayer({\r\n\t\tm:1\r\n\t\t\r\n\t\t,features: ['playpause','current','progress','duration','volume','tracks','fullscreen']\r\n\t\t\r\n\t});\r\n});\r\n<\/script>\r\n\n<p>Epis\u00f3dio de &#8220;O Doce Aroma da Morte!&#8221; &#8211; <em>Ary Fernandes dublou o personagem &#8220;Mestre Albion de Cef\u00e9u&#8221;, em 1994, no est\u00fadio &#8220;Gota M\u00e1gica&#8221; da s\u00e9rie de animes &#8220;Os Cavaleiros do Zod\u00edaco&#8221;<\/em><\/p>\n\t<video id=\"wp_mep_5\" src=\"https:\/\/www.vigilanterodoviario.com.br\/retro\/wp-content\/uploads\/2022\/02\/1644618233-a-casa-de-vidro.mp4\"  width=\"590\" height=\"330\" poster=\"https:\/\/www.vigilanterodoviario.com.br\/retro\/wp-content\/uploads\/2022\/02\/1644618233-a-casa-de-vidro_5.jpg\" controls=\"controls\" preload=\"none\"  >\r\n\t\t\r\n\t\t\r\n\t\t\r\n\t\t\r\n\t\t\r\n\t\t\r\n\t\t\r\n\t<\/video>\r\n<script type=\"text\/javascript\">\r\njQuery(document).ready(function($) {\r\n\t$('#wp_mep_5').mediaelementplayer({\r\n\t\tm:1\r\n\t\t\r\n\t\t,features: ['playpause','current','progress','duration','volume','tracks','fullscreen']\r\n\t\t\r\n\t});\r\n});\r\n<\/script>\r\n\n<p>Ary Fernandes dublou o policial do longa-metragem &#8220;A Casa de Vidro&#8221;.<\/p>\n\t<video id=\"wp_mep_6\" src=\"https:\/\/www.vigilanterodoviario.com.br\/retro\/wp-content\/uploads\/2022\/02\/1644618255-aryfernhenry.mp4\"  width=\"590\" height=\"330\" poster=\"https:\/\/www.vigilanterodoviario.com.br\/retro\/wp-content\/uploads\/2022\/02\/1644618255-aryfernhenry_2.jpg\" controls=\"controls\" preload=\"none\"  >\r\n\t\t\r\n\t\t\r\n\t\t\r\n\t\t\r\n\t\t\r\n\t\t\r\n\t\t\r\n\t<\/video>\r\n<script type=\"text\/javascript\">\r\njQuery(document).ready(function($) {\r\n\t$('#wp_mep_6').mediaelementplayer({\r\n\t\tm:1\r\n\t\t\r\n\t\t,features: ['playpause','current','progress','duration','volume','tracks','fullscreen']\r\n\t\t\r\n\t});\r\n});\r\n<\/script>\r\n\n<p>Ary Fernandes dublou o ator &#8220;George Plimpton&#8221;, que interpretou o personagem &#8220;Henry Lipkin&#8221; no longa-metragem &#8220;G\u00eanio Indom\u00e1vel&#8221;.<\/p>\n\t<video id=\"wp_mep_7\" src=\"https:\/\/www.vigilanterodoviario.com.br\/retro\/wp-content\/uploads\/2022\/02\/rocko-1.mp4\"  width=\"590\" height=\"330\" poster=\"https:\/\/www.vigilanterodoviario.com.br\/retro\/wp-content\/uploads\/2022\/02\/1644617743-a-vida-moderna-de-rocko_3.jpg\" controls=\"controls\" preload=\"none\"  >\r\n\t\t\r\n\t\t\r\n\t\t\r\n\t\t\r\n\t\t\r\n\t\t\r\n\t\t\r\n\t<\/video>\r\n<script type=\"text\/javascript\">\r\njQuery(document).ready(function($) {\r\n\t$('#wp_mep_7').mediaelementplayer({\r\n\t\tm:1\r\n\t\t\r\n\t\t,features: ['playpause','current','progress','duration','volume','tracks','fullscreen']\r\n\t\t\r\n\t});\r\n});\r\n<\/script>\r\n\n<p>\u00c1udio de Rocko: <em>Ary Fernandes \u00e9 o dublador brasileiro do personagem protagonista &#8220;Rocko&#8221;, da s\u00e9rie de desenhos animados: &#8220;A vIdA mOdErNa De RoCkO&#8221;.<\/em><\/p>\n<p><em> Esta p\u00e1gina destina-se \u00fanica e exclusivamente a homenagear o dublador brasileiro, produtor e cineasta Ary Fernandes. Sendo assim, n\u00e3o h\u00e1 nenhum interesse comercial nas referidas obras. <\/em><\/p>\n","protected":false},"excerpt":{"rendered":"<p>Epis\u00f3dio de A vIdA mOdErNa De RoCkO &#8211; O v\u00eddeo destina-se \u00fanica e exclusivamente a homenagear a s\u00e9rie de desenhos animados A vIdA mOdErNa De RoCkO, bem como o dublador brasileiro do personagem t\u00edtulo, o cineasta Ary Fernandes. Abertura de A vIdA mOdErNa De RoCkO &#8211; O v\u00eddeo destina-se \u00fanica e exclusivamente a homenagear a &#8230; <a title=\"Dublagem\" class=\"read-more\" href=\"https:\/\/www.vigilanterodoviario.com.br\/retro\/dublagem-2\/\">Acesse aqui<span class=\"screen-reader-text\">Dublagem<\/span><\/a><\/p>\n","protected":false},"author":2,"featured_media":0,"parent":0,"menu_order":0,"comment_status":"closed","ping_status":"closed","template":"","meta":{"footnotes":""},"class_list":["post-384","page","type-page","status-publish"],"_links":{"self":[{"href":"https:\/\/www.vigilanterodoviario.com.br\/retro\/wp-json\/wp\/v2\/pages\/384","targetHints":{"allow":["GET"]}}],"collection":[{"href":"https:\/\/www.vigilanterodoviario.com.br\/retro\/wp-json\/wp\/v2\/pages"}],"about":[{"href":"https:\/\/www.vigilanterodoviario.com.br\/retro\/wp-json\/wp\/v2\/types\/page"}],"author":[{"embeddable":true,"href":"https:\/\/www.vigilanterodoviario.com.br\/retro\/wp-json\/wp\/v2\/users\/2"}],"replies":[{"embeddable":true,"href":"https:\/\/www.vigilanterodoviario.com.br\/retro\/wp-json\/wp\/v2\/comments?post=384"}],"version-history":[{"count":28,"href":"https:\/\/www.vigilanterodoviario.com.br\/retro\/wp-json\/wp\/v2\/pages\/384\/revisions"}],"predecessor-version":[{"id":1317,"href":"https:\/\/www.vigilanterodoviario.com.br\/retro\/wp-json\/wp\/v2\/pages\/384\/revisions\/1317"}],"wp:attachment":[{"href":"https:\/\/www.vigilanterodoviario.com.br\/retro\/wp-json\/wp\/v2\/media?parent=384"}],"curies":[{"name":"wp","href":"https:\/\/api.w.org\/{rel}","templated":true}]}}

<video id="wp_mep_1" src="https://www.vigilanterodoviario.com.br/retro/wp-content/uploads/2022/02/1644617743-a-vida-moderna-de-rocko.mp4"  width="590" height="330" poster="https://www.vigilanterodoviario.com.br/retro/wp-content/uploads/2022/02/1644617743-a-vida-moderna-de-rocko_3.jpg" controls="controls" preload="none"  >
		
		
		
		
		
		
		
	</video>
<script type="text/javascript">
jQuery(document).ready(function($) {
	$('#wp_mep_1').mediaelementplayer({
		m:1
		
		,features: ['playpause','current','progress','duration','volume','tracks','fullscreen']
		
	});
});
</script>

<p>Episódio de <a href="http://us.imdb.com/title/tt0106115/" target="_blank" rel="noopener">A vIdA mOdErNa De RoCkO</a> &#8211; <em>O vídeo destina-se única e exclusivamente a homenagear a série de desenhos animados A vIdA mOdErNa De RoCkO, bem como o dublador brasileiro do personagem título, o cineasta Ary Fernandes.</em></p>
	<video id="wp_mep_2" src="https://www.vigilanterodoviario.com.br/retro/wp-content/uploads/2022/02/1644618230-abertura-rocko.mp4"  width="590" height="330" poster="https://www.vigilanterodoviario.com.br/retro/wp-content/uploads/2022/02/1644618230-abertura-rocko_4.jpg" controls="controls" preload="none"  >
		
		
		
		
		
		
		
	</video>
<script type="text/javascript">
jQuery(document).ready(function($) {
	$('#wp_mep_2').mediaelementplayer({
		m:1
		
		,features: ['playpause','current','progress','duration','volume','tracks','fullscreen']
		
	});
});
</script>

<p>Abertura de <a href="http://us.imdb.com/title/tt0106115/" target="_blank" rel="noopener">A vIdA mOdErNa De RoCkO</a> &#8211; <em>O vídeo destina-se única e exclusivamente a homenagear a série de desenhos animados A vIdA mOdErNa De RoCkO, bem como o dublador brasileiro do personagem título, o cineasta Ary Fernandes.</em></p>
	<video id="wp_mep_3" src="https://www.vigilanterodoviario.com.br/retro/wp-content/uploads/2022/02/1644618247-albiori2.mp4"  width="590" height="330" poster="https://www.vigilanterodoviario.com.br/retro/wp-content/uploads/2022/02/1644618247-albiori2_4.jpg" controls="controls" preload="none"  >
		
		
		
		
		
		
		
	</video>
<script type="text/javascript">
jQuery(document).ready(function($) {
	$('#wp_mep_3').mediaelementplayer({
		m:1
		
		,features: ['playpause','current','progress','duration','volume','tracks','fullscreen']
		
	});
});
</script>

<p>Episódio de &#8220;Durma em paz shun!&#8221; &#8211; <em>Ary Fernandes dublou o personagem &#8220;Mestre Albion de Ceféu&#8221;, em 1994, no estúdio &#8220;Gota Mágica&#8221; da série de animes &#8220;Os Cavaleiros do Zodíaco&#8221;</em></p>
	<video id="wp_mep_4" src="https://www.vigilanterodoviario.com.br/retro/wp-content/uploads/2022/02/1644618241-albiori.mp4"  width="590" height="330" poster="https://www.vigilanterodoviario.com.br/retro/wp-content/uploads/2022/02/1644618241-albiori_2.jpg" controls="controls" preload="none"  >
		
		
		
		
		
		
		
	</video>
<script type="text/javascript">
jQuery(document).ready(function($) {
	$('#wp_mep_4').mediaelementplayer({
		m:1
		
		,features: ['playpause','current','progress','duration','volume','tracks','fullscreen']
		
	});
});
</script>

<p>Episódio de &#8220;O Doce Aroma da Morte!&#8221; &#8211; <em>Ary Fernandes dublou o personagem &#8220;Mestre Albion de Ceféu&#8221;, em 1994, no estúdio &#8220;Gota Mágica&#8221; da série de animes &#8220;Os Cavaleiros do Zodíaco&#8221;</em></p>
	<video id="wp_mep_5" src="https://www.vigilanterodoviario.com.br/retro/wp-content/uploads/2022/02/1644618233-a-casa-de-vidro.mp4"  width="590" height="330" poster="https://www.vigilanterodoviario.com.br/retro/wp-content/uploads/2022/02/1644618233-a-casa-de-vidro_5.jpg" controls="controls" preload="none"  >
		
		
		
		
		
		
		
	</video>
<script type="text/javascript">
jQuery(document).ready(function($) {
	$('#wp_mep_5').mediaelementplayer({
		m:1
		
		,features: ['playpause','current','progress','duration','volume','tracks','fullscreen']
		
	});
});
</script>

<p>Ary Fernandes dublou o policial do longa-metragem &#8220;A Casa de Vidro&#8221;.</p>
	<video id="wp_mep_6" src="https://www.vigilanterodoviario.com.br/retro/wp-content/uploads/2022/02/1644618255-aryfernhenry.mp4"  width="590" height="330" poster="https://www.vigilanterodoviario.com.br/retro/wp-content/uploads/2022/02/1644618255-aryfernhenry_2.jpg" controls="controls" preload="none"  >
		
		
		
		
		
		
		
	</video>
<script type="text/javascript">
jQuery(document).ready(function($) {
	$('#wp_mep_6').mediaelementplayer({
		m:1
		
		,features: ['playpause','current','progress','duration','volume','tracks','fullscreen']
		
	});
});
</script>

<p>Ary Fernandes dublou o ator &#8220;George Plimpton&#8221;, que interpretou o personagem &#8220;Henry Lipkin&#8221; no longa-metragem &#8220;Gênio Indomável&#8221;.</p>
	<video id="wp_mep_7" src="https://www.vigilanterodoviario.com.br/retro/wp-content/uploads/2022/02/rocko-1.mp4"  width="590" height="330" poster="https://www.vigilanterodoviario.com.br/retro/wp-content/uploads/2022/02/1644617743-a-vida-moderna-de-rocko_3.jpg" controls="controls" preload="none"  >
		
		
		
		
		
		
		
	</video>
<script type="text/javascript">
jQuery(document).ready(function($) {
	$('#wp_mep_7').mediaelementplayer({
		m:1
		
		,features: ['playpause','current','progress','duration','volume','tracks','fullscreen']
		
	});
});
</script>

<p>Áudio de Rocko: <em>Ary Fernandes é o dublador brasileiro do personagem protagonista &#8220;Rocko&#8221;, da série de desenhos animados: &#8220;A vIdA mOdErNa De RoCkO&#8221;.</em></p>
<p><em> Esta página destina-se única e exclusivamente a homenagear o dublador brasileiro, produtor e cineasta Ary Fernandes. Sendo assim, não há nenhum interesse comercial nas referidas obras. </em></p>

<p>Episódio de A vIdA mOdErNa De RoCkO &#8211; O vídeo destina-se única e exclusivamente a homenagear a série de desenhos animados A vIdA mOdErNa De RoCkO, bem como o dublador brasileiro do personagem título, o cineasta Ary Fernandes. Abertura de A vIdA mOdErNa De RoCkO &#8211; O vídeo destina-se única e exclusivamente a homenagear a &#8230; <a title="Dublagem" class="read-more" href="https://www.vigilanterodoviario.com.br/retro/dublagem-2/">Acesse aqui<span class="screen-reader-text">Dublagem</span></a></p>
