{"id":381,"date":"2016-09-13T17:48:36","date_gmt":"2016-09-13T17:48:36","guid":{"rendered":"http:\/\/www.vigilanterodoviario.com.br\/retro\/?page_id=381"},"modified":"2016-09-13T17:48:36","modified_gmt":"2016-09-13T17:48:36","slug":"entrevistas","status":"publish","type":"page","link":"https:\/\/www.vigilanterodoviario.com.br\/retro\/entrevistas\/","title":{"rendered":"Entrevistas"},"content":{"rendered":"<div class=\"epyt-gallery\" data-currpage=\"1\" id=\"epyt_gallery_56980\"><iframe loading=\"lazy\"  id=\"_ytid_75774\"  width=\"1200\" height=\"675\"  data-origwidth=\"1200\" data-origheight=\"675\" src=\"https:\/\/www.youtube.com\/embed\/u1oZ6G_kDoQ?enablejsapi=1&autoplay=0&cc_load_policy=0&cc_lang_pref=&iv_load_policy=1&loop=0&rel=0&fs=1&playsinline=0&autohide=2&theme=dark&color=red&controls=1&disablekb=0&\" class=\"__youtube_prefs__  no-lazyload\" title=\"YouTube player\"  data-epytgalleryid=\"epyt_gallery_56980\"  allow=\"fullscreen; accelerometer; autoplay; clipboard-write; encrypted-media; gyroscope; picture-in-picture; web-share\" referrerpolicy=\"strict-origin-when-cross-origin\" allowfullscreen data-no-lazy=\"1\" data-skipgform_ajax_framebjll=\"\"><\/iframe><div class=\"epyt-gallery-list\"><div class=\"epyt-pagination \"><div tabindex=\"0\" role=\"button\" class=\"epyt-pagebutton epyt-prev  hide \" data-playlistid=\"PLqB0Yp-p8TXpyXhofH-ZoO_jvR3-afa3z\" data-pagesize=\"10\" data-pagetoken=\"\" data-epcolumns=\"2\" data-showtitle=\"1\" data-showpaging=\"1\" data-autonext=\"0\" data-thumbplay=\"1\"><div class=\"epyt-arrow\">&laquo;<\/div> <div>Anterior<\/div><\/div><div class=\"epyt-pagenumbers hide\"><div class=\"epyt-current\">1<\/div><div class=\"epyt-pageseparator\"> \/ <\/div><div class=\"epyt-totalpages\">1<\/div><\/div><div tabindex=\"0\" role=\"button\" class=\"epyt-pagebutton epyt-next hide \" data-playlistid=\"PLqB0Yp-p8TXpyXhofH-ZoO_jvR3-afa3z\" data-pagesize=\"10\" data-pagetoken=\"\" data-epcolumns=\"2\" data-showtitle=\"1\" data-showpaging=\"1\" data-autonext=\"0\" data-thumbplay=\"1\"><div>Pr\u00f3xima<\/div> <div class=\"epyt-arrow\">&raquo;<\/div><\/div><div class=\"epyt-loader\"><img loading=\"lazy\" decoding=\"async\" alt=\"loading\" width=\"16\" height=\"11\" src=\"https:\/\/www.vigilanterodoviario.com.br\/retro\/wp-content\/plugins\/youtube-embed-plus\/images\/gallery-page-loader.gif\"><\/div><\/div><div class=\"epyt-gallery-allthumbs  epyt-cols-2 \"><div tabindex=\"0\" role=\"button\" data-videoid=\"u1oZ6G_kDoQ\" class=\"epyt-gallery-thumb\"><div class=\"epyt-gallery-img-box\"><div class=\"epyt-gallery-img\" style=\"background-image: url(https:\/\/i.ytimg.com\/vi\/u1oZ6G_kDoQ\/hqdefault.jpg)\"><div class=\"epyt-gallery-playhover\"><img loading=\"lazy\" decoding=\"async\" alt=\"play\" class=\"epyt-play-img\" width=\"30\" height=\"23\" src=\"https:\/\/www.vigilanterodoviario.com.br\/retro\/wp-content\/plugins\/youtube-embed-plus\/images\/playhover.png\" data-no-lazy=\"1\" data-skipgform_ajax_framebjll=\"\" \/><div class=\"epyt-gallery-playcrutch\"><\/div><\/div><\/div><\/div><div class=\"epyt-gallery-title\">Programa Ione Borges - TV Gazeta - 12\/10\/2000<\/div><\/div><div tabindex=\"0\" role=\"button\" data-videoid=\"KqybDaftyGo\" class=\"epyt-gallery-thumb\"><div class=\"epyt-gallery-img-box\"><div class=\"epyt-gallery-img\" style=\"background-image: url(https:\/\/i.ytimg.com\/vi\/KqybDaftyGo\/hqdefault.jpg)\"><div class=\"epyt-gallery-playhover\"><img loading=\"lazy\" decoding=\"async\" alt=\"play\" class=\"epyt-play-img\" width=\"30\" height=\"23\" src=\"https:\/\/www.vigilanterodoviario.com.br\/retro\/wp-content\/plugins\/youtube-embed-plus\/images\/playhover.png\" data-no-lazy=\"1\" data-skipgform_ajax_framebjll=\"\" \/><div class=\"epyt-gallery-playcrutch\"><\/div><\/div><\/div><\/div><div class=\"epyt-gallery-title\">Programa Cine Brasil - TV Cultura - Rubens Ewald Filho entrevista Ary Fernandes<\/div><\/div><div class=\"epyt-gallery-rowbreak\"><\/div><div tabindex=\"0\" role=\"button\" data-videoid=\"jE3Pz6zw4Bg\" class=\"epyt-gallery-thumb\"><div class=\"epyt-gallery-img-box\"><div class=\"epyt-gallery-img\" style=\"background-image: url(https:\/\/i.ytimg.com\/vi\/jE3Pz6zw4Bg\/hqdefault.jpg)\"><div class=\"epyt-gallery-playhover\"><img loading=\"lazy\" decoding=\"async\" alt=\"play\" class=\"epyt-play-img\" width=\"30\" height=\"23\" src=\"https:\/\/www.vigilanterodoviario.com.br\/retro\/wp-content\/plugins\/youtube-embed-plus\/images\/playhover.png\" data-no-lazy=\"1\" data-skipgform_ajax_framebjll=\"\" \/><div class=\"epyt-gallery-playcrutch\"><\/div><\/div><\/div><\/div><div class=\"epyt-gallery-title\">Fant\u00e1stico - Rede Globo de Televis\u00e3o - Odilon Coutinho entrevista  Ary Fernandes<\/div><\/div><div tabindex=\"0\" role=\"button\" data-videoid=\"HUEWwYrV_Zw\" class=\"epyt-gallery-thumb\"><div class=\"epyt-gallery-img-box\"><div class=\"epyt-gallery-img\" style=\"background-image: url(https:\/\/i.ytimg.com\/vi\/HUEWwYrV_Zw\/hqdefault.jpg)\"><div class=\"epyt-gallery-playhover\"><img loading=\"lazy\" decoding=\"async\" alt=\"play\" class=\"epyt-play-img\" width=\"30\" height=\"23\" src=\"https:\/\/www.vigilanterodoviario.com.br\/retro\/wp-content\/plugins\/youtube-embed-plus\/images\/playhover.png\" data-no-lazy=\"1\" data-skipgform_ajax_framebjll=\"\" \/><div class=\"epyt-gallery-playcrutch\"><\/div><\/div><\/div><\/div><div class=\"epyt-gallery-title\">J\u00f4 Onze e Meia - SBT  Cenas do epis\u00f3dio  &quot;O Rapto do Juca&quot;<\/div><\/div><div class=\"epyt-gallery-rowbreak\"><\/div><div tabindex=\"0\" role=\"button\" data-videoid=\"6egXDR1k8zw\" class=\"epyt-gallery-thumb\"><div class=\"epyt-gallery-img-box\"><div class=\"epyt-gallery-img\" style=\"background-image: url(https:\/\/i.ytimg.com\/vi\/6egXDR1k8zw\/hqdefault.jpg)\"><div class=\"epyt-gallery-playhover\"><img loading=\"lazy\" decoding=\"async\" alt=\"play\" class=\"epyt-play-img\" width=\"30\" height=\"23\" src=\"https:\/\/www.vigilanterodoviario.com.br\/retro\/wp-content\/plugins\/youtube-embed-plus\/images\/playhover.png\" data-no-lazy=\"1\" data-skipgform_ajax_framebjll=\"\" \/><div class=\"epyt-gallery-playcrutch\"><\/div><\/div><\/div><\/div><div class=\"epyt-gallery-title\">Programa Metr\u00f3polis - TV Cultura - Exibido no ano de 2004<\/div><\/div><div tabindex=\"0\" role=\"button\" data-videoid=\"JReN3ZBfV2U\" class=\"epyt-gallery-thumb\"><div class=\"epyt-gallery-img-box\"><div class=\"epyt-gallery-img\" style=\"background-image: url(https:\/\/i.ytimg.com\/vi\/JReN3ZBfV2U\/hqdefault.jpg)\"><div class=\"epyt-gallery-playhover\"><img loading=\"lazy\" decoding=\"async\" alt=\"play\" class=\"epyt-play-img\" width=\"30\" height=\"23\" src=\"https:\/\/www.vigilanterodoviario.com.br\/retro\/wp-content\/plugins\/youtube-embed-plus\/images\/playhover.png\" data-no-lazy=\"1\" data-skipgform_ajax_framebjll=\"\" \/><div class=\"epyt-gallery-playcrutch\"><\/div><\/div><\/div><\/div><div class=\"epyt-gallery-title\">Programa Metr\u00f3polis - TV Cultura - 25\/10\/2006 - Rubens Ewald Filho<\/div><\/div><div class=\"epyt-gallery-rowbreak\"><\/div><div tabindex=\"0\" role=\"button\" data-videoid=\"7YnR-YRpbNc\" class=\"epyt-gallery-thumb\"><div class=\"epyt-gallery-img-box\"><div class=\"epyt-gallery-img\" style=\"background-image: url(https:\/\/i.ytimg.com\/vi\/7YnR-YRpbNc\/hqdefault.jpg)\"><div class=\"epyt-gallery-playhover\"><img loading=\"lazy\" decoding=\"async\" alt=\"play\" class=\"epyt-play-img\" width=\"30\" height=\"23\" src=\"https:\/\/www.vigilanterodoviario.com.br\/retro\/wp-content\/plugins\/youtube-embed-plus\/images\/playhover.png\" data-no-lazy=\"1\" data-skipgform_ajax_framebjll=\"\" \/><div class=\"epyt-gallery-playcrutch\"><\/div><\/div><\/div><\/div><div class=\"epyt-gallery-title\">V\u00eddeo Show - Rede Globo de Televis\u00e3o<\/div><\/div><div tabindex=\"0\" role=\"button\" data-videoid=\"HCTT1ybvyQg\" class=\"epyt-gallery-thumb\"><div class=\"epyt-gallery-img-box\"><div class=\"epyt-gallery-img\" style=\"background-image: url(https:\/\/i.ytimg.com\/vi\/HCTT1ybvyQg\/hqdefault.jpg)\"><div class=\"epyt-gallery-playhover\"><img loading=\"lazy\" decoding=\"async\" alt=\"play\" class=\"epyt-play-img\" width=\"30\" height=\"23\" src=\"https:\/\/www.vigilanterodoviario.com.br\/retro\/wp-content\/plugins\/youtube-embed-plus\/images\/playhover.png\" data-no-lazy=\"1\" data-skipgform_ajax_framebjll=\"\" \/><div class=\"epyt-gallery-playcrutch\"><\/div><\/div><\/div><\/div><div class=\"epyt-gallery-title\">Entrevista R\u00e1dio Eldorado - &quot;S\u00e3o Paulo de Todos os Tempos&quot; - Rep\u00f3rter Geraldo Nunes<\/div><\/div><div class=\"epyt-gallery-rowbreak\"><\/div><div tabindex=\"0\" role=\"button\" data-videoid=\"gPX1LxpuCfI\" class=\"epyt-gallery-thumb\"><div class=\"epyt-gallery-img-box\"><div class=\"epyt-gallery-img\" style=\"background-image: url(https:\/\/i.ytimg.com\/vi\/gPX1LxpuCfI\/hqdefault.jpg)\"><div class=\"epyt-gallery-playhover\"><img loading=\"lazy\" decoding=\"async\" alt=\"play\" class=\"epyt-play-img\" width=\"30\" height=\"23\" src=\"https:\/\/www.vigilanterodoviario.com.br\/retro\/wp-content\/plugins\/youtube-embed-plus\/images\/playhover.png\" data-no-lazy=\"1\" data-skipgform_ajax_framebjll=\"\" \/><div class=\"epyt-gallery-playcrutch\"><\/div><\/div><\/div><\/div><div class=\"epyt-gallery-title\">Programa Siga Bem Caminhoneiro<\/div><\/div><div class=\"epyt-gallery-clear\"><\/div><\/div><div class=\"epyt-pagination \"><div tabindex=\"0\" role=\"button\" class=\"epyt-pagebutton epyt-prev  hide \" data-playlistid=\"PLqB0Yp-p8TXpyXhofH-ZoO_jvR3-afa3z\" data-pagesize=\"10\" data-pagetoken=\"\" data-epcolumns=\"2\" data-showtitle=\"1\" data-showpaging=\"1\" data-autonext=\"0\" data-thumbplay=\"1\"><div class=\"epyt-arrow\">&laquo;<\/div> <div>Anterior<\/div><\/div><div class=\"epyt-pagenumbers hide\"><div class=\"epyt-current\">1<\/div><div class=\"epyt-pageseparator\"> \/ <\/div><div class=\"epyt-totalpages\">1<\/div><\/div><div tabindex=\"0\" role=\"button\" class=\"epyt-pagebutton epyt-next hide \" data-playlistid=\"PLqB0Yp-p8TXpyXhofH-ZoO_jvR3-afa3z\" data-pagesize=\"10\" data-pagetoken=\"\" data-epcolumns=\"2\" data-showtitle=\"1\" data-showpaging=\"1\" data-autonext=\"0\" data-thumbplay=\"1\"><div>Pr\u00f3xima<\/div> <div class=\"epyt-arrow\">&raquo;<\/div><\/div><div class=\"epyt-loader\"><img loading=\"lazy\" decoding=\"async\" alt=\"loading\" width=\"16\" height=\"11\" src=\"https:\/\/www.vigilanterodoviario.com.br\/retro\/wp-content\/plugins\/youtube-embed-plus\/images\/gallery-page-loader.gif\"><\/div><\/div><\/div><\/div>\n","protected":false},"excerpt":{"rendered":"","protected":false},"author":2,"featured_media":0,"parent":0,"menu_order":0,"comment_status":"closed","ping_status":"closed","template":"page-template-full.php","meta":{"footnotes":""},"class_list":["post-381","page","type-page","status-publish"],"_links":{"self":[{"href":"https:\/\/www.vigilanterodoviario.com.br\/retro\/wp-json\/wp\/v2\/pages\/381","targetHints":{"allow":["GET"]}}],"collection":[{"href":"https:\/\/www.vigilanterodoviario.com.br\/retro\/wp-json\/wp\/v2\/pages"}],"about":[{"href":"https:\/\/www.vigilanterodoviario.com.br\/retro\/wp-json\/wp\/v2\/types\/page"}],"author":[{"embeddable":true,"href":"https:\/\/www.vigilanterodoviario.com.br\/retro\/wp-json\/wp\/v2\/users\/2"}],"replies":[{"embeddable":true,"href":"https:\/\/www.vigilanterodoviario.com.br\/retro\/wp-json\/wp\/v2\/comments?post=381"}],"version-history":[{"count":0,"href":"https:\/\/www.vigilanterodoviario.com.br\/retro\/wp-json\/wp\/v2\/pages\/381\/revisions"}],"wp:attachment":[{"href":"https:\/\/www.vigilanterodoviario.com.br\/retro\/wp-json\/wp\/v2\/media?parent=381"}],"curies":[{"name":"wp","href":"https:\/\/api.w.org\/{rel}","templated":true}]}}

<div class="epyt-gallery" data-currpage="1" id="epyt_gallery_56980"><iframe loading="lazy"  id="_ytid_75774"  width="1200" height="675"  data-origwidth="1200" data-origheight="675" src="https://www.youtube.com/embed/u1oZ6G_kDoQ?enablejsapi=1&autoplay=0&cc_load_policy=0&cc_lang_pref=&iv_load_policy=1&loop=0&rel=0&fs=1&playsinline=0&autohide=2&theme=dark&color=red&controls=1&disablekb=0&" class="__youtube_prefs__  no-lazyload" title="YouTube player"  data-epytgalleryid="epyt_gallery_56980"  allow="fullscreen; accelerometer; autoplay; clipboard-write; encrypted-media; gyroscope; picture-in-picture; web-share" referrerpolicy="strict-origin-when-cross-origin" allowfullscreen data-no-lazy="1" data-skipgform_ajax_framebjll=""></iframe><div class="epyt-gallery-list"><div class="epyt-pagination "><div tabindex="0" role="button" class="epyt-pagebutton epyt-prev  hide " data-playlistid="PLqB0Yp-p8TXpyXhofH-ZoO_jvR3-afa3z" data-pagesize="10" data-pagetoken="" data-epcolumns="2" data-showtitle="1" data-showpaging="1" data-autonext="0" data-thumbplay="1"><div class="epyt-arrow">&laquo;</div> <div>Anterior</div></div><div class="epyt-pagenumbers hide"><div class="epyt-current">1</div><div class="epyt-pageseparator"> / </div><div class="epyt-totalpages">1</div></div><div tabindex="0" role="button" class="epyt-pagebutton epyt-next hide " data-playlistid="PLqB0Yp-p8TXpyXhofH-ZoO_jvR3-afa3z" data-pagesize="10" data-pagetoken="" data-epcolumns="2" data-showtitle="1" data-showpaging="1" data-autonext="0" data-thumbplay="1"><div>Próxima</div> <div class="epyt-arrow">&raquo;</div></div><div class="epyt-loader"><img loading="lazy" decoding="async" alt="loading" width="16" height="11" src="https://www.vigilanterodoviario.com.br/retro/wp-content/plugins/youtube-embed-plus/images/gallery-page-loader.gif"></div></div><div class="epyt-gallery-allthumbs  epyt-cols-2 "><div tabindex="0" role="button" data-videoid="u1oZ6G_kDoQ" class="epyt-gallery-thumb"><div class="epyt-gallery-img-box"><div class="epyt-gallery-img" style="background-image: url(https://i.ytimg.com/vi/u1oZ6G_kDoQ/hqdefault.jpg)"><div class="epyt-gallery-playhover"><img loading="lazy" decoding="async" alt="play" class="epyt-play-img" width="30" height="23" src="https://www.vigilanterodoviario.com.br/retro/wp-content/plugins/youtube-embed-plus/images/playhover.png" data-no-lazy="1" data-skipgform_ajax_framebjll="" /><div class="epyt-gallery-playcrutch"></div></div></div></div><div class="epyt-gallery-title">Programa Ione Borges - TV Gazeta - 12/10/2000</div></div><div tabindex="0" role="button" data-videoid="KqybDaftyGo" class="epyt-gallery-thumb"><div class="epyt-gallery-img-box"><div class="epyt-gallery-img" style="background-image: url(https://i.ytimg.com/vi/KqybDaftyGo/hqdefault.jpg)"><div class="epyt-gallery-playhover"><img loading="lazy" decoding="async" alt="play" class="epyt-play-img" width="30" height="23" src="https://www.vigilanterodoviario.com.br/retro/wp-content/plugins/youtube-embed-plus/images/playhover.png" data-no-lazy="1" data-skipgform_ajax_framebjll="" /><div class="epyt-gallery-playcrutch"></div></div></div></div><div class="epyt-gallery-title">Programa Cine Brasil - TV Cultura - Rubens Ewald Filho entrevista Ary Fernandes</div></div><div class="epyt-gallery-rowbreak"></div><div tabindex="0" role="button" data-videoid="jE3Pz6zw4Bg" class="epyt-gallery-thumb"><div class="epyt-gallery-img-box"><div class="epyt-gallery-img" style="background-image: url(https://i.ytimg.com/vi/jE3Pz6zw4Bg/hqdefault.jpg)"><div class="epyt-gallery-playhover"><img loading="lazy" decoding="async" alt="play" class="epyt-play-img" width="30" height="23" src="https://www.vigilanterodoviario.com.br/retro/wp-content/plugins/youtube-embed-plus/images/playhover.png" data-no-lazy="1" data-skipgform_ajax_framebjll="" /><div class="epyt-gallery-playcrutch"></div></div></div></div><div class="epyt-gallery-title">Fantástico - Rede Globo de Televisão - Odilon Coutinho entrevista  Ary Fernandes</div></div><div tabindex="0" role="button" data-videoid="HUEWwYrV_Zw" class="epyt-gallery-thumb"><div class="epyt-gallery-img-box"><div class="epyt-gallery-img" style="background-image: url(https://i.ytimg.com/vi/HUEWwYrV_Zw/hqdefault.jpg)"><div class="epyt-gallery-playhover"><img loading="lazy" decoding="async" alt="play" class="epyt-play-img" width="30" height="23" src="https://www.vigilanterodoviario.com.br/retro/wp-content/plugins/youtube-embed-plus/images/playhover.png" data-no-lazy="1" data-skipgform_ajax_framebjll="" /><div class="epyt-gallery-playcrutch"></div></div></div></div><div class="epyt-gallery-title">Jô Onze e Meia - SBT  Cenas do episódio  &quot;O Rapto do Juca&quot;</div></div><div class="epyt-gallery-rowbreak"></div><div tabindex="0" role="button" data-videoid="6egXDR1k8zw" class="epyt-gallery-thumb"><div class="epyt-gallery-img-box"><div class="epyt-gallery-img" style="background-image: url(https://i.ytimg.com/vi/6egXDR1k8zw/hqdefault.jpg)"><div class="epyt-gallery-playhover"><img loading="lazy" decoding="async" alt="play" class="epyt-play-img" width="30" height="23" src="https://www.vigilanterodoviario.com.br/retro/wp-content/plugins/youtube-embed-plus/images/playhover.png" data-no-lazy="1" data-skipgform_ajax_framebjll="" /><div class="epyt-gallery-playcrutch"></div></div></div></div><div class="epyt-gallery-title">Programa Metrópolis - TV Cultura - Exibido no ano de 2004</div></div><div tabindex="0" role="button" data-videoid="JReN3ZBfV2U" class="epyt-gallery-thumb"><div class="epyt-gallery-img-box"><div class="epyt-gallery-img" style="background-image: url(https://i.ytimg.com/vi/JReN3ZBfV2U/hqdefault.jpg)"><div class="epyt-gallery-playhover"><img loading="lazy" decoding="async" alt="play" class="epyt-play-img" width="30" height="23" src="https://www.vigilanterodoviario.com.br/retro/wp-content/plugins/youtube-embed-plus/images/playhover.png" data-no-lazy="1" data-skipgform_ajax_framebjll="" /><div class="epyt-gallery-playcrutch"></div></div></div></div><div class="epyt-gallery-title">Programa Metrópolis - TV Cultura - 25/10/2006 - Rubens Ewald Filho</div></div><div class="epyt-gallery-rowbreak"></div><div tabindex="0" role="button" data-videoid="7YnR-YRpbNc" class="epyt-gallery-thumb"><div class="epyt-gallery-img-box"><div class="epyt-gallery-img" style="background-image: url(https://i.ytimg.com/vi/7YnR-YRpbNc/hqdefault.jpg)"><div class="epyt-gallery-playhover"><img loading="lazy" decoding="async" alt="play" class="epyt-play-img" width="30" height="23" src="https://www.vigilanterodoviario.com.br/retro/wp-content/plugins/youtube-embed-plus/images/playhover.png" data-no-lazy="1" data-skipgform_ajax_framebjll="" /><div class="epyt-gallery-playcrutch"></div></div></div></div><div class="epyt-gallery-title">Vídeo Show - Rede Globo de Televisão</div></div><div tabindex="0" role="button" data-videoid="HCTT1ybvyQg" class="epyt-gallery-thumb"><div class="epyt-gallery-img-box"><div class="epyt-gallery-img" style="background-image: url(https://i.ytimg.com/vi/HCTT1ybvyQg/hqdefault.jpg)"><div class="epyt-gallery-playhover"><img loading="lazy" decoding="async" alt="play" class="epyt-play-img" width="30" height="23" src="https://www.vigilanterodoviario.com.br/retro/wp-content/plugins/youtube-embed-plus/images/playhover.png" data-no-lazy="1" data-skipgform_ajax_framebjll="" /><div class="epyt-gallery-playcrutch"></div></div></div></div><div class="epyt-gallery-title">Entrevista Rádio Eldorado - &quot;São Paulo de Todos os Tempos&quot; - Repórter Geraldo Nunes</div></div><div class="epyt-gallery-rowbreak"></div><div tabindex="0" role="button" data-videoid="gPX1LxpuCfI" class="epyt-gallery-thumb"><div class="epyt-gallery-img-box"><div class="epyt-gallery-img" style="background-image: url(https://i.ytimg.com/vi/gPX1LxpuCfI/hqdefault.jpg)"><div class="epyt-gallery-playhover"><img loading="lazy" decoding="async" alt="play" class="epyt-play-img" width="30" height="23" src="https://www.vigilanterodoviario.com.br/retro/wp-content/plugins/youtube-embed-plus/images/playhover.png" data-no-lazy="1" data-skipgform_ajax_framebjll="" /><div class="epyt-gallery-playcrutch"></div></div></div></div><div class="epyt-gallery-title">Programa Siga Bem Caminhoneiro</div></div><div class="epyt-gallery-clear"></div></div><div class="epyt-pagination "><div tabindex="0" role="button" class="epyt-pagebutton epyt-prev  hide " data-playlistid="PLqB0Yp-p8TXpyXhofH-ZoO_jvR3-afa3z" data-pagesize="10" data-pagetoken="" data-epcolumns="2" data-showtitle="1" data-showpaging="1" data-autonext="0" data-thumbplay="1"><div class="epyt-arrow">&laquo;</div> <div>Anterior</div></div><div class="epyt-pagenumbers hide"><div class="epyt-current">1</div><div class="epyt-pageseparator"> / </div><div class="epyt-totalpages">1</div></div><div tabindex="0" role="button" class="epyt-pagebutton epyt-next hide " data-playlistid="PLqB0Yp-p8TXpyXhofH-ZoO_jvR3-afa3z" data-pagesize="10" data-pagetoken="" data-epcolumns="2" data-showtitle="1" data-showpaging="1" data-autonext="0" data-thumbplay="1"><div>Próxima</div> <div class="epyt-arrow">&raquo;</div></div><div class="epyt-loader"><img loading="lazy" decoding="async" alt="loading" width="16" height="11" src="https://www.vigilanterodoviario.com.br/retro/wp-content/plugins/youtube-embed-plus/images/gallery-page-loader.gif"></div></div></div></div>
