{"id":262,"date":"2016-08-10T14:16:32","date_gmt":"2016-08-10T14:16:32","guid":{"rendered":"http:\/\/www.vigilanterodoviario.com.br\/retro\/?page_id=262"},"modified":"2016-08-15T20:18:18","modified_gmt":"2016-08-15T20:18:18","slug":"filmografia","status":"publish","type":"page","link":"https:\/\/www.vigilanterodoviario.com.br\/retro\/filmografia\/","title":{"rendered":"Filmografia"},"content":{"rendered":"<p>Filho de<br \/>\nimigrantes espanh\u00f3is e portugueses <a target=\"_blank\" href=\"http:\/\/us.imdb.com\/name\/nm0272806\/\"><font color=\"#FFCC00\">Ary Fernandes<\/font><\/a>, nasceu no dia 31 de mar\u00e7o de 1931 em S\u00e3o Paulo, , Capital, no bairro de Santana,&nbsp; zona norte da cidade. Foi um dramaturgo, ator, locutor, produtor, roteirista, compositor e cineasta que se apresenta com um vasto portf\u00f3lio de trabalhos, onde<br \/>\nconstam mais de <b>124 filmes<\/b>&nbsp;sob sua dire\u00e7\u00e3o e produ\u00e7\u00e3o, tanto em \u00e2mbito nacional como internacional.<\/p>\n<p>Sob sua produ\u00e7\u00e3o e dire\u00e7\u00e3o, <a target=\"_blank\" href=\"http:\/\/us.imdb.com\/name\/nm0272806\/\"><font color=\"#FFCC00\">Ary Fernandes<\/font><\/a> obteve a marca de <b>231 comercias<\/b> para televis\u00e3o, onde foi o pioneiro &nbsp;nesta &quot;nova&quot; \u00e1rea na d\u00e9cada de 1960.<\/p>\n<p>Como ator participou de pe\u00e7as teatrais, comerciais para televis\u00e3o, 8 filmes de longa-metragem e atuou em 26 epis\u00f3dios &nbsp;do seriado <a target=\"_blank\" href=\"http:\/\/us.imdb.com\/title\/tt0289837\/\"><font color=\"#FFCC00\">&#8220;\u00c1GUIAS DE FOGO&#8221;<\/font><\/a>, como <a href=\"http:\/\/us.imdb.com\/title\/tt0289837\/\" target=\"_blank\"><font color=\"#FFCC00\">&quot;Capit\u00e3o C\u00e9sar&quot;<\/font><\/a>.<\/p>\n<p>Na hist\u00f3ria da cinematografia brasileira, seu nome ilustra como o idealizador, criador, produtor, diretor e detentor dos direitos autorais da obra que tornou-se um marco da televis\u00e3o e do cinema nacional, o seriado <a target=\"_blank\" href=\"http:\/\/us.imdb.com\/title\/tt0262181\/\"><font color=\"#FFCC00\">&#8220;O<br \/>\nVIGILANTE RODOVI\u00c1RIO\u00ae&quot;<\/font><\/a>.<\/p>\n<p><a target=\"_blank\" href=\"http:\/\/us.imdb.com\/name\/nm0272806\/\"><font color=\"#FFCC00\">Ary <\/font><\/a>&nbsp;desde crian\u00e7a n\u00e3o se conformava que n\u00e3o havia um her\u00f3i genuinamente brasileiro. A oportunidade de criar e dar vida ao seu personagem surgiu em 1959. Ao contr\u00e1rio do j\u00e1 se falou e foi publicado por muito tempo, os cr\u00e9ditos de idealizador e criador do nosso primeiro her\u00f3i genuinamente brasileiro, <i>n\u00e3o foi id\u00e9ia de um grupo de aficionados da arte<\/i>, mas sim de <a target=\"_blank\" href=\"http:\/\/us.imdb.com\/name\/nm0272806\/\"><font color=\"#FFCC00\">Ary Fernandes<\/font><\/a>, que contou com o apoio e cr\u00e9dito de seu grande amigo, Alfredo Pal\u00e1cios que a ele se uniu nesta empreitada e exerceu a fun\u00e7\u00e3o de produtor t\u00e9cnico na s\u00e9rie. Outros t\u00e9cnicos vindos do extinto Est\u00fadio da Maristela (Ja\u00e7an\u00e3, S\u00e3o Paulo), tamb\u00e9m acreditaram no potencial empreendedor de <a target=\"_blank\" href=\"http:\/\/us.imdb.com\/name\/nm0272806\/\"><font color=\"#FFCC00\">Fernandes<\/font><\/a>, e o apoiaram nesta iniciativa.<\/p>\n<p>Para chegar ao sucesso final da s\u00e9rie, <a target=\"_blank\" href=\"http:\/\/us.imdb.com\/name\/nm0272806\/\"><font color=\"#FFCC00\">Ary  <\/font><\/a>&nbsp;enfrentou chacotas e descr\u00e9ditos de muitos que n\u00e3o acreditavam que um jovem sonhador pudesse dar vida e obter sucesso com o primeiro seriado brasileiro, primeiro da Am\u00e9rica Latina e lan\u00e7ou o Brasil como quarto Pa\u00eds no mundo a produzir s\u00e9ries para televis\u00e3o.<\/p>\n<p>Vale lembrar que a televis\u00e3o mal havia se implantado em nosso Pa\u00eds e poucos eram os que desfrutavam de um aparelho de TV em suas casas.&nbsp; Atrav\u00e9s deste seriado, <a target=\"_blank\" href=\"http:\/\/us.imdb.com\/name\/nm0272806\/\"><font color=\"#FFCC00\">Ary Fernandes<\/font><\/a> abriu as portas para novos talentos. Hoje esses mesmos talentos destacam-se entre os grandes nomes da dramaturgia brasileira. Entre eles: St\u00eanio Garcia, F\u00falvio Stefanini, Ary Fontoura , Rosamaria Murtinho, Milton Gon\u00e7alves, Ety Fraser, Lu\u00eds Guilherme, os humoristas Juca Chaves e Ary Toledo, o cantor Toni Campello entre outros.<\/p>\n<p>\u00c9 tamb\u00e9m de autoria de <a target=\"_blank\" href=\"http:\/\/us.imdb.com\/name\/nm0272806\/\"><font color=\"#FFCC00\">Ary Fernandes<\/font><\/a>, o tema musical de abertura da s\u00e9rie intitulado <a target=\"_blank\" href=\"http:\/\/us.imdb.com\/title\/tt0262181\/\"><font color=\"#FFCC00\">&#8220;O VIGILANTE RODOVI\u00c1RIO\u00ae&quot;<\/font><\/a>. No ano de 1967, funda a PROCITEL &#8211; Produ\u00e7\u00f5es Cine Televis\u00e3o Ltda, empresa essa detentora da marca registrada <a target=\"_blank\" href=\"http:\/\/us.imdb.com\/title\/tt0262181\/\"><font color=\"#FFCC00\">&#8220;O VIGILANTE RODOVI\u00c1RIO\u00ae&quot;<\/font><\/a>.<\/p>\n<p>Com os resultados positivos obtidos nesta linha de filmes de a\u00e7\u00e3o, <FONT face=Arial ,size=\"2\"><a target=\"_blank\" href=\"http:\/\/us.imdb.com\/name\/nm0272806\/\"><font color=\"#FFCC00\">Ary Fernandes<\/font><\/a> partiu para a realiza\u00e7\u00e3o do segundo projeto, uma nova s\u00e9rie, por\u00e9m agora voltado para For\u00e7a A\u00e9rea Brasileira, denominado <a target=\"_blank\" href=\"http:\/\/us.imdb.com\/title\/tt0289837\/\"><font color=\"#FFCC00\">&#8220;\u00c1GUIAS DE FOGO&#8221;<\/font><\/a>. Produzido no final dos anos sessenta e, exibido nesta mesma \u00e9poca pela televis\u00e3o, novamente contou com a grande aceita\u00e7\u00e3o do p\u00fablico. Devido a esse incentivo, foi exibido em salas de cinemas, obtendo assim grande sucesso de<br \/>\nbilheteria.<\/p>\n<p>Com a  experi\u00eancia e o sucesso adquiridos atrav\u00e9s de suas s\u00e9ries pioneiras, Fernandes conquistou o reconhecimento de seus colegas de profiss\u00e3o, do p\u00fablico e da imprensa. Nas d\u00e9cadas seguintes de 70, 80 e in\u00edcio dos anos 90, <a target=\"_blank\" href=\"http:\/\/us.imdb.com\/name\/nm0272806\/\"><font color=\"#FFCC00\">Ary Fernandes<\/font><\/a> dedicou intensamente ao cinema como diretor e produtor. Vale lembrar que em 1978, dirige, produz e roteiriza um filme \u00e0 cores, com novo ator, que seria o piloto para uma nova s\u00e9rie da sua pioneira obra <a target=\"_blank\" href=\"http:\/\/us.imdb.com\/title\/tt0262181\/\"><font color=\"#FFCC00\">&#8220;O VIGILANTE RODOVI\u00c1RIO\u00ae&quot;<\/font><\/a>, por\u00e9m ficando restrita somente a este filme piloto.<\/p>\n<p>&nbsp;Em paralelo ao cinema na d\u00e9cada de 90 at\u00e9 o ano de 2001, tem sua carreira voltada \u00e0 literatura e aos est\u00fadios de som &nbsp;como diretor e ator de dublagem. Vale destacar as dublagens dos personagens: Rocko, protagonista da s\u00e9rie de desenhos animados \u201cA Vida Moderna de Rocko\u201d e Mestre Albion de Cef\u00e9u, da s\u00e9rie de animes \u201cOs Cavaleiros do Zod\u00edaco\u201d (vers\u00e3o 1994). Ap\u00f3s o AVC (acidente vascular cerebral) que sofreu em 10 de novembro de 2001, <a target=\"_blank\" href=\"http:\/\/us.imdb.com\/name\/nm0272806\/\"><font color=\"#FFCC00\">Ary Fernandes<\/font><\/a> dedicou a literatura e escreveu&nbsp;os in\u00e9ditos romances: &nbsp;A Hist\u00f3ria de um Fordinho 1929; Vital Brasil \u2013 O Doutor das Cobras; &nbsp;Uamiri \u2013 O Curumim do Amazonas e a obra inacabada \u201cO \u00daltimo Voo para Paris\u201d. <\/p>\n<p>Em 2005, \u00e9 convidado para ser biografado pelo escrito Ant\u00f4nio Le\u00e3o da Silva Neto, atrav\u00e9s  da cole\u00e7\u00e3o Aplauso Cinema Brasil da Imprensa Oficial do Estado de S\u00e3o Paulo, do jornalista e cr\u00edtico de cinema,<br \/>\nRubens Ewald Filho. Em 2006, \u00e9 lan\u00e7ada sua biografia intitulada: \u201c<\/font><a target=\"_blank\" href=\"http:\/\/us.imdb.com\/name\/nm0272806\/\"><font color=\"#FFCC00\">Ary Fernandes<\/font><\/a> &#8211;&nbsp; Sua<br \/>\nFascinante Hist\u00f3ria\u201d.<\/p>\n<p>Durante toda a d\u00e9cada de 2000 \u00e0 2010, <a target=\"_blank\" href=\"http:\/\/us.imdb.com\/name\/nm0272806\/\"><font color=\"#FFCC00\">Ary Fernandes<\/font><\/a> deu continuidade aos seus projetos para as novas aventuras da saga do <a target=\"_blank\" href=\"http:\/\/us.imdb.com\/title\/tt0262181\/\"><font color=\"#FFCC00\">&#8220;O VIGILANTE RODOVI\u00c1RIO\u00ae&quot;<\/font><\/a> e restauro de suas s\u00e9ries pioneiras <a target=\"_blank\" href=\"http:\/\/us.imdb.com\/title\/tt0262181\/\"><font color=\"#FFCC00\">&#8220;O VIGILANTE RODOVI\u00c1RIO\u00ae&quot;<\/font><\/a> e <a target=\"_blank\" href=\"http:\/\/us.imdb.com\/title\/tt0289837\/\"><font color=\"#FFCC00\">&#8220;\u00c1GUIAS DE FOGO&#8221;<\/font><\/a>.<\/p>\n<p>No dia 09 de mar\u00e7o de 2009, <a target=\"_blank\" href=\"http:\/\/us.imdb.com\/name\/nm0272806\/\"><font color=\"#FFCC00\">Ary Fernandes<\/font><\/a> traz novamente \u00e0 televis\u00e3o sua s\u00e9rie <a target=\"_blank\" href=\"http:\/\/us.imdb.com\/title\/tt0262181\/\"><font color=\"#FFCC00\">&#8220;O VIGILANTE RODOVI\u00c1RIO\u00ae&quot;<\/font><\/a> e a lan\u00e7a em DVD no final  deste mesmo ano. Em 2010, sua s\u00e9rie <a target=\"_blank\" href=\"http:\/\/us.imdb.com\/title\/tt0289837\/\"><font color=\"#FFCC00\">&#8220;\u00c1GUIAS DE FOGO&#8221;<\/font><\/a> reestreia na televis\u00e3o em 02 de agosto de 2010.<\/p>\n<p><a target=\"_blank\" href=\"http:\/\/us.imdb.com\/name\/nm0272806\/\"><font color=\"#FFCC00\">Ary Fernandes<\/font><\/a>&nbsp; faleceu na cidade de S\u00e3o Paulo, numa manh\u00e3 de domingo de 29 de agosto de 2010 \u00e0s 7 hs, aos 79 anos de idade, v\u00edtima de quatro paradas card\u00edacas. Era casado h\u00e1 52 anos Ignez Peixoto Fernandes. Deixou dois filhos Fernando e Vania Fernandes e uma \u00fanica neta, Danielle.<\/p>\n","protected":false},"excerpt":{"rendered":"<p>Filho de imigrantes espanh\u00f3is e portugueses Ary Fernandes, nasceu no dia 31 de mar\u00e7o de 1931 em S\u00e3o Paulo, , Capital, no bairro de Santana,&nbsp; zona norte da cidade. Foi um dramaturgo, ator, locutor, produtor, roteirista, compositor e cineasta que se apresenta com um vasto portf\u00f3lio de trabalhos, onde constam mais de 124 filmes&nbsp;sob sua &#8230; <a title=\"Filmografia\" class=\"read-more\" href=\"https:\/\/www.vigilanterodoviario.com.br\/retro\/filmografia\/\">Acesse aqui<span class=\"screen-reader-text\">Filmografia<\/span><\/a><\/p>\n","protected":false},"author":2,"featured_media":0,"parent":0,"menu_order":0,"comment_status":"closed","ping_status":"closed","template":"","meta":{"footnotes":""},"class_list":["post-262","page","type-page","status-publish"],"_links":{"self":[{"href":"https:\/\/www.vigilanterodoviario.com.br\/retro\/wp-json\/wp\/v2\/pages\/262","targetHints":{"allow":["GET"]}}],"collection":[{"href":"https:\/\/www.vigilanterodoviario.com.br\/retro\/wp-json\/wp\/v2\/pages"}],"about":[{"href":"https:\/\/www.vigilanterodoviario.com.br\/retro\/wp-json\/wp\/v2\/types\/page"}],"author":[{"embeddable":true,"href":"https:\/\/www.vigilanterodoviario.com.br\/retro\/wp-json\/wp\/v2\/users\/2"}],"replies":[{"embeddable":true,"href":"https:\/\/www.vigilanterodoviario.com.br\/retro\/wp-json\/wp\/v2\/comments?post=262"}],"version-history":[{"count":0,"href":"https:\/\/www.vigilanterodoviario.com.br\/retro\/wp-json\/wp\/v2\/pages\/262\/revisions"}],"wp:attachment":[{"href":"https:\/\/www.vigilanterodoviario.com.br\/retro\/wp-json\/wp\/v2\/media?parent=262"}],"curies":[{"name":"wp","href":"https:\/\/api.w.org\/{rel}","templated":true}]}}

<p>Filho de<br />
imigrantes espanhóis e portugueses <a target="_blank" href="http://us.imdb.com/name/nm0272806/"><font color="#FFCC00">Ary Fernandes</font></a>, nasceu no dia 31 de março de 1931 em São Paulo, , Capital, no bairro de Santana,&nbsp; zona norte da cidade. Foi um dramaturgo, ator, locutor, produtor, roteirista, compositor e cineasta que se apresenta com um vasto portfólio de trabalhos, onde<br />
constam mais de <b>124 filmes</b>&nbsp;sob sua direção e produção, tanto em âmbito nacional como internacional.</p>
<p>Sob sua produção e direção, <a target="_blank" href="http://us.imdb.com/name/nm0272806/"><font color="#FFCC00">Ary Fernandes</font></a> obteve a marca de <b>231 comercias</b> para televisão, onde foi o pioneiro &nbsp;nesta &quot;nova&quot; área na década de 1960.</p>
<p>Como ator participou de peças teatrais, comerciais para televisão, 8 filmes de longa-metragem e atuou em 26 episódios &nbsp;do seriado <a target="_blank" href="http://us.imdb.com/title/tt0289837/"><font color="#FFCC00">&#8220;ÁGUIAS DE FOGO&#8221;</font></a>, como <a href="http://us.imdb.com/title/tt0289837/" target="_blank"><font color="#FFCC00">&quot;Capitão César&quot;</font></a>.</p>
<p>Na história da cinematografia brasileira, seu nome ilustra como o idealizador, criador, produtor, diretor e detentor dos direitos autorais da obra que tornou-se um marco da televisão e do cinema nacional, o seriado <a target="_blank" href="http://us.imdb.com/title/tt0262181/"><font color="#FFCC00">&#8220;O<br />
VIGILANTE RODOVIÁRIO®&quot;</font></a>.</p>
<p><a target="_blank" href="http://us.imdb.com/name/nm0272806/"><font color="#FFCC00">Ary </font></a>&nbsp;desde criança não se conformava que não havia um herói genuinamente brasileiro. A oportunidade de criar e dar vida ao seu personagem surgiu em 1959. Ao contrário do já se falou e foi publicado por muito tempo, os créditos de idealizador e criador do nosso primeiro herói genuinamente brasileiro, <i>não foi idéia de um grupo de aficionados da arte</i>, mas sim de <a target="_blank" href="http://us.imdb.com/name/nm0272806/"><font color="#FFCC00">Ary Fernandes</font></a>, que contou com o apoio e crédito de seu grande amigo, Alfredo Palácios que a ele se uniu nesta empreitada e exerceu a função de produtor técnico na série. Outros técnicos vindos do extinto Estúdio da Maristela (Jaçanã, São Paulo), também acreditaram no potencial empreendedor de <a target="_blank" href="http://us.imdb.com/name/nm0272806/"><font color="#FFCC00">Fernandes</font></a>, e o apoiaram nesta iniciativa.</p>
<p>Para chegar ao sucesso final da série, <a target="_blank" href="http://us.imdb.com/name/nm0272806/"><font color="#FFCC00">Ary  </font></a>&nbsp;enfrentou chacotas e descréditos de muitos que não acreditavam que um jovem sonhador pudesse dar vida e obter sucesso com o primeiro seriado brasileiro, primeiro da América Latina e lançou o Brasil como quarto País no mundo a produzir séries para televisão.</p>
<p>Vale lembrar que a televisão mal havia se implantado em nosso País e poucos eram os que desfrutavam de um aparelho de TV em suas casas.&nbsp; Através deste seriado, <a target="_blank" href="http://us.imdb.com/name/nm0272806/"><font color="#FFCC00">Ary Fernandes</font></a> abriu as portas para novos talentos. Hoje esses mesmos talentos destacam-se entre os grandes nomes da dramaturgia brasileira. Entre eles: Stênio Garcia, Fúlvio Stefanini, Ary Fontoura , Rosamaria Murtinho, Milton Gonçalves, Ety Fraser, Luís Guilherme, os humoristas Juca Chaves e Ary Toledo, o cantor Toni Campello entre outros.</p>
<p>É também de autoria de <a target="_blank" href="http://us.imdb.com/name/nm0272806/"><font color="#FFCC00">Ary Fernandes</font></a>, o tema musical de abertura da série intitulado <a target="_blank" href="http://us.imdb.com/title/tt0262181/"><font color="#FFCC00">&#8220;O VIGILANTE RODOVIÁRIO®&quot;</font></a>. No ano de 1967, funda a PROCITEL &#8211; Produções Cine Televisão Ltda, empresa essa detentora da marca registrada <a target="_blank" href="http://us.imdb.com/title/tt0262181/"><font color="#FFCC00">&#8220;O VIGILANTE RODOVIÁRIO®&quot;</font></a>.</p>
<p>Com os resultados positivos obtidos nesta linha de filmes de ação, <FONT face=Arial ,size="2"><a target="_blank" href="http://us.imdb.com/name/nm0272806/"><font color="#FFCC00">Ary Fernandes</font></a> partiu para a realização do segundo projeto, uma nova série, porém agora voltado para Força Aérea Brasileira, denominado <a target="_blank" href="http://us.imdb.com/title/tt0289837/"><font color="#FFCC00">&#8220;ÁGUIAS DE FOGO&#8221;</font></a>. Produzido no final dos anos sessenta e, exibido nesta mesma época pela televisão, novamente contou com a grande aceitação do público. Devido a esse incentivo, foi exibido em salas de cinemas, obtendo assim grande sucesso de<br />
bilheteria.</p>
<p>Com a  experiência e o sucesso adquiridos através de suas séries pioneiras, Fernandes conquistou o reconhecimento de seus colegas de profissão, do público e da imprensa. Nas décadas seguintes de 70, 80 e início dos anos 90, <a target="_blank" href="http://us.imdb.com/name/nm0272806/"><font color="#FFCC00">Ary Fernandes</font></a> dedicou intensamente ao cinema como diretor e produtor. Vale lembrar que em 1978, dirige, produz e roteiriza um filme à cores, com novo ator, que seria o piloto para uma nova série da sua pioneira obra <a target="_blank" href="http://us.imdb.com/title/tt0262181/"><font color="#FFCC00">&#8220;O VIGILANTE RODOVIÁRIO®&quot;</font></a>, porém ficando restrita somente a este filme piloto.</p>
<p>&nbsp;Em paralelo ao cinema na década de 90 até o ano de 2001, tem sua carreira voltada à literatura e aos estúdios de som &nbsp;como diretor e ator de dublagem. Vale destacar as dublagens dos personagens: Rocko, protagonista da série de desenhos animados “A Vida Moderna de Rocko” e Mestre Albion de Ceféu, da série de animes “Os Cavaleiros do Zodíaco” (versão 1994). Após o AVC (acidente vascular cerebral) que sofreu em 10 de novembro de 2001, <a target="_blank" href="http://us.imdb.com/name/nm0272806/"><font color="#FFCC00">Ary Fernandes</font></a> dedicou a literatura e escreveu&nbsp;os inéditos romances: &nbsp;A História de um Fordinho 1929; Vital Brasil – O Doutor das Cobras; &nbsp;Uamiri – O Curumim do Amazonas e a obra inacabada “O Último Voo para Paris”. </p>
<p>Em 2005, é convidado para ser biografado pelo escrito Antônio Leão da Silva Neto, através  da coleção Aplauso Cinema Brasil da Imprensa Oficial do Estado de São Paulo, do jornalista e crítico de cinema,<br />
Rubens Ewald Filho. Em 2006, é lançada sua biografia intitulada: “</font><a target="_blank" href="http://us.imdb.com/name/nm0272806/"><font color="#FFCC00">Ary Fernandes</font></a> &#8211;&nbsp; Sua<br />
Fascinante História”.</p>
<p>Durante toda a década de 2000 à 2010, <a target="_blank" href="http://us.imdb.com/name/nm0272806/"><font color="#FFCC00">Ary Fernandes</font></a> deu continuidade aos seus projetos para as novas aventuras da saga do <a target="_blank" href="http://us.imdb.com/title/tt0262181/"><font color="#FFCC00">&#8220;O VIGILANTE RODOVIÁRIO®&quot;</font></a> e restauro de suas séries pioneiras <a target="_blank" href="http://us.imdb.com/title/tt0262181/"><font color="#FFCC00">&#8220;O VIGILANTE RODOVIÁRIO®&quot;</font></a> e <a target="_blank" href="http://us.imdb.com/title/tt0289837/"><font color="#FFCC00">&#8220;ÁGUIAS DE FOGO&#8221;</font></a>.</p>
<p>No dia 09 de março de 2009, <a target="_blank" href="http://us.imdb.com/name/nm0272806/"><font color="#FFCC00">Ary Fernandes</font></a> traz novamente à televisão sua série <a target="_blank" href="http://us.imdb.com/title/tt0262181/"><font color="#FFCC00">&#8220;O VIGILANTE RODOVIÁRIO®&quot;</font></a> e a lança em DVD no final  deste mesmo ano. Em 2010, sua série <a target="_blank" href="http://us.imdb.com/title/tt0289837/"><font color="#FFCC00">&#8220;ÁGUIAS DE FOGO&#8221;</font></a> reestreia na televisão em 02 de agosto de 2010.</p>
<p><a target="_blank" href="http://us.imdb.com/name/nm0272806/"><font color="#FFCC00">Ary Fernandes</font></a>&nbsp; faleceu na cidade de São Paulo, numa manhã de domingo de 29 de agosto de 2010 às 7 hs, aos 79 anos de idade, vítima de quatro paradas cardíacas. Era casado há 52 anos Ignez Peixoto Fernandes. Deixou dois filhos Fernando e Vania Fernandes e uma única neta, Danielle.</p>

<p>Filho de imigrantes espanhóis e portugueses Ary Fernandes, nasceu no dia 31 de março de 1931 em São Paulo, , Capital, no bairro de Santana,&nbsp; zona norte da cidade. Foi um dramaturgo, ator, locutor, produtor, roteirista, compositor e cineasta que se apresenta com um vasto portfólio de trabalhos, onde constam mais de 124 filmes&nbsp;sob sua &#8230; <a title="Filmografia" class="read-more" href="https://www.vigilanterodoviario.com.br/retro/filmografia/">Acesse aqui<span class="screen-reader-text">Filmografia</span></a></p>
