{"id":24,"date":"2015-10-06T19:29:49","date_gmt":"2015-10-06T19:29:49","guid":{"rendered":"http:\/\/www.vigilanterodoviario.com.br\/serie\/?page_id=24"},"modified":"2016-07-20T18:12:31","modified_gmt":"2016-07-20T18:12:31","slug":"trofeu-roquete-pinto-o-vigilante-rodoviario","status":"publish","type":"page","link":"https:\/\/www.vigilanterodoviario.com.br\/retro\/trofeu-roquete-pinto-o-vigilante-rodoviario\/","title":{"rendered":"Trof\u00e9u Roquete Pinto &#8211;  O Vigilante Rodovi\u00e1rio"},"content":{"rendered":"<p>Pr\u00eamio de &#8220;Melhor Filme de Televis\u00e3o &#8211; S\u00e9rie 1962&#8221;  mar\u00e7o de 1963<br \/>\nEste trof\u00e9u \u00e9 \u00fanico e foi entregue durante o cerimonial de premia\u00e7\u00e3o  ao criador, diretor e detentor dos direitos autorais da s\u00e9rie,  Cineasta Ary Fernandes. <\/p>\n<p><a href=\"http:\/\/www.vigilanterodoviario.com.br\/serie\/wp-content\/uploads\/2015\/10\/roquete_pinto.jpg\"><img loading=\"lazy\" decoding=\"async\" src=\"http:\/\/www.vigilanterodoviario.com.br\/serie\/wp-content\/uploads\/2015\/10\/roquete_pinto.jpg\" alt=\"Trof\u00e9u Roquete Pinto \" width=\"509\" height=\"332\" class=\"alignnone size-full wp-image-25\" \/><\/a><\/p>\n<p><em>Revista do Cerimonial &#8211; mar\u00e7o de 1963<\/em><\/p>\n<p><img loading=\"lazy\" decoding=\"async\" src=\"http:\/\/www.vigilanterodoviario.com.br\/revistaroquete.jpg\" width=\"420\" height=\"600\" class=\"aligncenter\" \/><\/p>\n","protected":false},"excerpt":{"rendered":"<p>Pr\u00eamio de &#8220;Melhor Filme de Televis\u00e3o &#8211; S\u00e9rie 1962&#8221; mar\u00e7o de 1963 Este trof\u00e9u \u00e9 \u00fanico e foi entregue durante o cerimonial de premia\u00e7\u00e3o ao criador, diretor e detentor dos direitos autorais da s\u00e9rie, Cineasta Ary Fernandes. Revista do Cerimonial &#8211; mar\u00e7o de 1963<\/p>\n","protected":false},"author":2,"featured_media":0,"parent":0,"menu_order":0,"comment_status":"closed","ping_status":"open","template":"","meta":{"footnotes":""},"class_list":["post-24","page","type-page","status-publish"],"_links":{"self":[{"href":"https:\/\/www.vigilanterodoviario.com.br\/retro\/wp-json\/wp\/v2\/pages\/24","targetHints":{"allow":["GET"]}}],"collection":[{"href":"https:\/\/www.vigilanterodoviario.com.br\/retro\/wp-json\/wp\/v2\/pages"}],"about":[{"href":"https:\/\/www.vigilanterodoviario.com.br\/retro\/wp-json\/wp\/v2\/types\/page"}],"author":[{"embeddable":true,"href":"https:\/\/www.vigilanterodoviario.com.br\/retro\/wp-json\/wp\/v2\/users\/2"}],"replies":[{"embeddable":true,"href":"https:\/\/www.vigilanterodoviario.com.br\/retro\/wp-json\/wp\/v2\/comments?post=24"}],"version-history":[{"count":0,"href":"https:\/\/www.vigilanterodoviario.com.br\/retro\/wp-json\/wp\/v2\/pages\/24\/revisions"}],"wp:attachment":[{"href":"https:\/\/www.vigilanterodoviario.com.br\/retro\/wp-json\/wp\/v2\/media?parent=24"}],"curies":[{"name":"wp","href":"https:\/\/api.w.org\/{rel}","templated":true}]}}