{"id":1513,"date":"2025-10-02T13:45:48","date_gmt":"2025-10-02T13:45:48","guid":{"rendered":"https:\/\/www.vigilanterodoviario.com.br\/retro\/?page_id=1513"},"modified":"2025-10-02T14:03:35","modified_gmt":"2025-10-02T14:03:35","slug":"bem-vindo","status":"publish","type":"page","link":"https:\/\/www.vigilanterodoviario.com.br\/retro\/","title":{"rendered":"Bem-Vindo!"},"content":{"rendered":"<div class=\"feedzy-241311c55e0c218fac361e913a7617ca feedzy-rss\"><ul><li  style=\"padding: 15px 0 25px\" class=\"rss_item\"><span class=\"title\"><a href=\"https:\/\/news.google.com\/rss\/articles\/CBMivAFBVV95cUxPel9zUF93aHF3cnNKODViVFk4NXRNRk5DSWlWeUZ1VGNrejJBYlBEa01ZMl90LVUzY0tuWEtoV25UZU9OWVNBMm1YQWo1R01jeVoydl92bmNiaXVpdzVEVi1YRzNBaklJNzBwUF8yZk5weUdkM2hUN2lYbVN5THg5UU9ock9qcnBtRU81cVhJenpRbzE5bTRESlNtYlozOHpWdWNsSnJobi04RVhuWDhGM29hOHVMZnJSRThtatIBwgFBVV95cUxPUi1GcHlXRmRxQW1rSXdBNGYwTUtxVnhZaXRtSTNzRUxVR25vUlkzQWpPdTExVmsxaHRSajgzWGVMZFcxZy1lYzdETE9UR0ZaYkFUd3BaN1hFRkNMeGg4WENKSTc5dDlRZVpLMkRaTkx3OE5BdDFZV1FlRjZQV3F0cjdnRG5GNm5JZ3pHTmEzV3llYks5Rm13aGtQOUFQaXhLaW96SGRvNXoxeW5LcGIzajhxcmhnblJWYmxLbDlSZG03dw?oc=5\" target=\"_blank\" rel=\" noopener\">Mortes: Brincava com o cachorro do Vigilante Rodovi\u00e1rio na inf\u00e2ncia - Folha de S.Paulo<\/a><\/span><div class=\"rss_content\" style=\"\"><small>on 17\/09\/2025 at 07:00 <\/small><p>Mortes: Brincava com o cachorro do Vigilante Rodovi\u00e1rio na inf\u00e2ncia\u00a0\u00a0Folha de S.Paulo<\/p><\/div><\/li><li  style=\"padding: 15px 0 25px\" class=\"rss_item\"><span class=\"title\"><a href=\"https:\/\/news.google.com\/rss\/articles\/CBMicEFVX3lxTFBBelQzc2ZFLVJ4ZjJEbUt1ZEZCaXlBbnpsTFlzNmI3UGI1MHJqaUtWc2tpYXduZG1FLThBRDNyWm1yblR3UGF0WUlMVzhSbmpJakRUeE9CRkhzR1FOSmE2cjdLcTRpbG5xSUkwLWVITmE?oc=5\" target=\"_blank\" rel=\" noopener\">O Vigilante Rodovi\u00e1rio (1978) - IMDb<\/a><\/span><div class=\"rss_content\" style=\"\"><small>on 25\/04\/2025 at 00:51 <\/small><p>O Vigilante Rodovi\u00e1rio (1978)\u00a0\u00a0IMDb<\/p><\/div><\/li><li  style=\"padding: 15px 0 25px\" class=\"rss_item\"><span class=\"title\"><a href=\"https:\/\/news.google.com\/rss\/articles\/CBMidkFVX3lxTFBhWFVKMXlUNFVkNnljMGt1N0UzeC1KSXdWYWxLRTlDeVpFcVRXOVlzZHJodG1la0hCWmhwUjRyWU5OcGRsbWUySjVaU1J5VV9SdjV5ZDNKOS1wY2tPWDk5anpyVVBlQldLTnkxRjVqdXdxN3RXanc?oc=5\" target=\"_blank\" rel=\" noopener\">- Assembleia Legislativa do Estado de S\u00e3o Paulo<\/a><\/span><div class=\"rss_content\" style=\"\"><small>on 23\/03\/2025 at 13:47 <\/small><p>\u00a0\u00a0Assembleia Legislativa do Estado de S\u00e3o Paulo<\/p><\/div><\/li><li  style=\"padding: 15px 0 25px\" class=\"rss_item\"><span class=\"title\"><a href=\"https:\/\/news.google.com\/rss\/articles\/CBMinAFBVV95cUxOdjFyZFI0SDREeFZuYWZfZ1pCNWFNNE91bklJVmlKZzJYZ0wwaUdxaXNhRF9PNElVVF9pRmlxZzg4VjVYRVZNRmJrdlEtNzRXV0pWWktGMWNSS2U1cFZ5c05CZkFLamw5bnhOR2tGX0NZRENLMmNnTmxyU3kwUmFSZGdoQkNXeHdLMm5vSzlHTFVjWVFOMldtR0x1MHbSAaIBQVVfeXFMTnNmWEVwQkdkU0VSekRTRWNWcVYzYkxaOXBuaE1sTC1NUkxYSHoyNjVtRURqTWZyNzVhRGQtRXZ3WHBfNmN0NWdCallJSFJmVE9RdWhxOWZPMFJPT1lVaGV2Tk9ZVW51bTluWHBqVURyQ25USVROckw1eTF6MDRhWF8weE9aTUxxSjBXY05EWDVCRlBUdXVDdWlOb3Vrek5DS2dR?oc=5\" target=\"_blank\" rel=\" noopener\">Nosso eterno vigilante rodovi\u00e1rio partiu para sua \u00faltima miss\u00e3o - carros com camanzi<\/a><\/span><div class=\"rss_content\" style=\"\"><small>on 24\/02\/2025 at 08:00 <\/small><p>Nosso eterno vigilante rodovi\u00e1rio partiu para sua \u00faltima miss\u00e3o\u00a0\u00a0carros com camanzi<\/p><\/div><\/li><li  style=\"padding: 15px 0 25px\" class=\"rss_item\"><span class=\"title\"><a href=\"https:\/\/news.google.com\/rss\/articles\/CBMiigFBVV95cUxPNmd2Vmo2SlVDcUVtQzZKVTg4ZWFBalpUUEJfZUVzLU5wSDgxMS0yZlRfcUg5bVZvdlRuVVdDeE9EMEpGYVhCUTh2RGtZOTVfc0s4OUt2VWRTcWZqdk5aTWxXaE5YcUhHY3IyNjF1dVhONWVXeGlhTVllUVk1LVJtLW9WMERwOWtXX0E?oc=5\" target=\"_blank\" rel=\" noopener\">CARLOS MIRANDA, nosso ETERNO VIGILANTE RODOVI\u00c1RIO - R7<\/a><\/span><div class=\"rss_content\" style=\"\"><small>on 23\/02\/2025 at 08:00 <\/small><p>CARLOS MIRANDA, nosso ETERNO VIGILANTE RODOVI\u00c1RIO\u00a0\u00a0R7<\/p><\/div><\/li><li  style=\"padding: 15px 0 25px\" class=\"rss_item\"><span class=\"title\"><a href=\"https:\/\/news.google.com\/rss\/articles\/CBMiW0FVX3lxTFA2OUlDeXNCTHRRSzRSR0thc2l1Q2Z4bXZFd2Jrd3FsY2I3NDNlcVBkRzJjVExIMDREZG1WVHpPWElvZy1RRjMxVGIzUHpzME9IdWg3NXI4WmdYa2s?oc=5\" target=\"_blank\" rel=\" noopener\">VIGILANTE RODOVI\u00c1RIO \u2018rodou\u2019 muito pelas estradas de Jundia\u00ed - Jornal Jundia\u00ed Agora<\/a><\/span><div class=\"rss_content\" style=\"\"><small>on 23\/02\/2025 at 08:00 <\/small><p>VIGILANTE RODOVI\u00c1RIO \u2018rodou\u2019 muito pelas estradas de Jundia\u00ed\u00a0\u00a0Jornal Jundia\u00ed Agora<\/p><\/div><\/li><li  style=\"padding: 15px 0 25px\" class=\"rss_item\"><span class=\"title\"><a href=\"https:\/\/news.google.com\/rss\/articles\/CBMiiAFBVV95cUxPWmRUOWZuMEN4NFJQNnplVm82NC1xdzJibzMxNUY5eXZLdE5IQVp1bTY5VjRsOTFjTy1ZVTFnR1c2THYwYjNYdC11VTk1WmJVakZBbmFKdllxaklyczd5aXhPZVRhUmZCYUcyZjhyT2ZpRlQ4aElERmp2UTJjZkJGSUJEMzlwRnRu?oc=5\" target=\"_blank\" rel=\" noopener\">Um vigilante que encantou gera\u00e7\u00f5es - Money Report<\/a><\/span><div class=\"rss_content\" style=\"\"><small>on 22\/02\/2025 at 08:00 <\/small><p>Um vigilante que encantou gera\u00e7\u00f5es\u00a0\u00a0Money Report<\/p><\/div><\/li><\/ul> <\/div><style type=\"text\/css\" media=\"all\">.feedzy-rss .rss_item .rss_image{float:left;position:relative;border:none;text-decoration:none;max-width:100%}.feedzy-rss .rss_item .rss_image span{display:inline-block;position:absolute;width:100%;height:100%;background-position:50%;background-size:cover}.feedzy-rss .rss_item .rss_image{margin:.3em 1em 0 0;content-visibility:auto}.feedzy-rss ul{list-style:none}.feedzy-rss ul li{display:inline-block}<\/style>\n<div class=\"feedzy-1bd046d0f714420437b4df7b6f35539c feedzy-rss\"><ul><li  style=\"padding: 15px 0 25px\" class=\"rss_item\"><div class=\"rss_image\" style=\"height:150px;width:150px;\"><a href=\"https:\/\/www.vigilanterodoviario.com.br\/retro\/falece-carlos-miranda-ator-do-primeiro-seriado-produzido-especialmente-para-a-televisao-em-toda-a-america-latina\/\" target=\"_blank\" rel=\" noopener\" title=\"Falece Carlos Miranda, ator do primeiro seriado produzido especialmente para a televis\u00e3o em toda a Am\u00e9rica Latina\" style=\"height:150px;width:150px;\"><img decoding=\"async\" src=\"https:\/\/www.vigilanterodoviario.com.br\/retro\/wp-content\/uploads\/2025\/02\/carlos_miranda.jpg\" title=\"Falece Carlos Miranda, ator do primeiro seriado produzido especialmente para a televis\u00e3o em toda a Am\u00e9rica Latina\" style=\"height:150px;width:150px;\"><\/a><\/div><span class=\"title\"><a href=\"https:\/\/www.vigilanterodoviario.com.br\/retro\/falece-carlos-miranda-ator-do-primeiro-seriado-produzido-especialmente-para-a-televisao-em-toda-a-america-latina\/\" target=\"_blank\" rel=\" noopener\">Falece Carlos Miranda, ator do primeiro seriado produzido especialmente para a televis\u00e3o em toda a Am\u00e9rica Latina<\/a><\/span><div class=\"rss_content\" style=\"\"><small>by <a href=\"\/\/www.vigilanterodoviario.com.br\" target=\"_blank\" title=\"www.vigilanterodoviario.com.br\">vigilante<\/a> on 17\/02\/2025 at 14:05 <\/small><p>O tenente-coronel da Pol\u00edcia Militar de S\u00e3o Paulo Carlos Miranda, mais conhecido como Vigilante Rodovi\u00e1rio , faleceu nesta segunda-feira (17), aos 91 anos, em S\u00e3o Jo\u00e3o da Boa Vista, no interior paulista. Carlos Miranda foi o ator do primeiro seriado produzido especialmente para a televis\u00e3o (Vigilante Rodovi\u00e1rio) em toda a Am\u00e9rica Latina. Nasceu em S\u00e3o ... Acesse aquiFalece Carlos Miranda, ator do primeiro seriado produzido especialmente para a televis\u00e3o em toda a Am\u00e9rica Latina<\/p><\/div><\/li><li  style=\"padding: 15px 0 25px\" class=\"rss_item\"><div class=\"rss_image\" style=\"height:150px;width:150px;\"><a href=\"https:\/\/www.vigilanterodoviario.com.br\/retro\/assista-agora-aqui\/\" target=\"_blank\" rel=\" noopener\" title=\"Assista Agora Aqui!\" style=\"height:150px;width:150px;\"><img decoding=\"async\" src=\"https:\/\/www.vigilanterodoviario.com.br\/retro\/wp-content\/uploads\/2023\/10\/vigilante.jpg\" title=\"Assista Agora Aqui!\" style=\"height:150px;width:150px;\"><\/a><\/div><span class=\"title\"><a href=\"https:\/\/www.vigilanterodoviario.com.br\/retro\/assista-agora-aqui\/\" target=\"_blank\" rel=\" noopener\">Assista Agora Aqui!<\/a><\/span><div class=\"rss_content\" style=\"\"><small>by <a href=\"\/\/www.vigilanterodoviario.com.br\" target=\"_blank\" title=\"www.vigilanterodoviario.com.br\">vigilante<\/a> on 24\/10\/2023 at 13:09 <\/small><p>A s\u00e9rie conta as aventuras do Inspetor Carlos e de seu fiel escudeiro, o simp\u00e1tico c\u00e3o Lobo, que lutam contra o crime patrulhando as estradas brasileiras \u00e0 bordo de um Simca Chambord ou de uma possante motocicleta Harley Davidson. T1 EP.1 \u2014 O Vigilante Rodovi\u00e1rio \u2013 Ep. 01 \u2013 O Diamante Gr\u00e3o Mongol 31 de ... Acesse aquiAssista Agora Aqui!<\/p><\/div><\/li><\/ul> <\/div><style type=\"text\/css\" media=\"all\">.feedzy-rss .rss_item .rss_image{float:left;position:relative;border:none;text-decoration:none;max-width:100%}.feedzy-rss .rss_item .rss_image span{display:inline-block;position:absolute;width:100%;height:100%;background-position:50%;background-size:cover}.feedzy-rss .rss_item .rss_image{margin:.3em 1em 0 0;content-visibility:auto}.feedzy-rss ul{list-style:none}.feedzy-rss ul li{display:inline-block}<\/style>\n","protected":false},"excerpt":{"rendered":"","protected":false},"author":2,"featured_media":0,"parent":0,"menu_order":0,"comment_status":"closed","ping_status":"closed","template":"","meta":{"footnotes":""},"class_list":["post-1513","page","type-page","status-publish"],"_links":{"self":[{"href":"https:\/\/www.vigilanterodoviario.com.br\/retro\/wp-json\/wp\/v2\/pages\/1513","targetHints":{"allow":["GET"]}}],"collection":[{"href":"https:\/\/www.vigilanterodoviario.com.br\/retro\/wp-json\/wp\/v2\/pages"}],"about":[{"href":"https:\/\/www.vigilanterodoviario.com.br\/retro\/wp-json\/wp\/v2\/types\/page"}],"author":[{"embeddable":true,"href":"https:\/\/www.vigilanterodoviario.com.br\/retro\/wp-json\/wp\/v2\/users\/2"}],"replies":[{"embeddable":true,"href":"https:\/\/www.vigilanterodoviario.com.br\/retro\/wp-json\/wp\/v2\/comments?post=1513"}],"version-history":[{"count":4,"href":"https:\/\/www.vigilanterodoviario.com.br\/retro\/wp-json\/wp\/v2\/pages\/1513\/revisions"}],"predecessor-version":[{"id":1517,"href":"https:\/\/www.vigilanterodoviario.com.br\/retro\/wp-json\/wp\/v2\/pages\/1513\/revisions\/1517"}],"wp:attachment":[{"href":"https:\/\/www.vigilanterodoviario.com.br\/retro\/wp-json\/wp\/v2\/media?parent=1513"}],"curies":[{"name":"wp","href":"https:\/\/api.w.org\/{rel}","templated":true}]}}