{"id":1501,"date":"2025-02-17T17:14:51","date_gmt":"2025-02-17T17:14:51","guid":{"rendered":"https:\/\/www.vigilanterodoviario.com.br\/retro\/?page_id=1501"},"modified":"2025-02-17T17:14:53","modified_gmt":"2025-02-17T17:14:53","slug":"indice","status":"publish","type":"page","link":"https:\/\/www.vigilanterodoviario.com.br\/retro\/indice\/","title":{"rendered":"\u00cdndice"},"content":{"rendered":"<ul class=\"wp-block-page-list\"><li class=\"wp-block-pages-list__item\"><a class=\"wp-block-pages-list__item__link\" href=\"https:\/\/www.vigilanterodoviario.com.br\/retro\/50-anos-da-nossa-historia\/\">50 anos da nossa hist\u00f3ria<\/a><\/li><li class=\"wp-block-pages-list__item\"><a class=\"wp-block-pages-list__item__link\" href=\"https:\/\/www.vigilanterodoviario.com.br\/retro\/a-escolha-do-cao-para-viver-o-lobo\/\">A escolha do c\u00e3o para viver o &#8216;Lobo&#8217;<\/a><\/li><li class=\"wp-block-pages-list__item\"><a class=\"wp-block-pages-list__item__link\" href=\"https:\/\/www.vigilanterodoviario.com.br\/retro\/a-historia-da-minha-vida\/\">A Hist\u00f3ria da Minha Vida<\/a><\/li><li class=\"wp-block-pages-list__item\"><a class=\"wp-block-pages-list__item__link\" href=\"https:\/\/www.vigilanterodoviario.com.br\/retro\/a-serie\/\">A S\u00e9rie<\/a><\/li><li class=\"wp-block-pages-list__item\"><a class=\"wp-block-pages-list__item__link\" href=\"https:\/\/www.vigilanterodoviario.com.br\/retro\/a-trama\/\">A Trama<\/a><\/li><li class=\"wp-block-pages-list__item\"><a class=\"wp-block-pages-list__item__link\" href=\"https:\/\/www.vigilanterodoviario.com.br\/retro\/a-volta\/\">A Volta<\/a><\/li><li class=\"wp-block-pages-list__item\"><a class=\"wp-block-pages-list__item__link\" href=\"https:\/\/www.vigilanterodoviario.com.br\/retro\/a-volta-na-tv\/\">A Volta na TV<\/a><\/li><li class=\"wp-block-pages-list__item\"><a class=\"wp-block-pages-list__item__link\" href=\"https:\/\/www.vigilanterodoviario.com.br\/retro\/ary-e-carlos\/\">Ary e Carlos<\/a><\/li><li class=\"wp-block-pages-list__item\"><a class=\"wp-block-pages-list__item__link\" href=\"https:\/\/www.vigilanterodoviario.com.br\/retro\/bastidores\/\">Bastidores<\/a><\/li><li class=\"wp-block-pages-list__item menu-item-home\"><a class=\"wp-block-pages-list__item__link\" href=\"https:\/\/www.vigilanterodoviario.com.br\/retro\/\">Bem-Vindo!<\/a><\/li><li class=\"wp-block-pages-list__item\"><a class=\"wp-block-pages-list__item__link\" href=\"https:\/\/www.vigilanterodoviario.com.br\/retro\/canal-brasil-chamada\/\">Canal Brasil &#8211; Chamada<\/a><\/li><li class=\"wp-block-pages-list__item\"><a class=\"wp-block-pages-list__item__link\" href=\"https:\/\/www.vigilanterodoviario.com.br\/retro\/canal-brasil-entrevista\/\">Canal Brasil &#8211; Entrevista<\/a><\/li><li class=\"wp-block-pages-list__item\"><a class=\"wp-block-pages-list__item__link\" href=\"https:\/\/www.vigilanterodoviario.com.br\/retro\/cancao-tema\/\">Can\u00e7\u00e3o Tema<\/a><\/li><li class=\"wp-block-pages-list__item\"><a class=\"wp-block-pages-list__item__link\" href=\"https:\/\/www.vigilanterodoviario.com.br\/retro\/cartazes\/\">Cartazes<\/a><\/li><li class=\"wp-block-pages-list__item\"><a class=\"wp-block-pages-list__item__link\" href=\"https:\/\/www.vigilanterodoviario.com.br\/retro\/cartazes-dos-filmes\/\">Cartazes dos Filmes<\/a><\/li><li class=\"wp-block-pages-list__item\"><a class=\"wp-block-pages-list__item__link\" href=\"https:\/\/www.vigilanterodoviario.com.br\/retro\/cd\/\">CD<\/a><\/li><li class=\"wp-block-pages-list__item\"><a class=\"wp-block-pages-list__item__link\" href=\"https:\/\/www.vigilanterodoviario.com.br\/retro\/cine-e-tv\/\">Cine e TV<\/a><\/li><li class=\"wp-block-pages-list__item\"><a class=\"wp-block-pages-list__item__link\" href=\"https:\/\/www.vigilanterodoviario.com.br\/retro\/cinemateca\/\">Cinemateca<\/a><\/li><li class=\"wp-block-pages-list__item\"><a class=\"wp-block-pages-list__item__link\" href=\"https:\/\/www.vigilanterodoviario.com.br\/retro\/comando-pm\/\">Comando PM<\/a><\/li><li class=\"wp-block-pages-list__item\"><a class=\"wp-block-pages-list__item__link\" href=\"https:\/\/www.vigilanterodoviario.com.br\/retro\/reportagem-canal-brasil\/\">Condecora\u00e7\u00e3o &#8211; Reportagem Canal Brasil<\/a><\/li><li class=\"wp-block-pages-list__item\"><a class=\"wp-block-pages-list__item__link\" href=\"https:\/\/www.vigilanterodoviario.com.br\/retro\/creditos\/\">Cr\u00e9ditos<\/a><\/li><li class=\"wp-block-pages-list__item\"><a class=\"wp-block-pages-list__item__link\" href=\"https:\/\/www.vigilanterodoviario.com.br\/retro\/criacao\/\">Cria\u00e7\u00e3o<\/a><\/li><li class=\"wp-block-pages-list__item\"><a class=\"wp-block-pages-list__item__link\" href=\"https:\/\/www.vigilanterodoviario.com.br\/retro\/dominio-publico\/\">Dom\u00ednio P\u00fablico<\/a><\/li><li class=\"wp-block-pages-list__item\"><a class=\"wp-block-pages-list__item__link\" href=\"https:\/\/www.vigilanterodoviario.com.br\/retro\/dublagem\/\">Dublagem<\/a><\/li><li class=\"wp-block-pages-list__item\"><a class=\"wp-block-pages-list__item__link\" href=\"https:\/\/www.vigilanterodoviario.com.br\/retro\/dublagem-2\/\">Dublagem<\/a><\/li><li class=\"wp-block-pages-list__item\"><a class=\"wp-block-pages-list__item__link\" href=\"https:\/\/www.vigilanterodoviario.com.br\/retro\/dvds-mais-vendidos\/\">DVDs mais Vendidos<\/a><\/li><li class=\"wp-block-pages-list__item has-child\"><a class=\"wp-block-pages-list__item__link\" href=\"https:\/\/www.vigilanterodoviario.com.br\/retro\/depoimentos\/\">Eis a minha hist\u00f3ria<\/a><ul class=\"wp-block-navigation__submenu-container\"><li class=\"wp-block-pages-list__item \"><a class=\"wp-block-pages-list__item__link\" href=\"https:\/\/www.vigilanterodoviario.com.br\/retro\/depoimentos\/nasce-o-vigilante\/\">Nasce o Vigilante<\/a><\/li><li class=\"wp-block-pages-list__item \"><a class=\"wp-block-pages-list__item__link\" href=\"https:\/\/www.vigilanterodoviario.com.br\/retro\/depoimentos\/nos-e-o-lobo\/\">N\u00f3s e o Lobo<\/a><\/li><\/ul><\/li><li class=\"wp-block-pages-list__item\"><a class=\"wp-block-pages-list__item__link\" href=\"https:\/\/www.vigilanterodoviario.com.br\/retro\/eleicao\/\">Elei\u00e7\u00e3o<\/a><\/li><li class=\"wp-block-pages-list__item\"><a class=\"wp-block-pages-list__item__link\" href=\"https:\/\/www.vigilanterodoviario.com.br\/retro\/elenco\/\">Elenco<\/a><\/li><li class=\"wp-block-pages-list__item\"><a class=\"wp-block-pages-list__item__link\" href=\"https:\/\/www.vigilanterodoviario.com.br\/retro\/entrevistas\/\">Entrevistas<\/a><\/li><li class=\"wp-block-pages-list__item\"><a class=\"wp-block-pages-list__item__link\" href=\"https:\/\/www.vigilanterodoviario.com.br\/retro\/entrevistas-2\/\">Entrevistas<\/a><\/li><li class=\"wp-block-pages-list__item\"><a class=\"wp-block-pages-list__item__link\" href=\"https:\/\/www.vigilanterodoviario.com.br\/retro\/entrevistas-1\/\">Entrevistas<\/a><\/li><li class=\"wp-block-pages-list__item has-child\"><a class=\"wp-block-pages-list__item__link\" href=\"https:\/\/www.vigilanterodoviario.com.br\/retro\/episodios\/\">Epis\u00f3dios<\/a><ul class=\"wp-block-navigation__submenu-container\"><li class=\"wp-block-pages-list__item \"><a class=\"wp-block-pages-list__item__link\" href=\"https:\/\/www.vigilanterodoviario.com.br\/retro\/episodios\/nos-cinemas\/\">Nos Cinemas<\/a><\/li><li class=\"wp-block-pages-list__item \"><a class=\"wp-block-pages-list__item__link\" href=\"https:\/\/www.vigilanterodoviario.com.br\/retro\/episodios\/sinopse-dos-episodios-recuperados\/\">Sinopse dos Epis\u00f3dios Recuperados<\/a><\/li><\/ul><\/li><li class=\"wp-block-pages-list__item\"><a class=\"wp-block-pages-list__item__link\" href=\"https:\/\/www.vigilanterodoviario.com.br\/retro\/esquadrao\/\">Esquadr\u00e3o<\/a><\/li><li class=\"wp-block-pages-list__item\"><a class=\"wp-block-pages-list__item__link\" href=\"https:\/\/www.vigilanterodoviario.com.br\/retro\/estacao-de-juncao\/\">Esta\u00e7\u00e3o de Jun\u00e7\u00e3o<\/a><\/li><li class=\"wp-block-pages-list__item has-child\"><a class=\"wp-block-pages-list__item__link\" href=\"https:\/\/www.vigilanterodoviario.com.br\/retro\/estreia-antonio-fonzar\/\">Estreia Antonio Fonzar<\/a><ul class=\"wp-block-navigation__submenu-container\"><li class=\"wp-block-pages-list__item \"><a class=\"wp-block-pages-list__item__link\" href=\"https:\/\/www.vigilanterodoviario.com.br\/retro\/estreia-antonio-fonzar\/equipe-e-elenco\/\">Equipe e Elenco<\/a><\/li><\/ul><\/li><li class=\"wp-block-pages-list__item\"><a class=\"wp-block-pages-list__item__link\" href=\"https:\/\/www.vigilanterodoviario.com.br\/retro\/evento\/\">Evento<\/a><\/li><li class=\"wp-block-pages-list__item\"><a class=\"wp-block-pages-list__item__link\" href=\"https:\/\/www.vigilanterodoviario.com.br\/retro\/filmografia\/\">Filmografia<\/a><\/li><li class=\"wp-block-pages-list__item\"><a class=\"wp-block-pages-list__item__link\" href=\"https:\/\/www.vigilanterodoviario.com.br\/retro\/gibis\/\">Gibis<\/a><\/li><li class=\"wp-block-pages-list__item\"><a class=\"wp-block-pages-list__item__link\" href=\"https:\/\/www.vigilanterodoviario.com.br\/retro\/historia-do-lobo\/\">Hist\u00f3ria do Lobo<\/a><\/li><li class=\"wp-block-pages-list__item\"><a class=\"wp-block-pages-list__item__link\" href=\"https:\/\/www.vigilanterodoviario.com.br\/retro\/homenagens\/\">Homenagens<\/a><\/li><li class=\"wp-block-pages-list__item\"><a class=\"wp-block-pages-list__item__link\" href=\"https:\/\/www.vigilanterodoviario.com.br\/retro\/condecoracoes\/\">Honra ao M\u00e9rito<\/a><\/li><li class=\"wp-block-pages-list__item\"><a class=\"wp-block-pages-list__item__link\" href=\"https:\/\/www.vigilanterodoviario.com.br\/retro\/imagens\/\">Imagens<\/a><\/li><li class=\"wp-block-pages-list__item\"><a class=\"wp-block-pages-list__item__link\" href=\"https:\/\/www.vigilanterodoviario.com.br\/retro\/imagens-2\/\">Imagens<\/a><\/li><li class=\"wp-block-pages-list__item\"><a class=\"wp-block-pages-list__item__link\" href=\"https:\/\/www.vigilanterodoviario.com.br\/retro\/episodios-2\/\">Imagens &#8211; Epis\u00f3dios<\/a><\/li><li class=\"wp-block-pages-list__item\"><a class=\"wp-block-pages-list__item__link\" href=\"https:\/\/www.vigilanterodoviario.com.br\/retro\/imagens-vigilante-rodoviario-1978\/\">Imagens Vigilante Rodovi\u00e1rio 1978<\/a><\/li><li class=\"wp-block-pages-list__item\"><a class=\"wp-block-pages-list__item__link\" href=\"https:\/\/www.vigilanterodoviario.com.br\/retro\/imprensa\/\">Imprensa<\/a><\/li><li class=\"wp-block-pages-list__item\"><a class=\"wp-block-pages-list__item__link\" href=\"https:\/\/www.vigilanterodoviario.com.br\/retro\/imprevisto\/\">Imprevisto<\/a><\/li><li class=\"wp-block-pages-list__item\"><a class=\"wp-block-pages-list__item__link\" href=\"https:\/\/www.vigilanterodoviario.com.br\/retro\/indice\/\">\u00cdndice<\/a><\/li><li class=\"wp-block-pages-list__item\"><a class=\"wp-block-pages-list__item__link\" href=\"https:\/\/www.vigilanterodoviario.com.br\/retro\/jornais-e-revistas\/\">Jornais e Revistas<\/a><\/li><li class=\"wp-block-pages-list__item\"><a class=\"wp-block-pages-list__item__link\" href=\"https:\/\/www.vigilanterodoviario.com.br\/retro\/lancamento-livro\/\">Lan\u00e7amento Livro<\/a><\/li><li class=\"wp-block-pages-list__item\"><a class=\"wp-block-pages-list__item__link\" href=\"https:\/\/www.vigilanterodoviario.com.br\/retro\/letra-cancao\/\">Letra Can\u00e7\u00e3o<\/a><\/li><li class=\"wp-block-pages-list__item\"><a class=\"wp-block-pages-list__item__link\" href=\"https:\/\/www.vigilanterodoviario.com.br\/retro\/letra-da-cancao\/\">Letra da Can\u00e7\u00e3o<\/a><\/li><li class=\"wp-block-pages-list__item\"><a class=\"wp-block-pages-list__item__link\" href=\"https:\/\/www.vigilanterodoviario.com.br\/retro\/livro-biografico-biografia\/\">Livro Biogr\u00e1fico &#8211; Biografia<\/a><\/li><li class=\"wp-block-pages-list__item\"><a class=\"wp-block-pages-list__item__link\" href=\"https:\/\/www.vigilanterodoviario.com.br\/retro\/longa-metragem\/\">Longa Metragem<\/a><\/li><li class=\"wp-block-pages-list__item\"><a class=\"wp-block-pages-list__item__link\" href=\"https:\/\/www.vigilanterodoviario.com.br\/retro\/mais-de-1-milhao-de-espectadores\/\">Mais de 1 milh\u00e3o de espectadores<\/a><\/li><li class=\"wp-block-pages-list__item\"><a class=\"wp-block-pages-list__item__link\" href=\"https:\/\/www.vigilanterodoviario.com.br\/retro\/na-midia\/\">Na M\u00eddia<\/a><\/li><li class=\"wp-block-pages-list__item\"><a class=\"wp-block-pages-list__item__link\" href=\"https:\/\/www.vigilanterodoviario.com.br\/retro\/na-midia1\/\">Na M\u00eddia<\/a><\/li><li class=\"wp-block-pages-list__item\"><a class=\"wp-block-pages-list__item__link\" href=\"https:\/\/www.vigilanterodoviario.com.br\/retro\/na-midia-2\/\">Na M\u00eddia<\/a><\/li><li class=\"wp-block-pages-list__item\"><a class=\"wp-block-pages-list__item__link\" href=\"https:\/\/www.vigilanterodoviario.com.br\/retro\/autografos\/\">Noite de Aut\u00f3grafos<\/a><\/li><li class=\"wp-block-pages-list__item\"><a class=\"wp-block-pages-list__item__link\" href=\"https:\/\/www.vigilanterodoviario.com.br\/retro\/o-aspirante-1\/\">O Aspirante 1<\/a><\/li><li class=\"wp-block-pages-list__item\"><a class=\"wp-block-pages-list__item__link\" href=\"https:\/\/www.vigilanterodoviario.com.br\/retro\/o-aspirante-2\/\">O Aspirante 2<\/a><\/li><li class=\"wp-block-pages-list__item\"><a class=\"wp-block-pages-list__item__link\" href=\"https:\/\/www.vigilanterodoviario.com.br\/retro\/o-ator-para-o-personagem\/\">O ator para o personagem<\/a><\/li><li class=\"wp-block-pages-list__item\"><a class=\"wp-block-pages-list__item__link\" href=\"https:\/\/www.vigilanterodoviario.com.br\/retro\/o-mordomo\/\">O Mordomo<\/a><\/li><li class=\"wp-block-pages-list__item\"><a class=\"wp-block-pages-list__item__link\" href=\"https:\/\/www.vigilanterodoviario.com.br\/retro\/o-projeto\/\">O Projeto<\/a><\/li><li class=\"wp-block-pages-list__item\"><a class=\"wp-block-pages-list__item__link\" href=\"https:\/\/www.vigilanterodoviario.com.br\/retro\/palestra\/\">Palestra<\/a><\/li><li class=\"wp-block-pages-list__item\"><a class=\"wp-block-pages-list__item__link\" href=\"https:\/\/www.vigilanterodoviario.com.br\/retro\/politica-de-cookies-br\/\">Pol\u00edtica de Cookies (BR)<\/a><\/li><li class=\"wp-block-pages-list__item\"><a class=\"wp-block-pages-list__item__link\" href=\"https:\/\/www.vigilanterodoviario.com.br\/retro\/procitel\/\">Procitel<\/a><\/li><li class=\"wp-block-pages-list__item\"><a class=\"wp-block-pages-list__item__link\" href=\"https:\/\/www.vigilanterodoviario.com.br\/retro\/producao-e-direcao\/\">Produ\u00e7\u00e3o, Dire\u00e7\u00e3o e Atua\u00e7\u00e3o<\/a><\/li><li class=\"wp-block-pages-list__item\"><a class=\"wp-block-pages-list__item__link\" href=\"https:\/\/www.vigilanterodoviario.com.br\/retro\/propagandas\/\">Propagandas<\/a><\/li><li class=\"wp-block-pages-list__item\"><a class=\"wp-block-pages-list__item__link\" href=\"https:\/\/www.vigilanterodoviario.com.br\/retro\/relacao-dos-38-episodios\/\">Rela\u00e7\u00e3o dos 38 epis\u00f3dios<\/a><\/li><li class=\"wp-block-pages-list__item\"><a class=\"wp-block-pages-list__item__link\" href=\"https:\/\/www.vigilanterodoviario.com.br\/retro\/script-original\/\">Script Original<\/a><\/li><li class=\"wp-block-pages-list__item\"><a class=\"wp-block-pages-list__item__link\" href=\"https:\/\/www.vigilanterodoviario.com.br\/retro\/seriado\/\">Seriado<\/a><\/li><li class=\"wp-block-pages-list__item\"><a class=\"wp-block-pages-list__item__link\" href=\"https:\/\/www.vigilanterodoviario.com.br\/retro\/som\/\">Som<\/a><\/li><li class=\"wp-block-pages-list__item\"><a class=\"wp-block-pages-list__item__link\" href=\"https:\/\/www.vigilanterodoviario.com.br\/retro\/termos-e-condicoes\/\">Termos e condi\u00e7\u00f5es<\/a><\/li><li class=\"wp-block-pages-list__item\"><a class=\"wp-block-pages-list__item__link\" href=\"https:\/\/www.vigilanterodoviario.com.br\/retro\/trofeu-roquete-pinto-o-vigilante-rodoviario\/\">Trof\u00e9u Roquete Pinto &#8211;  O Vigilante Rodovi\u00e1rio<\/a><\/li><li class=\"wp-block-pages-list__item\"><a class=\"wp-block-pages-list__item__link\" href=\"https:\/\/www.vigilanterodoviario.com.br\/retro\/video-homenagem\/\">V\u00eddeo &#8211; Homenagem<\/a><\/li><li class=\"wp-block-pages-list__item\"><a class=\"wp-block-pages-list__item__link\" href=\"https:\/\/www.vigilanterodoviario.com.br\/retro\/video-abertura-do-filme\/\">V\u00eddeo: Abertura do Filme<\/a><\/li><li class=\"wp-block-pages-list__item\"><a class=\"wp-block-pages-list__item__link\" href=\"https:\/\/www.vigilanterodoviario.com.br\/retro\/video-aguias-em-patrulha\/\">V\u00eddeo: \u00c1guias em Patrulha<\/a><\/li><li class=\"wp-block-pages-list__item\"><a class=\"wp-block-pages-list__item__link\" href=\"https:\/\/www.vigilanterodoviario.com.br\/retro\/videos\/\">V\u00eddeos<\/a><\/li><li class=\"wp-block-pages-list__item\"><a class=\"wp-block-pages-list__item__link\" href=\"https:\/\/www.vigilanterodoviario.com.br\/retro\/videos-2\/\">V\u00eddeos 1\u00aa Parte<\/a><\/li><li class=\"wp-block-pages-list__item\"><a class=\"wp-block-pages-list__item__link\" href=\"https:\/\/www.vigilanterodoviario.com.br\/retro\/videos-2a-parte\/\">V\u00eddeos 2\u00aa Parte<\/a><\/li><li class=\"wp-block-pages-list__item\"><a class=\"wp-block-pages-list__item__link\" href=\"https:\/\/www.vigilanterodoviario.com.br\/retro\/videos-3a-parte\/\">V\u00eddeos 3\u00aa Parte<\/a><\/li><li class=\"wp-block-pages-list__item\"><a class=\"wp-block-pages-list__item__link\" href=\"https:\/\/www.vigilanterodoviario.com.br\/retro\/videos-4a-parte\/\">V\u00eddeos 4\u00aa Parte<\/a><\/li><li class=\"wp-block-pages-list__item\"><a class=\"wp-block-pages-list__item__link\" href=\"https:\/\/www.vigilanterodoviario.com.br\/retro\/videos-5a-parte\/\">V\u00eddeos 5\u00aa Parte<\/a><\/li><li class=\"wp-block-pages-list__item\"><a class=\"wp-block-pages-list__item__link\" href=\"https:\/\/www.vigilanterodoviario.com.br\/retro\/voce-sabia\/\">Voc\u00ea Sabia?<\/a><\/li><li class=\"wp-block-pages-list__item\"><a class=\"wp-block-pages-list__item__link\" href=\"https:\/\/www.vigilanterodoviario.com.br\/retro\/voce-sabia-2\/\">Voc\u00ea sabia?<\/a><\/li><\/ul>","protected":false},"excerpt":{"rendered":"","protected":false},"author":2,"featured_media":0,"parent":0,"menu_order":0,"comment_status":"closed","ping_status":"closed","template":"","meta":{"footnotes":""},"class_list":["post-1501","page","type-page","status-publish"],"_links":{"self":[{"href":"https:\/\/www.vigilanterodoviario.com.br\/retro\/wp-json\/wp\/v2\/pages\/1501","targetHints":{"allow":["GET"]}}],"collection":[{"href":"https:\/\/www.vigilanterodoviario.com.br\/retro\/wp-json\/wp\/v2\/pages"}],"about":[{"href":"https:\/\/www.vigilanterodoviario.com.br\/retro\/wp-json\/wp\/v2\/types\/page"}],"author":[{"embeddable":true,"href":"https:\/\/www.vigilanterodoviario.com.br\/retro\/wp-json\/wp\/v2\/users\/2"}],"replies":[{"embeddable":true,"href":"https:\/\/www.vigilanterodoviario.com.br\/retro\/wp-json\/wp\/v2\/comments?post=1501"}],"version-history":[{"count":2,"href":"https:\/\/www.vigilanterodoviario.com.br\/retro\/wp-json\/wp\/v2\/pages\/1501\/revisions"}],"predecessor-version":[{"id":1503,"href":"https:\/\/www.vigilanterodoviario.com.br\/retro\/wp-json\/wp\/v2\/pages\/1501\/revisions\/1503"}],"wp:attachment":[{"href":"https:\/\/www.vigilanterodoviario.com.br\/retro\/wp-json\/wp\/v2\/media?parent=1501"}],"curies":[{"name":"wp","href":"https:\/\/api.w.org\/{rel}","templated":true}]}}